{"id":265,"date":"2014-02-23T00:00:00","date_gmt":"2014-02-22T23:00:00","guid":{"rendered":"https:\/\/sse.lodz.pl\/bip\/wyniki-rokowan-podstrefa-radomsko-kompleks-2\/"},"modified":"2023-03-14T18:26:01","modified_gmt":"2023-03-14T17:26:01","slug":"wyniki-rokowan-podstrefa-radomsko-kompleks-2","status":"publish","type":"bip","link":"https:\/\/sse.lodz.pl\/en\/bip\/wyniki-rokowan-podstrefa-radomsko-kompleks-2\/","title":{"rendered":"Wyniki rokowa\u0144 &#8211; Podstrefa Radomsko, Kompleks 2"},"content":{"rendered":"<p style=\"text-align: center;\"><strong>INFORMACJA<\/strong><\/p>\n<p>o wynikach rokowa\u0144 maj\u0105cych na celu wy\u0142onienie przedsi\u0119biorcy, kt\u00f3ry otrzyma zezwolenie na dzia\u0142alno\u015b\u0107 w \u0141SSE Podstrefa Radomsko, Kompleks 2.<\/p>\n<p>W dniu 9 sierpnia 2011 roku zosta\u0142y przeprowadzone rokowania maj\u0105ce na celu wy\u0142onienie przedsi\u0119biorcy, kt\u00f3ry uzyska zezwolenie na prowadzenie dzia\u0142alno\u015bci gospodarczej na terenie \u0141\u00f3dzkiej Specjalnej Strefy Ekonomicznej w Podstrefie Radomsko, Kompleks 2. Ofert\u0119 na rokowania z\u0142o\u017cy\u0142a sp\u00f3\u0142ka Press-Glas S.A. z siedzib\u0105 w Poczesnej. Komisja rozstrzygn\u0119\u0142a rokowania pozytywnie i uzna\u0142a, \u017ce przedsi\u0119biorca ten mo\u017ce uzyska\u0107 zezwolenie na dzia\u0142alno\u015b\u0107 w \u0141SSE.<\/p>\n<p><strong>INWESTOR:\u00a0\u00a0\u00a0\u00a0\u00a0<\/strong><\/p>\n<p>W ramach inwestycji Sp\u00f3\u0142ka planuje budow\u0119 hali produkcyjnej z zapleczem socjalnym oraz wyposa\u017cenie zak\u0142adu w linie technologicznego do obr\u00f3bki szk\u0142a p\u0142askiego. Przetwarzanie szk\u0142a w zak\u0142adzie produkcyjnym w Radomsku b\u0119dzie g\u0142\u00f3wnie skierowane pod potrzeby rynku meblarskiego, AGD zimnego tzw. p\u00f3\u0142ki w lod\u00f3wkach, kabin prysznicowych, kolektor\u00f3w s\u0142onecznych oraz paneli fotowoltaicznych.<\/p>\n<p>W zwi\u0105zku z now\u0105 inwestycj\u0105 Sp\u00f3\u0142ka zamierza ponie\u015b\u0107 na terenie strefy po dniu uzyskania zezwolenia kwalifikowane wydatki inwestycyjne w wysoko\u015bci co najmniej 50.000.000,00 PLN w terminie do dnia 30 czerwca 2015 r. oraz zatrudni\u0107 po dniu uzyskania zezwolenia co najmniej 50 nowych pracownik\u00f3w wraz z utrzymaniem zatrudnienia na poziomie co najmniej 327 pracownik\u00f3w z liczby pracownik\u00f3w zatrudnionych na terenie Strefy przed udzieleniem niniejszego zezwolenia w terminie do dnia 31.12.2014 r. oraz utrzymanie zatrudnienia na poziomie co najmniej 377 pracownik\u00f3w do dnia 31.12.2019 r.<\/p>\n","protected":false},"featured_media":0,"template":"","bip_category":[21,23],"class_list":["post-265","bip","type-bip","status-publish","hentry","bip_category-przetargi","bip_category-rozstrzygniete"],"translation":{"provider":"WPGlobus","version":"3.0.2","language":"en","enabled_languages":["pl","en"],"languages":{"pl":{"title":true,"content":true,"excerpt":false},"en":{"title":false,"content":false,"excerpt":false}}},"acf":[],"yoast_head":"<!-- This site is optimized with the Yoast SEO plugin v27.4 - https:\/\/yoast.com\/product\/yoast-seo-wordpress\/ -->\n<title>Wyniki rokowa\u0144 - Podstrefa Radomsko, Kompleks 2 - \u0141\u00f3dzka Specjalna Strefa Ekonomiczna<\/title>\n<meta name=\"robots\" content=\"index, follow, max-snippet:-1, max-image-preview:large, max-video-preview:-1\" \/>\n<link rel=\"canonical\" href=\"https:\/\/sse.lodz.pl\/bip\/wyniki-rokowan-podstrefa-radomsko-kompleks-2\/\" \/>\n<meta property=\"og:locale\" content=\"en_US\" \/>\n<meta property=\"og:type\" content=\"article\" \/>\n<meta property=\"og:title\" content=\"Wyniki rokowa\u0144 - Podstrefa Radomsko, Kompleks 2 - \u0141\u00f3dzka Specjalna Strefa Ekonomiczna\" \/>\n<meta property=\"og:url\" content=\"https:\/\/sse.lodz.pl\/bip\/wyniki-rokowan-podstrefa-radomsko-kompleks-2\/\" \/>\n<meta property=\"og:site_name\" content=\"\u0141\u00f3dzka Specjalna Strefa Ekonomiczna\" \/>\n<meta property=\"article:modified_time\" content=\"2023-03-14T17:26:01+00:00\" \/>\n<meta name=\"twitter:card\" content=\"summary_large_image\" \/>\n<meta name=\"twitter:label1\" content=\"Est. reading time\" \/>\n\t<meta name=\"twitter:data1\" content=\"1 minute\" \/>\n<script type=\"application\/ld+json\" class=\"yoast-schema-graph\">{\"@context\":\"https:\\\/\\\/schema.org\",\"@graph\":[{\"@type\":\"WebPage\",\"@id\":\"https:\\\/\\\/sse.lodz.pl\\\/bip\\\/wyniki-rokowan-podstrefa-radomsko-kompleks-2\\\/\",\"url\":\"https:\\\/\\\/sse.lodz.pl\\\/bip\\\/wyniki-rokowan-podstrefa-radomsko-kompleks-2\\\/\",\"name\":\"Wyniki rokowa\u0144 - Podstrefa Radomsko, Kompleks 2 - \u0141\u00f3dzka Specjalna Strefa Ekonomiczna\",\"isPartOf\":{\"@id\":\"https:\\\/\\\/sse.lodz.pl\\\/#website\"},\"datePublished\":\"2014-02-22T23:00:00+00:00\",\"dateModified\":\"2023-03-14T17:26:01+00:00\",\"breadcrumb\":{\"@id\":\"https:\\\/\\\/sse.lodz.pl\\\/bip\\\/wyniki-rokowan-podstrefa-radomsko-kompleks-2\\\/#breadcrumb\"},\"inLanguage\":\"en-US\",\"potentialAction\":[{\"@type\":\"ReadAction\",\"target\":[\"https:\\\/\\\/sse.lodz.pl\\\/bip\\\/wyniki-rokowan-podstrefa-radomsko-kompleks-2\\\/\"]}]},{\"@type\":\"BreadcrumbList\",\"@id\":\"https:\\\/\\\/sse.lodz.pl\\\/bip\\\/wyniki-rokowan-podstrefa-radomsko-kompleks-2\\\/#breadcrumb\",\"itemListElement\":[{\"@type\":\"ListItem\",\"position\":1,\"name\":\"Strona g\u0142\u00f3wna\",\"item\":\"https:\\\/\\\/sse.lodz.pl\\\/\"},{\"@type\":\"ListItem\",\"position\":2,\"name\":\"BIP\",\"item\":\"https:\\\/\\\/sse.lodz.pl\\\/bip\\\/\"},{\"@type\":\"ListItem\",\"position\":3,\"name\":\"Wyniki rokowa\u0144 &#8211; Podstrefa Radomsko, Kompleks 2\"}]},{\"@type\":\"WebSite\",\"@id\":\"https:\\\/\\\/sse.lodz.pl\\\/#website\",\"url\":\"https:\\\/\\\/sse.lodz.pl\\\/\",\"name\":\"\u0141\u00f3dzka Specjalna Strefa Ekonomiczna\",\"description\":\"\",\"potentialAction\":[{\"@type\":\"SearchAction\",\"target\":{\"@type\":\"EntryPoint\",\"urlTemplate\":\"https:\\\/\\\/sse.lodz.pl\\\/?s={search_term_string}\"},\"query-input\":{\"@type\":\"PropertyValueSpecification\",\"valueRequired\":true,\"valueName\":\"search_term_string\"}}],\"inLanguage\":\"en-US\"}]}<\/script>\n<!-- \/ Yoast SEO plugin. -->","yoast_head_json":{"title":"Wyniki rokowa\u0144 - Podstrefa Radomsko, Kompleks 2 - \u0141\u00f3dzka Specjalna Strefa Ekonomiczna","robots":{"index":"index","follow":"follow","max-snippet":"max-snippet:-1","max-image-preview":"max-image-preview:large","max-video-preview":"max-video-preview:-1"},"canonical":"https:\/\/sse.lodz.pl\/bip\/wyniki-rokowan-podstrefa-radomsko-kompleks-2\/","og_locale":"en_US","og_type":"article","og_title":"Wyniki rokowa\u0144 - Podstrefa Radomsko, Kompleks 2 - \u0141\u00f3dzka Specjalna Strefa Ekonomiczna","og_url":"https:\/\/sse.lodz.pl\/bip\/wyniki-rokowan-podstrefa-radomsko-kompleks-2\/","og_site_name":"\u0141\u00f3dzka Specjalna Strefa Ekonomiczna","article_modified_time":"2023-03-14T17:26:01+00:00","twitter_card":"summary_large_image","twitter_misc":{"Est. reading time":"1 minute"},"schema":{"@context":"https:\/\/schema.org","@graph":[{"@type":"WebPage","@id":"https:\/\/sse.lodz.pl\/bip\/wyniki-rokowan-podstrefa-radomsko-kompleks-2\/","url":"https:\/\/sse.lodz.pl\/bip\/wyniki-rokowan-podstrefa-radomsko-kompleks-2\/","name":"Wyniki rokowa\u0144 - Podstrefa Radomsko, Kompleks 2 - \u0141\u00f3dzka Specjalna Strefa Ekonomiczna","isPartOf":{"@id":"https:\/\/sse.lodz.pl\/#website"},"datePublished":"2014-02-22T23:00:00+00:00","dateModified":"2023-03-14T17:26:01+00:00","breadcrumb":{"@id":"https:\/\/sse.lodz.pl\/bip\/wyniki-rokowan-podstrefa-radomsko-kompleks-2\/#breadcrumb"},"inLanguage":"en-US","potentialAction":[{"@type":"ReadAction","target":["https:\/\/sse.lodz.pl\/bip\/wyniki-rokowan-podstrefa-radomsko-kompleks-2\/"]}]},{"@type":"BreadcrumbList","@id":"https:\/\/sse.lodz.pl\/bip\/wyniki-rokowan-podstrefa-radomsko-kompleks-2\/#breadcrumb","itemListElement":[{"@type":"ListItem","position":1,"name":"Strona g\u0142\u00f3wna","item":"https:\/\/sse.lodz.pl\/"},{"@type":"ListItem","position":2,"name":"BIP","item":"https:\/\/sse.lodz.pl\/bip\/"},{"@type":"ListItem","position":3,"name":"Wyniki rokowa\u0144 &#8211; Podstrefa Radomsko, Kompleks 2"}]},{"@type":"WebSite","@id":"https:\/\/sse.lodz.pl\/#website","url":"https:\/\/sse.lodz.pl\/","name":"\u0141\u00f3dzka Specjalna Strefa Ekonomiczna","description":"","potentialAction":[{"@type":"SearchAction","target":{"@type":"EntryPoint","urlTemplate":"https:\/\/sse.lodz.pl\/?s={search_term_string}"},"query-input":{"@type":"PropertyValueSpecification","valueRequired":true,"valueName":"search_term_string"}}],"inLanguage":"en-US"}]}},"_links":{"self":[{"href":"https:\/\/sse.lodz.pl\/en\/wp-json\/wp\/v2\/bip\/265","targetHints":{"allow":["GET"]}}],"collection":[{"href":"https:\/\/sse.lodz.pl\/en\/wp-json\/wp\/v2\/bip"}],"about":[{"href":"https:\/\/sse.lodz.pl\/en\/wp-json\/wp\/v2\/types\/bip"}],"wp:attachment":[{"href":"https:\/\/sse.lodz.pl\/en\/wp-json\/wp\/v2\/media?parent=265"}],"wp:term":[{"taxonomy":"bip_category","embeddable":true,"href":"https:\/\/sse.lodz.pl\/en\/wp-json\/wp\/v2\/bip_category?post=265"}],"curies":[{"name":"wp","href":"https:\/\/api.w.org\/{rel}","templated":true}]}}

Wyniki rokowań &#8211; Podstrefa Radomsko, Kompleks 2

<p style="text-align: center;"><strong>INFORMACJA</strong></p>
<p>o wynikach rokowań mających na celu wyłonienie przedsiębiorcy, który otrzyma zezwolenie na działalność w ŁSSE Podstrefa Radomsko, Kompleks 2.</p>
<p>W dniu 9 sierpnia 2011 roku zostały przeprowadzone rokowania mające na celu wyłonienie przedsiębiorcy, który uzyska zezwolenie na prowadzenie działalności gospodarczej na terenie Łódzkiej Specjalnej Strefy Ekonomicznej w Podstrefie Radomsko, Kompleks 2. Ofertę na rokowania złożyła spółka Press-Glas S.A. z siedzibą w Poczesnej. Komisja rozstrzygnęła rokowania pozytywnie i uznała, że przedsiębiorca ten może uzyskać zezwolenie na działalność w ŁSSE.</p>
<p><strong>INWESTOR:     </strong></p>
<p>W ramach inwestycji Spółka planuje budowę hali produkcyjnej z zapleczem socjalnym oraz wyposażenie zakładu w linie technologicznego do obróbki szkła płaskiego. Przetwarzanie szkła w zakładzie produkcyjnym w Radomsku będzie głównie skierowane pod potrzeby rynku meblarskiego, AGD zimnego tzw. półki w lodówkach, kabin prysznicowych, kolektorów słonecznych oraz paneli fotowoltaicznych.</p>
<p>W związku z nową inwestycją Spółka zamierza ponieść na terenie strefy po dniu uzyskania zezwolenia kwalifikowane wydatki inwestycyjne w wysokości co najmniej 50.000.000,00 PLN w terminie do dnia 30 czerwca 2015 r. oraz zatrudnić po dniu uzyskania zezwolenia co najmniej 50 nowych pracowników wraz z utrzymaniem zatrudnienia na poziomie co najmniej 327 pracowników z liczby pracowników zatrudnionych na terenie Strefy przed udzieleniem niniejszego zezwolenia w terminie do dnia 31.12.2014 r. oraz utrzymanie zatrudnienia na poziomie co najmniej 377 pracowników do dnia 31.12.2019 r.</p>

<!-- This site is optimized with the Yoast SEO plugin v27.4 - https://yoast.com/product/yoast-seo-wordpress/ -->
<title>Wyniki rokowań - Podstrefa Radomsko, Kompleks 2 - Łódzka Specjalna Strefa Ekonomiczna</title>
<meta name="robots" content="index, follow, max-snippet:-1, max-image-preview:large, max-video-preview:-1" />
<link rel="canonical" href="https://sse.lodz.pl/bip/wyniki-rokowan-podstrefa-radomsko-kompleks-2/" />
<meta property="og:locale" content="en_US" />
<meta property="og:type" content="article" />
<meta property="og:title" content="Wyniki rokowań - Podstrefa Radomsko, Kompleks 2 - Łódzka Specjalna Strefa Ekonomiczna" />
<meta property="og:url" content="https://sse.lodz.pl/bip/wyniki-rokowan-podstrefa-radomsko-kompleks-2/" />
<meta property="og:site_name" content="Łódzka Specjalna Strefa Ekonomiczna" />
<meta property="article:modified_time" content="2023-03-14T17:26:01+00:00" />
<meta name="twitter:card" content="summary_large_image" />
<meta name="twitter:label1" content="Est. reading time" />
	<meta name="twitter:data1" content="1 minute" />
<script type="application/ld+json" class="yoast-schema-graph">{"@context":"https:\/\/schema.org","@graph":[{"@type":"WebPage","@id":"https:\/\/sse.lodz.pl\/bip\/wyniki-rokowan-podstrefa-radomsko-kompleks-2\/","url":"https:\/\/sse.lodz.pl\/bip\/wyniki-rokowan-podstrefa-radomsko-kompleks-2\/","name":"Wyniki rokowań - Podstrefa Radomsko, Kompleks 2 - Łódzka Specjalna Strefa Ekonomiczna","isPartOf":{"@id":"https:\/\/sse.lodz.pl\/#website"},"datePublished":"2014-02-22T23:00:00+00:00","dateModified":"2023-03-14T17:26:01+00:00","breadcrumb":{"@id":"https:\/\/sse.lodz.pl\/bip\/wyniki-rokowan-podstrefa-radomsko-kompleks-2\/#breadcrumb"},"inLanguage":"en-US","potentialAction":[{"@type":"ReadAction","target":["https:\/\/sse.lodz.pl\/bip\/wyniki-rokowan-podstrefa-radomsko-kompleks-2\/"]}]},{"@type":"BreadcrumbList","@id":"https:\/\/sse.lodz.pl\/bip\/wyniki-rokowan-podstrefa-radomsko-kompleks-2\/#breadcrumb","itemListElement":[{"@type":"ListItem","position":1,"name":"Strona główna","item":"https:\/\/sse.lodz.pl\/"},{"@type":"ListItem","position":2,"name":"BIP","item":"https:\/\/sse.lodz.pl\/bip\/"},{"@type":"ListItem","position":3,"name":"Wyniki rokowań &#8211; Podstrefa Radomsko, Kompleks 2"}]},{"@type":"WebSite","@id":"https:\/\/sse.lodz.pl\/#website","url":"https:\/\/sse.lodz.pl\/","name":"Łódzka Specjalna Strefa Ekonomiczna","description":"","potentialAction":[{"@type":"SearchAction","target":{"@type":"EntryPoint","urlTemplate":"https:\/\/sse.lodz.pl\/?s={search_term_string}"},"query-input":{"@type":"PropertyValueSpecification","valueRequired":true,"valueName":"search_term_string"}}],"inLanguage":"en-US"}]}</script>
<!-- / Yoast SEO plugin. -->

Wyniki rokowań - Podstrefa Radomsko, Kompleks 2 - Łódzka Specjalna Strefa Ekonomiczna

Łódzka Specjalna Strefa Ekonomiczna

Strona główna
