{"id":291,"date":"2014-02-23T00:00:00","date_gmt":"2014-02-22T23:00:00","guid":{"rendered":"https:\/\/sse.lodz.pl\/bip\/informacja-o-wynikach-przetargu-majacego-na-celu-wylonienie-przedsiebiorcy-ktory-otrzyma-zezwolenie-na-dzialalnosc-w-lsse-podstrefa-tomaszow-mazowiecki\/"},"modified":"2023-03-14T18:26:05","modified_gmt":"2023-03-14T17:26:05","slug":"informacja-o-wynikach-przetargu-majacego-na-celu-wylonienie-przedsiebiorcy-ktory-otrzyma-zezwolenie-na-dzialalnosc-w-lsse-podstrefa-tomaszow-mazowiecki","status":"publish","type":"bip","link":"https:\/\/sse.lodz.pl\/en\/bip\/informacja-o-wynikach-przetargu-majacego-na-celu-wylonienie-przedsiebiorcy-ktory-otrzyma-zezwolenie-na-dzialalnosc-w-lsse-podstrefa-tomaszow-mazowiecki\/","title":{"rendered":"INFORMACJA o wynikach przetargu maj\u0105cego na celu wy\u0142onienie przedsi\u0119biorcy, kt\u00f3ry otrzyma zezwolenie na dzia\u0142alno\u015b\u0107 w \u0141SSE Podstrefa Tomasz\u00f3w Mazowiecki"},"content":{"rendered":"<p><span style=\"color: #000000;\">W dniu <strong>15 pa\u017adziernika 2012<\/strong> roku zosta\u0142 rozstrzygni\u0119ty przetarg \u0142\u0105czny maj\u0105cy na celu wy\u0142onienie przedsi\u0119biorcy, kt\u00f3ry uzyska zezwolenie na prowadzenie dzia\u0142alno\u015bci gospodarczej na terenie \u0141\u00f3dzkiej Specjalnej Strefy Ekonomicznej w Podstrefie Tomasz\u00f3w Mazowiecki Kompleks 4 oraz nab\u0119dzie niezabudowan\u0105 nieruchomo\u015b\u0107 gruntow\u0105, po\u0142o\u017con\u0105 w Tomaszowie Mazowieckim przy ul. Zawadzkiej-Orzeszkowej, oznaczon\u0105 jako dzia\u0142ka gruntu nr 262, obr\u0119b geodezyjny 2, o pow. 6,5794 ha, dla kt\u00f3rej prowadzona jest ksi\u0119ga wieczysta nr PT1T\/00061694\/5, na kt\u00f3rej prowadzona b\u0119dzie dzia\u0142alno\u015b\u0107 gospodarcza obj\u0119ta zezwoleniem.<\/span><\/p>\n<p><span style=\"color: #000000;\">Ofert\u0119 do przetargu z\u0142o\u017cy\u0142a Sp\u00f3\u0142ka Ceramika Parady\u017c Sp. z o.o. z siedzib\u0105 w Opocznie. Komisja rozstrzygn\u0119\u0142a przetarg pozytywnie i uzna\u0142a, \u017ce Przedsi\u0119biorca ten mo\u017ce uzyska\u0107 zezwolenie na dzia\u0142alno\u015b\u0107 w \u0141SSE.<\/span><\/p>\n<p><span style=\"color: #000000;\"><strong>INWESTOR:<\/strong> <\/span><br \/><span style=\"color: #000000;\"> Sp\u00f3\u0142ka nale\u017cy do Grupy Parady\u017c, czo\u0142owego polskiego producenta p\u0142ytek ceramicznych oraz dekoracji ceramicznych i szklanych. Jest to 6 zezwolenie Grupy Parady\u017c na prowadzenie dzia\u0142alno\u015bci gospodarczej w \u0141\u00f3dzkiej Specjalnej Strefie Ekonomicznej. W ramach planowanej inwestycji, na terenie Podstrefy Tomasz\u00f3w Mazowiecki \u0141SSE powstanie Centrum Handlowo-Logistyczne i Wsparcia Sprzeda\u017cy z magazynem wysokiego sk\u0142adowania oraz systemem kompletacji i wysy\u0142ki wyrob\u00f3w gotowych.<\/span><\/p>\n<p><span style=\"color: #000000;\"><strong>INWESTYCJA:<\/strong><\/span><\/p>\n<p><span style=\"color: #000000;\">W zwi\u0105zku z now\u0105 inwestycj\u0105 Sp\u00f3\u0142ka zamierza ponie\u015b\u0107 na terenie strefy &#8211; po dniu uzyskania zezwolenia &#8211; kwalifikowane wydatki inwestycyjne w wysoko\u015bci co najmniej 50.000.000,00 PLN <\/span><span style=\"color: #000000;\">w terminie do dnia 31 pa\u017adziernika 2015 roku oraz zatrudni\u0107 na terenie strefy co najmniej 15 pracownik\u00f3w w terminie do dnia 31 pa\u017adziernika 2015 roku oraz utrzyma\u0107 zatrudnienie na ww. poziomie do dnia 31 pa\u017adziernika 2020 roku.<\/span><\/p>\n","protected":false},"featured_media":0,"template":"","bip_category":[21,23],"class_list":["post-291","bip","type-bip","status-publish","hentry","bip_category-przetargi","bip_category-rozstrzygniete"],"translation":{"provider":"WPGlobus","version":"3.0.2","language":"en","enabled_languages":["pl","en"],"languages":{"pl":{"title":true,"content":true,"excerpt":false},"en":{"title":false,"content":false,"excerpt":false}}},"acf":[],"yoast_head":"<!-- This site is optimized with the Yoast SEO plugin v27.4 - https:\/\/yoast.com\/product\/yoast-seo-wordpress\/ -->\n<title>INFORMACJA o wynikach przetargu maj\u0105cego na celu wy\u0142onienie przedsi\u0119biorcy, kt\u00f3ry otrzyma zezwolenie na dzia\u0142alno\u015b\u0107 w \u0141SSE Podstrefa Tomasz\u00f3w Mazowiecki - \u0141\u00f3dzka Specjalna Strefa Ekonomiczna<\/title>\n<meta name=\"robots\" content=\"index, follow, max-snippet:-1, max-image-preview:large, max-video-preview:-1\" \/>\n<link rel=\"canonical\" href=\"https:\/\/sse.lodz.pl\/bip\/informacja-o-wynikach-przetargu-majacego-na-celu-wylonienie-przedsiebiorcy-ktory-otrzyma-zezwolenie-na-dzialalnosc-w-lsse-podstrefa-tomaszow-mazowiecki\/\" \/>\n<meta property=\"og:locale\" content=\"en_US\" \/>\n<meta property=\"og:type\" content=\"article\" \/>\n<meta property=\"og:title\" content=\"INFORMACJA o wynikach przetargu maj\u0105cego na celu wy\u0142onienie przedsi\u0119biorcy, kt\u00f3ry otrzyma zezwolenie na dzia\u0142alno\u015b\u0107 w \u0141SSE Podstrefa Tomasz\u00f3w Mazowiecki - \u0141\u00f3dzka Specjalna Strefa Ekonomiczna\" \/>\n<meta property=\"og:url\" content=\"https:\/\/sse.lodz.pl\/bip\/informacja-o-wynikach-przetargu-majacego-na-celu-wylonienie-przedsiebiorcy-ktory-otrzyma-zezwolenie-na-dzialalnosc-w-lsse-podstrefa-tomaszow-mazowiecki\/\" \/>\n<meta property=\"og:site_name\" content=\"\u0141\u00f3dzka Specjalna Strefa Ekonomiczna\" \/>\n<meta property=\"article:modified_time\" content=\"2023-03-14T17:26:05+00:00\" \/>\n<meta name=\"twitter:card\" content=\"summary_large_image\" \/>\n<meta name=\"twitter:label1\" content=\"Est. reading time\" \/>\n\t<meta name=\"twitter:data1\" content=\"1 minute\" \/>\n<script type=\"application\/ld+json\" class=\"yoast-schema-graph\">{\"@context\":\"https:\\\/\\\/schema.org\",\"@graph\":[{\"@type\":\"WebPage\",\"@id\":\"https:\\\/\\\/sse.lodz.pl\\\/bip\\\/informacja-o-wynikach-przetargu-majacego-na-celu-wylonienie-przedsiebiorcy-ktory-otrzyma-zezwolenie-na-dzialalnosc-w-lsse-podstrefa-tomaszow-mazowiecki\\\/\",\"url\":\"https:\\\/\\\/sse.lodz.pl\\\/bip\\\/informacja-o-wynikach-przetargu-majacego-na-celu-wylonienie-przedsiebiorcy-ktory-otrzyma-zezwolenie-na-dzialalnosc-w-lsse-podstrefa-tomaszow-mazowiecki\\\/\",\"name\":\"INFORMACJA o wynikach przetargu maj\u0105cego na celu wy\u0142onienie przedsi\u0119biorcy, kt\u00f3ry otrzyma zezwolenie na dzia\u0142alno\u015b\u0107 w \u0141SSE Podstrefa Tomasz\u00f3w Mazowiecki - \u0141\u00f3dzka Specjalna Strefa Ekonomiczna\",\"isPartOf\":{\"@id\":\"https:\\\/\\\/sse.lodz.pl\\\/#website\"},\"datePublished\":\"2014-02-22T23:00:00+00:00\",\"dateModified\":\"2023-03-14T17:26:05+00:00\",\"breadcrumb\":{\"@id\":\"https:\\\/\\\/sse.lodz.pl\\\/bip\\\/informacja-o-wynikach-przetargu-majacego-na-celu-wylonienie-przedsiebiorcy-ktory-otrzyma-zezwolenie-na-dzialalnosc-w-lsse-podstrefa-tomaszow-mazowiecki\\\/#breadcrumb\"},\"inLanguage\":\"en-US\",\"potentialAction\":[{\"@type\":\"ReadAction\",\"target\":[\"https:\\\/\\\/sse.lodz.pl\\\/bip\\\/informacja-o-wynikach-przetargu-majacego-na-celu-wylonienie-przedsiebiorcy-ktory-otrzyma-zezwolenie-na-dzialalnosc-w-lsse-podstrefa-tomaszow-mazowiecki\\\/\"]}]},{\"@type\":\"BreadcrumbList\",\"@id\":\"https:\\\/\\\/sse.lodz.pl\\\/bip\\\/informacja-o-wynikach-przetargu-majacego-na-celu-wylonienie-przedsiebiorcy-ktory-otrzyma-zezwolenie-na-dzialalnosc-w-lsse-podstrefa-tomaszow-mazowiecki\\\/#breadcrumb\",\"itemListElement\":[{\"@type\":\"ListItem\",\"position\":1,\"name\":\"Strona g\u0142\u00f3wna\",\"item\":\"https:\\\/\\\/sse.lodz.pl\\\/\"},{\"@type\":\"ListItem\",\"position\":2,\"name\":\"BIP\",\"item\":\"https:\\\/\\\/sse.lodz.pl\\\/bip\\\/\"},{\"@type\":\"ListItem\",\"position\":3,\"name\":\"INFORMACJA o wynikach przetargu maj\u0105cego na celu wy\u0142onienie przedsi\u0119biorcy, kt\u00f3ry otrzyma zezwolenie na dzia\u0142alno\u015b\u0107 w \u0141SSE Podstrefa Tomasz\u00f3w Mazowiecki\"}]},{\"@type\":\"WebSite\",\"@id\":\"https:\\\/\\\/sse.lodz.pl\\\/#website\",\"url\":\"https:\\\/\\\/sse.lodz.pl\\\/\",\"name\":\"\u0141\u00f3dzka Specjalna Strefa Ekonomiczna\",\"description\":\"\",\"potentialAction\":[{\"@type\":\"SearchAction\",\"target\":{\"@type\":\"EntryPoint\",\"urlTemplate\":\"https:\\\/\\\/sse.lodz.pl\\\/?s={search_term_string}\"},\"query-input\":{\"@type\":\"PropertyValueSpecification\",\"valueRequired\":true,\"valueName\":\"search_term_string\"}}],\"inLanguage\":\"en-US\"}]}<\/script>\n<!-- \/ Yoast SEO plugin. -->","yoast_head_json":{"title":"INFORMACJA o wynikach przetargu maj\u0105cego na celu wy\u0142onienie przedsi\u0119biorcy, kt\u00f3ry otrzyma zezwolenie na dzia\u0142alno\u015b\u0107 w \u0141SSE Podstrefa Tomasz\u00f3w Mazowiecki - \u0141\u00f3dzka Specjalna Strefa Ekonomiczna","robots":{"index":"index","follow":"follow","max-snippet":"max-snippet:-1","max-image-preview":"max-image-preview:large","max-video-preview":"max-video-preview:-1"},"canonical":"https:\/\/sse.lodz.pl\/bip\/informacja-o-wynikach-przetargu-majacego-na-celu-wylonienie-przedsiebiorcy-ktory-otrzyma-zezwolenie-na-dzialalnosc-w-lsse-podstrefa-tomaszow-mazowiecki\/","og_locale":"en_US","og_type":"article","og_title":"INFORMACJA o wynikach przetargu maj\u0105cego na celu wy\u0142onienie przedsi\u0119biorcy, kt\u00f3ry otrzyma zezwolenie na dzia\u0142alno\u015b\u0107 w \u0141SSE Podstrefa Tomasz\u00f3w Mazowiecki - \u0141\u00f3dzka Specjalna Strefa Ekonomiczna","og_url":"https:\/\/sse.lodz.pl\/bip\/informacja-o-wynikach-przetargu-majacego-na-celu-wylonienie-przedsiebiorcy-ktory-otrzyma-zezwolenie-na-dzialalnosc-w-lsse-podstrefa-tomaszow-mazowiecki\/","og_site_name":"\u0141\u00f3dzka Specjalna Strefa Ekonomiczna","article_modified_time":"2023-03-14T17:26:05+00:00","twitter_card":"summary_large_image","twitter_misc":{"Est. reading time":"1 minute"},"schema":{"@context":"https:\/\/schema.org","@graph":[{"@type":"WebPage","@id":"https:\/\/sse.lodz.pl\/bip\/informacja-o-wynikach-przetargu-majacego-na-celu-wylonienie-przedsiebiorcy-ktory-otrzyma-zezwolenie-na-dzialalnosc-w-lsse-podstrefa-tomaszow-mazowiecki\/","url":"https:\/\/sse.lodz.pl\/bip\/informacja-o-wynikach-przetargu-majacego-na-celu-wylonienie-przedsiebiorcy-ktory-otrzyma-zezwolenie-na-dzialalnosc-w-lsse-podstrefa-tomaszow-mazowiecki\/","name":"INFORMACJA o wynikach przetargu maj\u0105cego na celu wy\u0142onienie przedsi\u0119biorcy, kt\u00f3ry otrzyma zezwolenie na dzia\u0142alno\u015b\u0107 w \u0141SSE Podstrefa Tomasz\u00f3w Mazowiecki - \u0141\u00f3dzka Specjalna Strefa Ekonomiczna","isPartOf":{"@id":"https:\/\/sse.lodz.pl\/#website"},"datePublished":"2014-02-22T23:00:00+00:00","dateModified":"2023-03-14T17:26:05+00:00","breadcrumb":{"@id":"https:\/\/sse.lodz.pl\/bip\/informacja-o-wynikach-przetargu-majacego-na-celu-wylonienie-przedsiebiorcy-ktory-otrzyma-zezwolenie-na-dzialalnosc-w-lsse-podstrefa-tomaszow-mazowiecki\/#breadcrumb"},"inLanguage":"en-US","potentialAction":[{"@type":"ReadAction","target":["https:\/\/sse.lodz.pl\/bip\/informacja-o-wynikach-przetargu-majacego-na-celu-wylonienie-przedsiebiorcy-ktory-otrzyma-zezwolenie-na-dzialalnosc-w-lsse-podstrefa-tomaszow-mazowiecki\/"]}]},{"@type":"BreadcrumbList","@id":"https:\/\/sse.lodz.pl\/bip\/informacja-o-wynikach-przetargu-majacego-na-celu-wylonienie-przedsiebiorcy-ktory-otrzyma-zezwolenie-na-dzialalnosc-w-lsse-podstrefa-tomaszow-mazowiecki\/#breadcrumb","itemListElement":[{"@type":"ListItem","position":1,"name":"Strona g\u0142\u00f3wna","item":"https:\/\/sse.lodz.pl\/"},{"@type":"ListItem","position":2,"name":"BIP","item":"https:\/\/sse.lodz.pl\/bip\/"},{"@type":"ListItem","position":3,"name":"INFORMACJA o wynikach przetargu maj\u0105cego na celu wy\u0142onienie przedsi\u0119biorcy, kt\u00f3ry otrzyma zezwolenie na dzia\u0142alno\u015b\u0107 w \u0141SSE Podstrefa Tomasz\u00f3w Mazowiecki"}]},{"@type":"WebSite","@id":"https:\/\/sse.lodz.pl\/#website","url":"https:\/\/sse.lodz.pl\/","name":"\u0141\u00f3dzka Specjalna Strefa Ekonomiczna","description":"","potentialAction":[{"@type":"SearchAction","target":{"@type":"EntryPoint","urlTemplate":"https:\/\/sse.lodz.pl\/?s={search_term_string}"},"query-input":{"@type":"PropertyValueSpecification","valueRequired":true,"valueName":"search_term_string"}}],"inLanguage":"en-US"}]}},"_links":{"self":[{"href":"https:\/\/sse.lodz.pl\/en\/wp-json\/wp\/v2\/bip\/291","targetHints":{"allow":["GET"]}}],"collection":[{"href":"https:\/\/sse.lodz.pl\/en\/wp-json\/wp\/v2\/bip"}],"about":[{"href":"https:\/\/sse.lodz.pl\/en\/wp-json\/wp\/v2\/types\/bip"}],"wp:attachment":[{"href":"https:\/\/sse.lodz.pl\/en\/wp-json\/wp\/v2\/media?parent=291"}],"wp:term":[{"taxonomy":"bip_category","embeddable":true,"href":"https:\/\/sse.lodz.pl\/en\/wp-json\/wp\/v2\/bip_category?post=291"}],"curies":[{"name":"wp","href":"https:\/\/api.w.org\/{rel}","templated":true}]}}

INFORMACJA o wynikach przetargu mającego na celu wyłonienie przedsiębiorcy, który otrzyma zezwolenie na działalność w ŁSSE Podstrefa Tomaszów Mazowiecki

<p><span style="color: #000000;">W dniu <strong>15 października 2012</strong> roku został rozstrzygnięty przetarg łączny mający na celu wyłonienie przedsiębiorcy, który uzyska zezwolenie na prowadzenie działalności gospodarczej na terenie Łódzkiej Specjalnej Strefy Ekonomicznej w Podstrefie Tomaszów Mazowiecki Kompleks 4 oraz nabędzie niezabudowaną nieruchomość gruntową, położoną w Tomaszowie Mazowieckim przy ul. Zawadzkiej-Orzeszkowej, oznaczoną jako działka gruntu nr 262, obręb geodezyjny 2, o pow. 6,5794 ha, dla której prowadzona jest księga wieczysta nr PT1T/00061694/5, na której prowadzona będzie działalność gospodarcza objęta zezwoleniem.</span></p>
<p><span style="color: #000000;">Ofertę do przetargu złożyła Spółka Ceramika Paradyż Sp. z o.o. z siedzibą w Opocznie. Komisja rozstrzygnęła przetarg pozytywnie i uznała, że Przedsiębiorca ten może uzyskać zezwolenie na działalność w ŁSSE.</span></p>
<p><span style="color: #000000;"><strong>INWESTOR:</strong> </span><br /><span style="color: #000000;"> Spółka należy do Grupy Paradyż, czołowego polskiego producenta płytek ceramicznych oraz dekoracji ceramicznych i szklanych. Jest to 6 zezwolenie Grupy Paradyż na prowadzenie działalności gospodarczej w Łódzkiej Specjalnej Strefie Ekonomicznej. W ramach planowanej inwestycji, na terenie Podstrefy Tomaszów Mazowiecki ŁSSE powstanie Centrum Handlowo-Logistyczne i Wsparcia Sprzedaży z magazynem wysokiego składowania oraz systemem kompletacji i wysyłki wyrobów gotowych.</span></p>
<p><span style="color: #000000;"><strong>INWESTYCJA:</strong></span></p>
<p><span style="color: #000000;">W związku z nową inwestycją Spółka zamierza ponieść na terenie strefy &#8211; po dniu uzyskania zezwolenia &#8211; kwalifikowane wydatki inwestycyjne w wysokości co najmniej 50.000.000,00 PLN </span><span style="color: #000000;">w terminie do dnia 31 października 2015 roku oraz zatrudnić na terenie strefy co najmniej 15 pracowników w terminie do dnia 31 października 2015 roku oraz utrzymać zatrudnienie na ww. poziomie do dnia 31 października 2020 roku.</span></p>

<!-- This site is optimized with the Yoast SEO plugin v27.4 - https://yoast.com/product/yoast-seo-wordpress/ -->
<title>INFORMACJA o wynikach przetargu mającego na celu wyłonienie przedsiębiorcy, który otrzyma zezwolenie na działalność w ŁSSE Podstrefa Tomaszów Mazowiecki - Łódzka Specjalna Strefa Ekonomiczna</title>
<meta name="robots" content="index, follow, max-snippet:-1, max-image-preview:large, max-video-preview:-1" />
<link rel="canonical" href="https://sse.lodz.pl/bip/informacja-o-wynikach-przetargu-majacego-na-celu-wylonienie-przedsiebiorcy-ktory-otrzyma-zezwolenie-na-dzialalnosc-w-lsse-podstrefa-tomaszow-mazowiecki/" />
<meta property="og:locale" content="en_US" />
<meta property="og:type" content="article" />
<meta property="og:title" content="INFORMACJA o wynikach przetargu mającego na celu wyłonienie przedsiębiorcy, który otrzyma zezwolenie na działalność w ŁSSE Podstrefa Tomaszów Mazowiecki - Łódzka Specjalna Strefa Ekonomiczna" />
<meta property="og:url" content="https://sse.lodz.pl/bip/informacja-o-wynikach-przetargu-majacego-na-celu-wylonienie-przedsiebiorcy-ktory-otrzyma-zezwolenie-na-dzialalnosc-w-lsse-podstrefa-tomaszow-mazowiecki/" />
<meta property="og:site_name" content="Łódzka Specjalna Strefa Ekonomiczna" />
<meta property="article:modified_time" content="2023-03-14T17:26:05+00:00" />
<meta name="twitter:card" content="summary_large_image" />
<meta name="twitter:label1" content="Est. reading time" />
	<meta name="twitter:data1" content="1 minute" />
<script type="application/ld+json" class="yoast-schema-graph">{"@context":"https:\/\/schema.org","@graph":[{"@type":"WebPage","@id":"https:\/\/sse.lodz.pl\/bip\/informacja-o-wynikach-przetargu-majacego-na-celu-wylonienie-przedsiebiorcy-ktory-otrzyma-zezwolenie-na-dzialalnosc-w-lsse-podstrefa-tomaszow-mazowiecki\/","url":"https:\/\/sse.lodz.pl\/bip\/informacja-o-wynikach-przetargu-majacego-na-celu-wylonienie-przedsiebiorcy-ktory-otrzyma-zezwolenie-na-dzialalnosc-w-lsse-podstrefa-tomaszow-mazowiecki\/","name":"INFORMACJA o wynikach przetargu mającego na celu wyłonienie przedsiębiorcy, który otrzyma zezwolenie na działalność w ŁSSE Podstrefa Tomaszów Mazowiecki - Łódzka Specjalna Strefa Ekonomiczna","isPartOf":{"@id":"https:\/\/sse.lodz.pl\/#website"},"datePublished":"2014-02-22T23:00:00+00:00","dateModified":"2023-03-14T17:26:05+00:00","breadcrumb":{"@id":"https:\/\/sse.lodz.pl\/bip\/informacja-o-wynikach-przetargu-majacego-na-celu-wylonienie-przedsiebiorcy-ktory-otrzyma-zezwolenie-na-dzialalnosc-w-lsse-podstrefa-tomaszow-mazowiecki\/#breadcrumb"},"inLanguage":"en-US","potentialAction":[{"@type":"ReadAction","target":["https:\/\/sse.lodz.pl\/bip\/informacja-o-wynikach-przetargu-majacego-na-celu-wylonienie-przedsiebiorcy-ktory-otrzyma-zezwolenie-na-dzialalnosc-w-lsse-podstrefa-tomaszow-mazowiecki\/"]}]},{"@type":"BreadcrumbList","@id":"https:\/\/sse.lodz.pl\/bip\/informacja-o-wynikach-przetargu-majacego-na-celu-wylonienie-przedsiebiorcy-ktory-otrzyma-zezwolenie-na-dzialalnosc-w-lsse-podstrefa-tomaszow-mazowiecki\/#breadcrumb","itemListElement":[{"@type":"ListItem","position":1,"name":"Strona główna","item":"https:\/\/sse.lodz.pl\/"},{"@type":"ListItem","position":2,"name":"BIP","item":"https:\/\/sse.lodz.pl\/bip\/"},{"@type":"ListItem","position":3,"name":"INFORMACJA o wynikach przetargu mającego na celu wyłonienie przedsiębiorcy, który otrzyma zezwolenie na działalność w ŁSSE Podstrefa Tomaszów Mazowiecki"}]},{"@type":"WebSite","@id":"https:\/\/sse.lodz.pl\/#website","url":"https:\/\/sse.lodz.pl\/","name":"Łódzka Specjalna Strefa Ekonomiczna","description":"","potentialAction":[{"@type":"SearchAction","target":{"@type":"EntryPoint","urlTemplate":"https:\/\/sse.lodz.pl\/?s={search_term_string}"},"query-input":{"@type":"PropertyValueSpecification","valueRequired":true,"valueName":"search_term_string"}}],"inLanguage":"en-US"}]}</script>
<!-- / Yoast SEO plugin. -->

INFORMACJA o wynikach przetargu mającego na celu wyłonienie przedsiębiorcy, który otrzyma zezwolenie na działalność w ŁSSE Podstrefa Tomaszów Mazowiecki - Łódzka Specjalna Strefa Ekonomiczna

Łódzka Specjalna Strefa Ekonomiczna

Strona główna
