{"id":340,"date":"2014-02-27T00:00:00","date_gmt":"2014-02-26T23:00:00","guid":{"rendered":"https:\/\/sse.lodz.pl\/bip\/przetarg-laczny-podstrefa-kutno-lsse-2\/"},"modified":"2023-03-14T18:26:09","modified_gmt":"2023-03-14T17:26:09","slug":"przetarg-laczny-podstrefa-kutno-lsse-2","status":"publish","type":"bip","link":"https:\/\/sse.lodz.pl\/en\/bip\/przetarg-laczny-podstrefa-kutno-lsse-2\/","title":{"rendered":"Przetarg \u0142\u0105czny, Podstrefa Kutno \u0141SSE"},"content":{"rendered":"<p style=\"text-align: center;\" align=\"center\"><strong>\u0141\u00f3dzka Specjalna Strefa Ekonomiczna Sp\u00f3\u0142ka Akcyjna<\/strong><\/p>\n<p style=\"text-align: center;\" align=\"center\"><strong>90-349 \u0141\u00f3d\u017a, ul. ks. Tymienieckiego 22\/24<\/strong><\/p>\n<p style=\"text-align: center;\" align=\"center\"><strong>tel. (0-42) 676 27 53, 676 27 54 , fax. (0-42) 676 27 55<\/strong><\/p>\n<p align=\"center\"><strong>\u00a0<\/strong><\/p>\n<p>jako zarz\u0105dzaj\u0105cy \u0141\u00f3dzk\u0105 Specjaln\u0105 Stref\u0105 Ekonomiczn\u0105 og\u0142asza przetarg \u0142\u0105czny maj\u0105cy na celu wy\u0142onienie przedsi\u0119biorcy, kt\u00f3ry:<\/p>\n<p style=\"margin-left: 30px;\">&#8211; uzyska zezwolenie na prowadzenie dzia\u0142alno\u015bci gospodarczej na terenie \u0141\u00f3dzkiej Specjalnej Strefy Ekonomicznej w Podstrefie Kutno, Kompleks 3 oraz<\/p>\n<p style=\"margin-left: 30px;\">&#8211; nab\u0119dzie niezabudowan\u0105 nieruchomo\u015b\u0107 gruntow\u0105 oznaczon\u0105 jako dzia\u0142ki gruntu o nr 830 oraz 837, po\u0142o\u017con\u0105 w Kutnie przy ul. Wschodniej, o \u0142\u0105cznej powierzchni 5,7675 ha, dla kt\u00f3rej S\u0105d Rejonowy w Kutnie \u2013 V Wydzia\u0142 Ksi\u0105g Wieczystych prowadzi Ksi\u0119g\u0119 Wieczyst\u0105 o numerze KW Nr LD1K \/00033086\/8 na kt\u00f3rej b\u0119dzie prowadzona dzia\u0142alno\u015b\u0107 gospodarcza obj\u0119ta zezwoleniem.<\/p>\n<p>Oferowana nieruchomo\u015b\u0107, b\u0119d\u0105ca przedmiotem przetargu, stanowi w\u0142asno\u015b\u0107 Miasta Kutno.<\/p>\n<p>Cena wywo\u0142awcza oferowanej nieruchomo\u015bci wynosi: <strong>3.230.000,00 PLN (+podatek VAT wg stawki obowi\u0105zuj\u0105cej w dniu sprzeda\u017cy)<\/strong><\/p>\n<p>Minimalne post\u0105pienie wynosi 1% ceny wywo\u0142awczej <strong>tj.: 32.300,00 PLN.<\/strong><\/p>\n<p>Wadium wynosi: 600.000,00 PLN<\/p>\n<p>Warunkiem przyst\u0105pienia do przetargu jest:<\/p>\n<p style=\"margin-left: 30px;\">1) wykupienie \u201eSpecyfikacji istotnych warunk\u00f3w przetargu\u201d <strong>(cena: 20.000 z\u0142 + 23% VAT)<\/strong>. Specyfikacj\u0119 istotnych warunk\u00f3w przetargu mo\u017cna naby\u0107 w siedzibie \u0141SSE S.A. codziennie opr\u00f3cz sob\u00f3t i niedziel w godz.8.00 do 16.00, po dokonaniu zap\u0142aty ceny na konto \u0141SSE S.A.: BRE BANK nr\u00a097 1140 1108 0000 2030 2200 1001. Szczeg\u00f3\u0142owe informacje na temat przetargu i tre\u015bci Specyfikacji udzielane s\u0105 w siedzibie \u0141SSE S.A. lub telefonicznie (0-42) 275 50 60, 275 50 64.<\/p>\n<p style=\"margin-left: 30px;\">2) wniesienie nie p\u00f3\u017aniej ni\u017c <strong>do dnia 21 pa\u017adziernika 2013<\/strong> roku wadium w pieni\u0105dzu w wy\u017cej okre\u015blonej wysoko\u015bci na konto Urz\u0119du Miasta Kutno w Banku BG\u017b S.A. Oddzia\u0142 Operacyjny w Kutnie nr 11 2030 0045 1110 0000 0164 9780.<\/p>\n<p>Wadium wp\u0142acone przez uczestnika, kt\u00f3ry przetarg wygra, zaliczone zostanie na poczet ceny nabycia nieruchomo\u015bci. Wadium ulega przepadkowi w razie uchylenia si\u0119 uczestnika, kt\u00f3ry przetarg wygra, od zawarcia umowy nabycia nieruchomo\u015bci od gminy Miasto Kutno lub gdy Oferent b\u0119d\u0105cy cudzoziemcem nie uzyska zezwolenia Ministra Spraw Wewn\u0119trznych i Administracji\u00a0 na zakup nieruchomo\u015bci \u2013 o ile obowi\u0105zuj\u0105ce przepisy tego wymagaj\u0105.<\/p>\n<p><strong>Oferty nale\u017cy sk\u0142ada\u0107 w siedzibie \u0141SSE S.A. do dnia\u00a0 22 pa\u017adziernika 2013 roku do godz. 16.00. Ich otwarcie nast\u0105pi w dniu 28 pa\u017adziernika 2013 roku w siedzibie \u0141SSE S.A. o godz. 12.00.<\/strong><\/p>\n<p>Oferty podlegaj\u0105 ocenie w oparciu o kryteria okre\u015blone w \u201eSpecyfikacji istotnych warunk\u00f3w przetargu\u201d i rozporz\u0105dzeniu Ministra Gospodarki i Pracy z dnia 15 listopada 2004 r. w sprawie przetarg\u00f3w i rokowa\u0144 oraz kryteri\u00f3w oceny zamierze\u0144 co do przedsi\u0119wzi\u0119\u0107 gospodarczych, kt\u00f3re maj\u0105 by\u0107 podj\u0119te przez przedsi\u0119biorc\u00f3w na terenie \u0141\u00f3dzkiej Specjalnej Strefy Ekonomicznej (Dz.U. Nr 254, poz. 2544 z p\u00f3\u017an. zm.).<\/p>\n<p>Przetarg wygra Oferent, kt\u00f3rego oferta otrzyma najwi\u0119ksz\u0105 ilo\u015b\u0107 punkt\u00f3w, nie mniej jednak ni\u017c 50 % wszystkich mo\u017cliwych do uzyskania punkt\u00f3w oraz zaoferuje cen\u0119 wy\u017csz\u0105 od ceny wywo\u0142awczej o r\u00f3wnowarto\u015b\u0107 co najmniej jednego post\u0105pienia.<\/p>\n<p>\u0141\u00f3dzka Specjalna Strefa Ekonomiczna S.A. zastrzega sobie prawo odst\u0105pienia od przetargu, gdy wyst\u0105pi istotna zmiana okoliczno\u015bci powoduj\u0105ca, \u017ce prowadzenie post\u0119powania nie le\u017cy w interesie publicznym, czego nie mo\u017cna by\u0142o wcze\u015bniej przewidzie\u0107 lub gdy post\u0119powanie obarczone jest wad\u0105 uniemo\u017cliwiaj\u0105c\u0105 wydanie zezwolenia. O uniewa\u017cnieniu post\u0119powania \u0141SSE S.A. powiadomi pisemnie r\u00f3wnocze\u015bnie wszystkich oferent\u00f3w, podaj\u0105c uzasadnienie faktyczne i prawne.<\/p>\n<p>Tre\u015b\u0107 niniejszego og\u0142oszenia dost\u0119pna jest na stronie internetowej \u0141SSE S.A.: <a href=\"https:\/\/sse.lodz.pl\/\">www.sse.lodz.pl<\/a> \u2013 dzia\u0142 przetargi.<\/p>\n<p>The content of this advertisement in English is available on Lodz SEZ Joint Stock Co. website: <a href=\"https:\/\/sse.lodz.pl\/\">www.sse.lodz.pl<\/a> \u2013 in section tenders.<\/p>\n","protected":false},"featured_media":0,"template":"","bip_category":[22,21],"class_list":["post-340","bip","type-bip","status-publish","hentry","bip_category-ogloszone","bip_category-przetargi"],"translation":{"provider":"WPGlobus","version":"3.0.2","language":"en","enabled_languages":["pl","en"],"languages":{"pl":{"title":true,"content":true,"excerpt":false},"en":{"title":false,"content":false,"excerpt":false}}},"acf":[],"yoast_head":"<!-- This site is optimized with the Yoast SEO plugin v27.4 - https:\/\/yoast.com\/product\/yoast-seo-wordpress\/ -->\n<title>Przetarg \u0142\u0105czny, Podstrefa Kutno \u0141SSE - \u0141\u00f3dzka Specjalna Strefa Ekonomiczna<\/title>\n<meta name=\"robots\" content=\"index, follow, max-snippet:-1, max-image-preview:large, max-video-preview:-1\" \/>\n<link rel=\"canonical\" href=\"https:\/\/sse.lodz.pl\/bip\/przetarg-laczny-podstrefa-kutno-lsse-2\/\" \/>\n<meta property=\"og:locale\" content=\"en_US\" \/>\n<meta property=\"og:type\" content=\"article\" \/>\n<meta property=\"og:title\" content=\"Przetarg \u0142\u0105czny, Podstrefa Kutno \u0141SSE - \u0141\u00f3dzka Specjalna Strefa Ekonomiczna\" \/>\n<meta property=\"og:url\" content=\"https:\/\/sse.lodz.pl\/bip\/przetarg-laczny-podstrefa-kutno-lsse-2\/\" \/>\n<meta property=\"og:site_name\" content=\"\u0141\u00f3dzka Specjalna Strefa Ekonomiczna\" \/>\n<meta property=\"article:modified_time\" content=\"2023-03-14T17:26:09+00:00\" \/>\n<meta name=\"twitter:card\" content=\"summary_large_image\" \/>\n<meta name=\"twitter:label1\" content=\"Est. reading time\" \/>\n\t<meta name=\"twitter:data1\" content=\"3 minutes\" \/>\n<script type=\"application\/ld+json\" class=\"yoast-schema-graph\">{\"@context\":\"https:\\\/\\\/schema.org\",\"@graph\":[{\"@type\":\"WebPage\",\"@id\":\"https:\\\/\\\/sse.lodz.pl\\\/bip\\\/przetarg-laczny-podstrefa-kutno-lsse-2\\\/\",\"url\":\"https:\\\/\\\/sse.lodz.pl\\\/bip\\\/przetarg-laczny-podstrefa-kutno-lsse-2\\\/\",\"name\":\"Przetarg \u0142\u0105czny, Podstrefa Kutno \u0141SSE - \u0141\u00f3dzka Specjalna Strefa Ekonomiczna\",\"isPartOf\":{\"@id\":\"https:\\\/\\\/sse.lodz.pl\\\/#website\"},\"datePublished\":\"2014-02-26T23:00:00+00:00\",\"dateModified\":\"2023-03-14T17:26:09+00:00\",\"breadcrumb\":{\"@id\":\"https:\\\/\\\/sse.lodz.pl\\\/bip\\\/przetarg-laczny-podstrefa-kutno-lsse-2\\\/#breadcrumb\"},\"inLanguage\":\"en-US\",\"potentialAction\":[{\"@type\":\"ReadAction\",\"target\":[\"https:\\\/\\\/sse.lodz.pl\\\/bip\\\/przetarg-laczny-podstrefa-kutno-lsse-2\\\/\"]}]},{\"@type\":\"BreadcrumbList\",\"@id\":\"https:\\\/\\\/sse.lodz.pl\\\/bip\\\/przetarg-laczny-podstrefa-kutno-lsse-2\\\/#breadcrumb\",\"itemListElement\":[{\"@type\":\"ListItem\",\"position\":1,\"name\":\"Strona g\u0142\u00f3wna\",\"item\":\"https:\\\/\\\/sse.lodz.pl\\\/\"},{\"@type\":\"ListItem\",\"position\":2,\"name\":\"BIP\",\"item\":\"https:\\\/\\\/sse.lodz.pl\\\/bip\\\/\"},{\"@type\":\"ListItem\",\"position\":3,\"name\":\"Przetarg \u0142\u0105czny, Podstrefa Kutno \u0141SSE\"}]},{\"@type\":\"WebSite\",\"@id\":\"https:\\\/\\\/sse.lodz.pl\\\/#website\",\"url\":\"https:\\\/\\\/sse.lodz.pl\\\/\",\"name\":\"\u0141\u00f3dzka Specjalna Strefa Ekonomiczna\",\"description\":\"\",\"potentialAction\":[{\"@type\":\"SearchAction\",\"target\":{\"@type\":\"EntryPoint\",\"urlTemplate\":\"https:\\\/\\\/sse.lodz.pl\\\/?s={search_term_string}\"},\"query-input\":{\"@type\":\"PropertyValueSpecification\",\"valueRequired\":true,\"valueName\":\"search_term_string\"}}],\"inLanguage\":\"en-US\"}]}<\/script>\n<!-- \/ Yoast SEO plugin. -->","yoast_head_json":{"title":"Przetarg \u0142\u0105czny, Podstrefa Kutno \u0141SSE - \u0141\u00f3dzka Specjalna Strefa Ekonomiczna","robots":{"index":"index","follow":"follow","max-snippet":"max-snippet:-1","max-image-preview":"max-image-preview:large","max-video-preview":"max-video-preview:-1"},"canonical":"https:\/\/sse.lodz.pl\/bip\/przetarg-laczny-podstrefa-kutno-lsse-2\/","og_locale":"en_US","og_type":"article","og_title":"Przetarg \u0142\u0105czny, Podstrefa Kutno \u0141SSE - \u0141\u00f3dzka Specjalna Strefa Ekonomiczna","og_url":"https:\/\/sse.lodz.pl\/bip\/przetarg-laczny-podstrefa-kutno-lsse-2\/","og_site_name":"\u0141\u00f3dzka Specjalna Strefa Ekonomiczna","article_modified_time":"2023-03-14T17:26:09+00:00","twitter_card":"summary_large_image","twitter_misc":{"Est. reading time":"3 minutes"},"schema":{"@context":"https:\/\/schema.org","@graph":[{"@type":"WebPage","@id":"https:\/\/sse.lodz.pl\/bip\/przetarg-laczny-podstrefa-kutno-lsse-2\/","url":"https:\/\/sse.lodz.pl\/bip\/przetarg-laczny-podstrefa-kutno-lsse-2\/","name":"Przetarg \u0142\u0105czny, Podstrefa Kutno \u0141SSE - \u0141\u00f3dzka Specjalna Strefa Ekonomiczna","isPartOf":{"@id":"https:\/\/sse.lodz.pl\/#website"},"datePublished":"2014-02-26T23:00:00+00:00","dateModified":"2023-03-14T17:26:09+00:00","breadcrumb":{"@id":"https:\/\/sse.lodz.pl\/bip\/przetarg-laczny-podstrefa-kutno-lsse-2\/#breadcrumb"},"inLanguage":"en-US","potentialAction":[{"@type":"ReadAction","target":["https:\/\/sse.lodz.pl\/bip\/przetarg-laczny-podstrefa-kutno-lsse-2\/"]}]},{"@type":"BreadcrumbList","@id":"https:\/\/sse.lodz.pl\/bip\/przetarg-laczny-podstrefa-kutno-lsse-2\/#breadcrumb","itemListElement":[{"@type":"ListItem","position":1,"name":"Strona g\u0142\u00f3wna","item":"https:\/\/sse.lodz.pl\/"},{"@type":"ListItem","position":2,"name":"BIP","item":"https:\/\/sse.lodz.pl\/bip\/"},{"@type":"ListItem","position":3,"name":"Przetarg \u0142\u0105czny, Podstrefa Kutno \u0141SSE"}]},{"@type":"WebSite","@id":"https:\/\/sse.lodz.pl\/#website","url":"https:\/\/sse.lodz.pl\/","name":"\u0141\u00f3dzka Specjalna Strefa Ekonomiczna","description":"","potentialAction":[{"@type":"SearchAction","target":{"@type":"EntryPoint","urlTemplate":"https:\/\/sse.lodz.pl\/?s={search_term_string}"},"query-input":{"@type":"PropertyValueSpecification","valueRequired":true,"valueName":"search_term_string"}}],"inLanguage":"en-US"}]}},"_links":{"self":[{"href":"https:\/\/sse.lodz.pl\/en\/wp-json\/wp\/v2\/bip\/340","targetHints":{"allow":["GET"]}}],"collection":[{"href":"https:\/\/sse.lodz.pl\/en\/wp-json\/wp\/v2\/bip"}],"about":[{"href":"https:\/\/sse.lodz.pl\/en\/wp-json\/wp\/v2\/types\/bip"}],"wp:attachment":[{"href":"https:\/\/sse.lodz.pl\/en\/wp-json\/wp\/v2\/media?parent=340"}],"wp:term":[{"taxonomy":"bip_category","embeddable":true,"href":"https:\/\/sse.lodz.pl\/en\/wp-json\/wp\/v2\/bip_category?post=340"}],"curies":[{"name":"wp","href":"https:\/\/api.w.org\/{rel}","templated":true}]}}

Przetarg łączny, Podstrefa Kutno ŁSSE

<p style="text-align: center;" align="center"><strong>Łódzka Specjalna Strefa Ekonomiczna Spółka Akcyjna</strong></p>
<p style="text-align: center;" align="center"><strong>90-349 Łódź, ul. ks. Tymienieckiego 22/24</strong></p>
<p style="text-align: center;" align="center"><strong>tel. (0-42) 676 27 53, 676 27 54 , fax. (0-42) 676 27 55</strong></p>
<p align="center"><strong> </strong></p>
<p>jako zarządzający Łódzką Specjalną Strefą Ekonomiczną ogłasza przetarg łączny mający na celu wyłonienie przedsiębiorcy, który:</p>
<p style="margin-left: 30px;">&#8211; uzyska zezwolenie na prowadzenie działalności gospodarczej na terenie Łódzkiej Specjalnej Strefy Ekonomicznej w Podstrefie Kutno, Kompleks 3 oraz</p>
<p style="margin-left: 30px;">&#8211; nabędzie niezabudowaną nieruchomość gruntową oznaczoną jako działki gruntu o nr 830 oraz 837, położoną w Kutnie przy ul. Wschodniej, o łącznej powierzchni 5,7675 ha, dla której Sąd Rejonowy w Kutnie – V Wydział Ksiąg Wieczystych prowadzi Księgę Wieczystą o numerze KW Nr LD1K /00033086/8 na której będzie prowadzona działalność gospodarcza objęta zezwoleniem.</p>
<p>Oferowana nieruchomość, będąca przedmiotem przetargu, stanowi własność Miasta Kutno.</p>
<p>Cena wywoławcza oferowanej nieruchomości wynosi: <strong>3.230.000,00 PLN (+podatek VAT wg stawki obowiązującej w dniu sprzedaży)</strong></p>
<p>Minimalne postąpienie wynosi 1% ceny wywoławczej <strong>tj.: 32.300,00 PLN.</strong></p>
<p>Wadium wynosi: 600.000,00 PLN</p>
<p>Warunkiem przystąpienia do przetargu jest:</p>
<p style="margin-left: 30px;">1) wykupienie „Specyfikacji istotnych warunków przetargu” <strong>(cena: 20.000 zł + 23% VAT)</strong>. Specyfikację istotnych warunków przetargu można nabyć w siedzibie ŁSSE S.A. codziennie oprócz sobót i niedziel w godz.8.00 do 16.00, po dokonaniu zapłaty ceny na konto ŁSSE S.A.: BRE BANK nr 97 1140 1108 0000 2030 2200 1001. Szczegółowe informacje na temat przetargu i treści Specyfikacji udzielane są w siedzibie ŁSSE S.A. lub telefonicznie (0-42) 275 50 60, 275 50 64.</p>
<p style="margin-left: 30px;">2) wniesienie nie później niż <strong>do dnia 21 października 2013</strong> roku wadium w pieniądzu w wyżej określonej wysokości na konto Urzędu Miasta Kutno w Banku BGŻ S.A. Oddział Operacyjny w Kutnie nr 11 2030 0045 1110 0000 0164 9780.</p>
<p>Wadium wpłacone przez uczestnika, który przetarg wygra, zaliczone zostanie na poczet ceny nabycia nieruchomości. Wadium ulega przepadkowi w razie uchylenia się uczestnika, który przetarg wygra, od zawarcia umowy nabycia nieruchomości od gminy Miasto Kutno lub gdy Oferent będący cudzoziemcem nie uzyska zezwolenia Ministra Spraw Wewnętrznych i Administracji  na zakup nieruchomości – o ile obowiązujące przepisy tego wymagają.</p>
<p><strong>Oferty należy składać w siedzibie ŁSSE S.A. do dnia  22 października 2013 roku do godz. 16.00. Ich otwarcie nastąpi w dniu 28 października 2013 roku w siedzibie ŁSSE S.A. o godz. 12.00.</strong></p>
<p>Oferty podlegają ocenie w oparciu o kryteria określone w „Specyfikacji istotnych warunków przetargu” i rozporządzeniu Ministra Gospodarki i Pracy z dnia 15 listopada 2004 r. w sprawie przetargów i rokowań oraz kryteriów oceny zamierzeń co do przedsięwzięć gospodarczych, które mają być podjęte przez przedsiębiorców na terenie Łódzkiej Specjalnej Strefy Ekonomicznej (Dz.U. Nr 254, poz. 2544 z późn. zm.).</p>
<p>Przetarg wygra Oferent, którego oferta otrzyma największą ilość punktów, nie mniej jednak niż 50 % wszystkich możliwych do uzyskania punktów oraz zaoferuje cenę wyższą od ceny wywoławczej o równowartość co najmniej jednego postąpienia.</p>
<p>Łódzka Specjalna Strefa Ekonomiczna S.A. zastrzega sobie prawo odstąpienia od przetargu, gdy wystąpi istotna zmiana okoliczności powodująca, że prowadzenie postępowania nie leży w interesie publicznym, czego nie można było wcześniej przewidzieć lub gdy postępowanie obarczone jest wadą uniemożliwiającą wydanie zezwolenia. O unieważnieniu postępowania ŁSSE S.A. powiadomi pisemnie równocześnie wszystkich oferentów, podając uzasadnienie faktyczne i prawne.</p>
<p>Treść niniejszego ogłoszenia dostępna jest na stronie internetowej ŁSSE S.A.: <a href="https://sse.lodz.pl/">www.sse.lodz.pl</a> – dział przetargi.</p>
<p>The content of this advertisement in English is available on Lodz SEZ Joint Stock Co. website: <a href="https://sse.lodz.pl/">www.sse.lodz.pl</a> – in section tenders.</p>

<!-- This site is optimized with the Yoast SEO plugin v27.4 - https://yoast.com/product/yoast-seo-wordpress/ -->
<title>Przetarg łączny, Podstrefa Kutno ŁSSE - Łódzka Specjalna Strefa Ekonomiczna</title>
<meta name="robots" content="index, follow, max-snippet:-1, max-image-preview:large, max-video-preview:-1" />
<link rel="canonical" href="https://sse.lodz.pl/bip/przetarg-laczny-podstrefa-kutno-lsse-2/" />
<meta property="og:locale" content="en_US" />
<meta property="og:type" content="article" />
<meta property="og:title" content="Przetarg łączny, Podstrefa Kutno ŁSSE - Łódzka Specjalna Strefa Ekonomiczna" />
<meta property="og:url" content="https://sse.lodz.pl/bip/przetarg-laczny-podstrefa-kutno-lsse-2/" />
<meta property="og:site_name" content="Łódzka Specjalna Strefa Ekonomiczna" />
<meta property="article:modified_time" content="2023-03-14T17:26:09+00:00" />
<meta name="twitter:card" content="summary_large_image" />
<meta name="twitter:label1" content="Est. reading time" />
	<meta name="twitter:data1" content="3 minutes" />
<script type="application/ld+json" class="yoast-schema-graph">{"@context":"https:\/\/schema.org","@graph":[{"@type":"WebPage","@id":"https:\/\/sse.lodz.pl\/bip\/przetarg-laczny-podstrefa-kutno-lsse-2\/","url":"https:\/\/sse.lodz.pl\/bip\/przetarg-laczny-podstrefa-kutno-lsse-2\/","name":"Przetarg łączny, Podstrefa Kutno ŁSSE - Łódzka Specjalna Strefa Ekonomiczna","isPartOf":{"@id":"https:\/\/sse.lodz.pl\/#website"},"datePublished":"2014-02-26T23:00:00+00:00","dateModified":"2023-03-14T17:26:09+00:00","breadcrumb":{"@id":"https:\/\/sse.lodz.pl\/bip\/przetarg-laczny-podstrefa-kutno-lsse-2\/#breadcrumb"},"inLanguage":"en-US","potentialAction":[{"@type":"ReadAction","target":["https:\/\/sse.lodz.pl\/bip\/przetarg-laczny-podstrefa-kutno-lsse-2\/"]}]},{"@type":"BreadcrumbList","@id":"https:\/\/sse.lodz.pl\/bip\/przetarg-laczny-podstrefa-kutno-lsse-2\/#breadcrumb","itemListElement":[{"@type":"ListItem","position":1,"name":"Strona główna","item":"https:\/\/sse.lodz.pl\/"},{"@type":"ListItem","position":2,"name":"BIP","item":"https:\/\/sse.lodz.pl\/bip\/"},{"@type":"ListItem","position":3,"name":"Przetarg łączny, Podstrefa Kutno ŁSSE"}]},{"@type":"WebSite","@id":"https:\/\/sse.lodz.pl\/#website","url":"https:\/\/sse.lodz.pl\/","name":"Łódzka Specjalna Strefa Ekonomiczna","description":"","potentialAction":[{"@type":"SearchAction","target":{"@type":"EntryPoint","urlTemplate":"https:\/\/sse.lodz.pl\/?s={search_term_string}"},"query-input":{"@type":"PropertyValueSpecification","valueRequired":true,"valueName":"search_term_string"}}],"inLanguage":"en-US"}]}</script>
<!-- / Yoast SEO plugin. -->

Przetarg łączny, Podstrefa Kutno ŁSSE - Łódzka Specjalna Strefa Ekonomiczna

Łódzka Specjalna Strefa Ekonomiczna

Strona główna
