{"id":347,"date":"2014-02-27T00:00:00","date_gmt":"2014-02-26T23:00:00","guid":{"rendered":"https:\/\/sse.lodz.pl\/bip\/przetarg-na-wylonienie-wykonawcy-budowy-kablowej-linii-energetycznej-konstantynow-lodzki\/"},"modified":"2023-03-14T18:26:10","modified_gmt":"2023-03-14T17:26:10","slug":"przetarg-na-wylonienie-wykonawcy-budowy-kablowej-linii-energetycznej-konstantynow-lodzki","status":"publish","type":"bip","link":"https:\/\/sse.lodz.pl\/en\/bip\/przetarg-na-wylonienie-wykonawcy-budowy-kablowej-linii-energetycznej-konstantynow-lodzki\/","title":{"rendered":"Przetarg na wy\u0142onienie Wykonawcy budowy kablowej linii energetycznej, Konstantyn\u00f3w \u0141\u00f3dzki"},"content":{"rendered":"<div align=\"center\"><span style=\"color: #000000;\">1065<\/span><\/div>\n<div align=\"center\"><span style=\"color: #000000;\"><strong>\u0141\u00f3dzka Specjalna Strefa Ekonomiczna S.A.<\/strong><\/span><\/div>\n<div align=\"center\"><span style=\"color: #000000;\"><strong>90-349 \u0141\u00f3d\u017a<\/strong><\/span><\/div>\n<div align=\"center\"><span style=\"color: #000000;\"><strong>ul. ks. Tymienieckiego 22\/24<\/strong><\/span><\/div>\n<p align=\"center\"><span style=\"color: #000000;\">og\u0142asza przetarg nieograniczony na:<\/span><\/p>\n<p style=\"text-align: center;\" align=\"center\"><span style=\"color: #000000;\">wy\u0142onienie Wykonawcy budowy kablowej linii energetycznej wraz <\/span><br \/><span style=\"color: #000000;\"> z rozga\u0142\u0119\u017anikiem kablowym i murem oporowym zast\u0119puj\u0105cej kolizyjny <\/span><br \/><span style=\"color: #000000;\"> z zagospodarowywanym terenem inwestycyjnym Kompleksu 1 \u0141SSE <\/span><br \/><span style=\"color: #000000;\"> w Konstantynowie \u0141\u00f3dzkim odcinek napowietrznej linii SN 15kV <\/span><\/p>\n<p><span style=\"color: #000000;\"><strong>Wymagany okres realizacji zam\u00f3wienia:<\/strong><\/span><\/p>\n<div style=\"margin-left: 30px;\"><span style=\"color: #000000;\">rozpocz\u0119cie: najp\u00f3\u017aniej\u00a0\u00a0 <strong>od dnia 31.05.2013 r.<\/strong><\/span><\/div>\n<div style=\"margin-left: 30px;\"><span style=\"color: #000000;\">zako\u0144czenie: najp\u00f3\u017aniej\u00a0\u00a0 <strong>do dnia 31.07.2013 r.<\/strong><\/span><\/div>\n<p><span style=\"color: #000000;\"><strong>Kryteria wyboru oferty i ich znaczenie:<\/strong><\/span><\/p>\n<div style=\"margin-left: 30px;\"><span style=\"color: #000000;\">cena: 85%<\/span><\/div>\n<div style=\"margin-left: 30px;\"><span style=\"color: #000000;\">gwarancja: 15%<\/span><\/div>\n<p><span style=\"color: #000000;\">Istotne warunki tego zam\u00f3wienia z formularzem ofertowym i kompletem dokument\u00f3w znale\u017a\u0107 mo\u017cna w za\u0142\u0105cznikach.<br \/><\/span><\/p>\n<p><span style=\"color: #000000;\">Oferty nale\u017cy sk\u0142ada\u0107 w siedzibie Zarz\u0105du \u0141\u00f3dzkiej Specjalnej Strefy Ekonomicznej S.A.(sekretariat) przy ul. ks. Tymienieckiego 22\/24 w \u0141odzi <strong>najp\u00f3\u017aniej do dnia 17.05.2013 r.<\/strong> do godz. 9\u00b3\u00ba.<\/span><\/p>\n<p><span style=\"color: #000000;\">Otwarcie ofert nast\u0105pi <strong>w dniu 17.05.2013 r. o godz. 10\u00ba\u00ba <\/strong>w siedzibie Zarz\u0105du \u0141\u00f3dzkiej Specjalnej Strefy Ekonomicznej S.A.<\/span><\/p>\n<p><span style=\"color: #000000;\">Szczeg\u00f3\u0142owe informacje na temat przetargu udzielane s\u0105 w siedzibie Zarz\u0105du \u0141\u00f3dzkiej Specjalnej Strefy Ekonomicznej S.A. lub telefonicznie (42) 275-50-63, (42) 275-50-65<\/span><\/p>\n","protected":false},"featured_media":0,"template":"","bip_category":[22,21],"class_list":["post-347","bip","type-bip","status-publish","hentry","bip_category-ogloszone","bip_category-przetargi"],"translation":{"provider":"WPGlobus","version":"3.0.2","language":"en","enabled_languages":["pl","en"],"languages":{"pl":{"title":true,"content":true,"excerpt":false},"en":{"title":false,"content":false,"excerpt":false}}},"acf":[],"yoast_head":"<!-- This site is optimized with the Yoast SEO plugin v27.4 - https:\/\/yoast.com\/product\/yoast-seo-wordpress\/ -->\n<title>Przetarg na wy\u0142onienie Wykonawcy budowy kablowej linii energetycznej, Konstantyn\u00f3w \u0141\u00f3dzki - \u0141\u00f3dzka Specjalna Strefa Ekonomiczna<\/title>\n<meta name=\"robots\" content=\"index, follow, max-snippet:-1, max-image-preview:large, max-video-preview:-1\" \/>\n<link rel=\"canonical\" href=\"https:\/\/sse.lodz.pl\/bip\/przetarg-na-wylonienie-wykonawcy-budowy-kablowej-linii-energetycznej-konstantynow-lodzki\/\" \/>\n<meta property=\"og:locale\" content=\"en_US\" \/>\n<meta property=\"og:type\" content=\"article\" \/>\n<meta property=\"og:title\" content=\"Przetarg na wy\u0142onienie Wykonawcy budowy kablowej linii energetycznej, Konstantyn\u00f3w \u0141\u00f3dzki - \u0141\u00f3dzka Specjalna Strefa Ekonomiczna\" \/>\n<meta property=\"og:url\" content=\"https:\/\/sse.lodz.pl\/bip\/przetarg-na-wylonienie-wykonawcy-budowy-kablowej-linii-energetycznej-konstantynow-lodzki\/\" \/>\n<meta property=\"og:site_name\" content=\"\u0141\u00f3dzka Specjalna Strefa Ekonomiczna\" \/>\n<meta property=\"article:modified_time\" content=\"2023-03-14T17:26:10+00:00\" \/>\n<meta name=\"twitter:card\" content=\"summary_large_image\" \/>\n<meta name=\"twitter:label1\" content=\"Est. reading time\" \/>\n\t<meta name=\"twitter:data1\" content=\"1 minute\" \/>\n<script type=\"application\/ld+json\" class=\"yoast-schema-graph\">{\"@context\":\"https:\\\/\\\/schema.org\",\"@graph\":[{\"@type\":\"WebPage\",\"@id\":\"https:\\\/\\\/sse.lodz.pl\\\/bip\\\/przetarg-na-wylonienie-wykonawcy-budowy-kablowej-linii-energetycznej-konstantynow-lodzki\\\/\",\"url\":\"https:\\\/\\\/sse.lodz.pl\\\/bip\\\/przetarg-na-wylonienie-wykonawcy-budowy-kablowej-linii-energetycznej-konstantynow-lodzki\\\/\",\"name\":\"Przetarg na wy\u0142onienie Wykonawcy budowy kablowej linii energetycznej, Konstantyn\u00f3w \u0141\u00f3dzki - \u0141\u00f3dzka Specjalna Strefa Ekonomiczna\",\"isPartOf\":{\"@id\":\"https:\\\/\\\/sse.lodz.pl\\\/#website\"},\"datePublished\":\"2014-02-26T23:00:00+00:00\",\"dateModified\":\"2023-03-14T17:26:10+00:00\",\"breadcrumb\":{\"@id\":\"https:\\\/\\\/sse.lodz.pl\\\/bip\\\/przetarg-na-wylonienie-wykonawcy-budowy-kablowej-linii-energetycznej-konstantynow-lodzki\\\/#breadcrumb\"},\"inLanguage\":\"en-US\",\"potentialAction\":[{\"@type\":\"ReadAction\",\"target\":[\"https:\\\/\\\/sse.lodz.pl\\\/bip\\\/przetarg-na-wylonienie-wykonawcy-budowy-kablowej-linii-energetycznej-konstantynow-lodzki\\\/\"]}]},{\"@type\":\"BreadcrumbList\",\"@id\":\"https:\\\/\\\/sse.lodz.pl\\\/bip\\\/przetarg-na-wylonienie-wykonawcy-budowy-kablowej-linii-energetycznej-konstantynow-lodzki\\\/#breadcrumb\",\"itemListElement\":[{\"@type\":\"ListItem\",\"position\":1,\"name\":\"Strona g\u0142\u00f3wna\",\"item\":\"https:\\\/\\\/sse.lodz.pl\\\/\"},{\"@type\":\"ListItem\",\"position\":2,\"name\":\"BIP\",\"item\":\"https:\\\/\\\/sse.lodz.pl\\\/bip\\\/\"},{\"@type\":\"ListItem\",\"position\":3,\"name\":\"Przetarg na wy\u0142onienie Wykonawcy budowy kablowej linii energetycznej, Konstantyn\u00f3w \u0141\u00f3dzki\"}]},{\"@type\":\"WebSite\",\"@id\":\"https:\\\/\\\/sse.lodz.pl\\\/#website\",\"url\":\"https:\\\/\\\/sse.lodz.pl\\\/\",\"name\":\"\u0141\u00f3dzka Specjalna Strefa Ekonomiczna\",\"description\":\"\",\"potentialAction\":[{\"@type\":\"SearchAction\",\"target\":{\"@type\":\"EntryPoint\",\"urlTemplate\":\"https:\\\/\\\/sse.lodz.pl\\\/?s={search_term_string}\"},\"query-input\":{\"@type\":\"PropertyValueSpecification\",\"valueRequired\":true,\"valueName\":\"search_term_string\"}}],\"inLanguage\":\"en-US\"}]}<\/script>\n<!-- \/ Yoast SEO plugin. -->","yoast_head_json":{"title":"Przetarg na wy\u0142onienie Wykonawcy budowy kablowej linii energetycznej, Konstantyn\u00f3w \u0141\u00f3dzki - \u0141\u00f3dzka Specjalna Strefa Ekonomiczna","robots":{"index":"index","follow":"follow","max-snippet":"max-snippet:-1","max-image-preview":"max-image-preview:large","max-video-preview":"max-video-preview:-1"},"canonical":"https:\/\/sse.lodz.pl\/bip\/przetarg-na-wylonienie-wykonawcy-budowy-kablowej-linii-energetycznej-konstantynow-lodzki\/","og_locale":"en_US","og_type":"article","og_title":"Przetarg na wy\u0142onienie Wykonawcy budowy kablowej linii energetycznej, Konstantyn\u00f3w \u0141\u00f3dzki - \u0141\u00f3dzka Specjalna Strefa Ekonomiczna","og_url":"https:\/\/sse.lodz.pl\/bip\/przetarg-na-wylonienie-wykonawcy-budowy-kablowej-linii-energetycznej-konstantynow-lodzki\/","og_site_name":"\u0141\u00f3dzka Specjalna Strefa Ekonomiczna","article_modified_time":"2023-03-14T17:26:10+00:00","twitter_card":"summary_large_image","twitter_misc":{"Est. reading time":"1 minute"},"schema":{"@context":"https:\/\/schema.org","@graph":[{"@type":"WebPage","@id":"https:\/\/sse.lodz.pl\/bip\/przetarg-na-wylonienie-wykonawcy-budowy-kablowej-linii-energetycznej-konstantynow-lodzki\/","url":"https:\/\/sse.lodz.pl\/bip\/przetarg-na-wylonienie-wykonawcy-budowy-kablowej-linii-energetycznej-konstantynow-lodzki\/","name":"Przetarg na wy\u0142onienie Wykonawcy budowy kablowej linii energetycznej, Konstantyn\u00f3w \u0141\u00f3dzki - \u0141\u00f3dzka Specjalna Strefa Ekonomiczna","isPartOf":{"@id":"https:\/\/sse.lodz.pl\/#website"},"datePublished":"2014-02-26T23:00:00+00:00","dateModified":"2023-03-14T17:26:10+00:00","breadcrumb":{"@id":"https:\/\/sse.lodz.pl\/bip\/przetarg-na-wylonienie-wykonawcy-budowy-kablowej-linii-energetycznej-konstantynow-lodzki\/#breadcrumb"},"inLanguage":"en-US","potentialAction":[{"@type":"ReadAction","target":["https:\/\/sse.lodz.pl\/bip\/przetarg-na-wylonienie-wykonawcy-budowy-kablowej-linii-energetycznej-konstantynow-lodzki\/"]}]},{"@type":"BreadcrumbList","@id":"https:\/\/sse.lodz.pl\/bip\/przetarg-na-wylonienie-wykonawcy-budowy-kablowej-linii-energetycznej-konstantynow-lodzki\/#breadcrumb","itemListElement":[{"@type":"ListItem","position":1,"name":"Strona g\u0142\u00f3wna","item":"https:\/\/sse.lodz.pl\/"},{"@type":"ListItem","position":2,"name":"BIP","item":"https:\/\/sse.lodz.pl\/bip\/"},{"@type":"ListItem","position":3,"name":"Przetarg na wy\u0142onienie Wykonawcy budowy kablowej linii energetycznej, Konstantyn\u00f3w \u0141\u00f3dzki"}]},{"@type":"WebSite","@id":"https:\/\/sse.lodz.pl\/#website","url":"https:\/\/sse.lodz.pl\/","name":"\u0141\u00f3dzka Specjalna Strefa Ekonomiczna","description":"","potentialAction":[{"@type":"SearchAction","target":{"@type":"EntryPoint","urlTemplate":"https:\/\/sse.lodz.pl\/?s={search_term_string}"},"query-input":{"@type":"PropertyValueSpecification","valueRequired":true,"valueName":"search_term_string"}}],"inLanguage":"en-US"}]}},"_links":{"self":[{"href":"https:\/\/sse.lodz.pl\/en\/wp-json\/wp\/v2\/bip\/347","targetHints":{"allow":["GET"]}}],"collection":[{"href":"https:\/\/sse.lodz.pl\/en\/wp-json\/wp\/v2\/bip"}],"about":[{"href":"https:\/\/sse.lodz.pl\/en\/wp-json\/wp\/v2\/types\/bip"}],"wp:attachment":[{"href":"https:\/\/sse.lodz.pl\/en\/wp-json\/wp\/v2\/media?parent=347"}],"wp:term":[{"taxonomy":"bip_category","embeddable":true,"href":"https:\/\/sse.lodz.pl\/en\/wp-json\/wp\/v2\/bip_category?post=347"}],"curies":[{"name":"wp","href":"https:\/\/api.w.org\/{rel}","templated":true}]}}

Przetarg na wyłonienie Wykonawcy budowy kablowej linii energetycznej, Konstantynów Łódzki

<div align="center"><span style="color: #000000;">1065</span></div>
<div align="center"><span style="color: #000000;"><strong>Łódzka Specjalna Strefa Ekonomiczna S.A.</strong></span></div>
<div align="center"><span style="color: #000000;"><strong>90-349 Łódź</strong></span></div>
<div align="center"><span style="color: #000000;"><strong>ul. ks. Tymienieckiego 22/24</strong></span></div>
<p align="center"><span style="color: #000000;">ogłasza przetarg nieograniczony na:</span></p>
<p style="text-align: center;" align="center"><span style="color: #000000;">wyłonienie Wykonawcy budowy kablowej linii energetycznej wraz </span><br /><span style="color: #000000;"> z rozgałęźnikiem kablowym i murem oporowym zastępującej kolizyjny </span><br /><span style="color: #000000;"> z zagospodarowywanym terenem inwestycyjnym Kompleksu 1 ŁSSE </span><br /><span style="color: #000000;"> w Konstantynowie Łódzkim odcinek napowietrznej linii SN 15kV </span></p>
<p><span style="color: #000000;"><strong>Wymagany okres realizacji zamówienia:</strong></span></p>
<div style="margin-left: 30px;"><span style="color: #000000;">rozpoczęcie: najpóźniej   <strong>od dnia 31.05.2013 r.</strong></span></div>
<div style="margin-left: 30px;"><span style="color: #000000;">zakończenie: najpóźniej   <strong>do dnia 31.07.2013 r.</strong></span></div>
<p><span style="color: #000000;"><strong>Kryteria wyboru oferty i ich znaczenie:</strong></span></p>
<div style="margin-left: 30px;"><span style="color: #000000;">cena: 85%</span></div>
<div style="margin-left: 30px;"><span style="color: #000000;">gwarancja: 15%</span></div>
<p><span style="color: #000000;">Istotne warunki tego zamówienia z formularzem ofertowym i kompletem dokumentów znaleźć można w załącznikach.<br /></span></p>
<p><span style="color: #000000;">Oferty należy składać w siedzibie Zarządu Łódzkiej Specjalnej Strefy Ekonomicznej S.A.(sekretariat) przy ul. ks. Tymienieckiego 22/24 w Łodzi <strong>najpóźniej do dnia 17.05.2013 r.</strong> do godz. 9³º.</span></p>
<p><span style="color: #000000;">Otwarcie ofert nastąpi <strong>w dniu 17.05.2013 r. o godz. 10ºº </strong>w siedzibie Zarządu Łódzkiej Specjalnej Strefy Ekonomicznej S.A.</span></p>
<p><span style="color: #000000;">Szczegółowe informacje na temat przetargu udzielane są w siedzibie Zarządu Łódzkiej Specjalnej Strefy Ekonomicznej S.A. lub telefonicznie (42) 275-50-63, (42) 275-50-65</span></p>

<!-- This site is optimized with the Yoast SEO plugin v27.4 - https://yoast.com/product/yoast-seo-wordpress/ -->
<title>Przetarg na wyłonienie Wykonawcy budowy kablowej linii energetycznej, Konstantynów Łódzki - Łódzka Specjalna Strefa Ekonomiczna</title>
<meta name="robots" content="index, follow, max-snippet:-1, max-image-preview:large, max-video-preview:-1" />
<link rel="canonical" href="https://sse.lodz.pl/bip/przetarg-na-wylonienie-wykonawcy-budowy-kablowej-linii-energetycznej-konstantynow-lodzki/" />
<meta property="og:locale" content="en_US" />
<meta property="og:type" content="article" />
<meta property="og:title" content="Przetarg na wyłonienie Wykonawcy budowy kablowej linii energetycznej, Konstantynów Łódzki - Łódzka Specjalna Strefa Ekonomiczna" />
<meta property="og:url" content="https://sse.lodz.pl/bip/przetarg-na-wylonienie-wykonawcy-budowy-kablowej-linii-energetycznej-konstantynow-lodzki/" />
<meta property="og:site_name" content="Łódzka Specjalna Strefa Ekonomiczna" />
<meta property="article:modified_time" content="2023-03-14T17:26:10+00:00" />
<meta name="twitter:card" content="summary_large_image" />
<meta name="twitter:label1" content="Est. reading time" />
	<meta name="twitter:data1" content="1 minute" />
<script type="application/ld+json" class="yoast-schema-graph">{"@context":"https:\/\/schema.org","@graph":[{"@type":"WebPage","@id":"https:\/\/sse.lodz.pl\/bip\/przetarg-na-wylonienie-wykonawcy-budowy-kablowej-linii-energetycznej-konstantynow-lodzki\/","url":"https:\/\/sse.lodz.pl\/bip\/przetarg-na-wylonienie-wykonawcy-budowy-kablowej-linii-energetycznej-konstantynow-lodzki\/","name":"Przetarg na wyłonienie Wykonawcy budowy kablowej linii energetycznej, Konstantynów Łódzki - Łódzka Specjalna Strefa Ekonomiczna","isPartOf":{"@id":"https:\/\/sse.lodz.pl\/#website"},"datePublished":"2014-02-26T23:00:00+00:00","dateModified":"2023-03-14T17:26:10+00:00","breadcrumb":{"@id":"https:\/\/sse.lodz.pl\/bip\/przetarg-na-wylonienie-wykonawcy-budowy-kablowej-linii-energetycznej-konstantynow-lodzki\/#breadcrumb"},"inLanguage":"en-US","potentialAction":[{"@type":"ReadAction","target":["https:\/\/sse.lodz.pl\/bip\/przetarg-na-wylonienie-wykonawcy-budowy-kablowej-linii-energetycznej-konstantynow-lodzki\/"]}]},{"@type":"BreadcrumbList","@id":"https:\/\/sse.lodz.pl\/bip\/przetarg-na-wylonienie-wykonawcy-budowy-kablowej-linii-energetycznej-konstantynow-lodzki\/#breadcrumb","itemListElement":[{"@type":"ListItem","position":1,"name":"Strona główna","item":"https:\/\/sse.lodz.pl\/"},{"@type":"ListItem","position":2,"name":"BIP","item":"https:\/\/sse.lodz.pl\/bip\/"},{"@type":"ListItem","position":3,"name":"Przetarg na wyłonienie Wykonawcy budowy kablowej linii energetycznej, Konstantynów Łódzki"}]},{"@type":"WebSite","@id":"https:\/\/sse.lodz.pl\/#website","url":"https:\/\/sse.lodz.pl\/","name":"Łódzka Specjalna Strefa Ekonomiczna","description":"","potentialAction":[{"@type":"SearchAction","target":{"@type":"EntryPoint","urlTemplate":"https:\/\/sse.lodz.pl\/?s={search_term_string}"},"query-input":{"@type":"PropertyValueSpecification","valueRequired":true,"valueName":"search_term_string"}}],"inLanguage":"en-US"}]}</script>
<!-- / Yoast SEO plugin. -->

Przetarg na wyłonienie Wykonawcy budowy kablowej linii energetycznej, Konstantynów Łódzki - Łódzka Specjalna Strefa Ekonomiczna

Łódzka Specjalna Strefa Ekonomiczna

Strona główna
