{"id":362,"date":"2014-02-27T00:00:00","date_gmt":"2014-02-26T23:00:00","guid":{"rendered":"https:\/\/sse.lodz.pl\/bip\/zapytanie-ofertowe-dotyczace-zakupu-pakietu-reklamowe-w-branzowej-tv-niemieckiej-w-ramach-kampanii-lodzkie-strefa-biznesu-szyta-na-miare\/"},"modified":"2023-03-14T18:26:11","modified_gmt":"2023-03-14T17:26:11","slug":"zapytanie-ofertowe-dotyczace-zakupu-pakietu-reklamowe-w-branzowej-tv-niemieckiej-w-ramach-kampanii-lodzkie-strefa-biznesu-szyta-na-miare","status":"publish","type":"bip","link":"https:\/\/sse.lodz.pl\/en\/bip\/zapytanie-ofertowe-dotyczace-zakupu-pakietu-reklamowe-w-branzowej-tv-niemieckiej-w-ramach-kampanii-lodzkie-strefa-biznesu-szyta-na-miare\/","title":{"rendered":"Zapytanie ofertowe dotycz\u0105ce zakupu pakietu reklamowe w bran\u017cowej TV niemieckiej w ramach kampanii &#8220;\u0141\u00f3dzkie &#8211; Strefa Biznesu Szyta na Miar\u0119&#8221;"},"content":{"rendered":"<p style=\"margin-left: 30px;\"><span style=\"color: #000000;\">Szanowni Pa\u0144stwo,<\/span><\/p>\n<div style=\"margin-left: 30px;\"><span style=\"color: #000000;\">W zwi\u0105zku z realizacj\u0105 projektu <strong>&#8220;\u0141\u00f3dzkie &#8211; Strefa Biznesu Szyta na Miar\u0119&#8221; jako narz\u0119dzie wspieraj\u0105ce proces budowy marki &#8220;\u0141\u00f3dzkie&#8221;<\/strong> w ramach Dzia\u0142ania III.2 Podnoszenie innowacyjno\u015bci i konkurencyjno\u015bci przedsi\u0119biorstw, O\u015b Priorytetowa III: Gospodarka, innowacyjno\u015b\u0107, przedsi\u0119biorczo\u015b\u0107 Regionalnego Programu Operacyjnego Wojew\u00f3dztwa \u0141\u00f3dzkiego na lata 2007-2013 w za\u0142\u0105czniku znajduje si\u0119 zapytanie ofertowe (w j\u0119zyku polskim i niemieckim) oraz pozosta\u0142e wymagane dokumenty dotycz\u0105ce zakupu pakietu reklamowego w bran\u017cowej TV niemieckiej promuj\u0105cego kampani\u0119 &#8220;\u0141\u00f3dzkie &#8211; Strefa Biznesu Szyta na Miar\u0119&#8221;.<br \/><\/span><\/div>\n<p style=\"margin-left: 30px;\"><span style=\"color: #000000;\">Zapraszamy do sk\u0142adania ofert!<\/span><\/p>\n<p style=\"margin-left: 30px;\">\u00a0<\/p>\n<ul>\n<li><a href=\"..\/images\/stories\/943\/projekt%20umowy.doc\" target=\"_blank\" rel=\"noopener\">projekt umowy.doc<\/a><\/li>\n<li><a href=\"..\/images\/stories\/943\/formularz%20ofertowy.doc\" target=\"_blank\" rel=\"noopener\">formularz ofertowy.doc<\/a><\/li>\n<li><a href=\"..\/images\/stories\/943\/oswiadczenie%20oferenta.pdf\" target=\"_blank\" rel=\"noopener\">oswiadczenie oferenta.pdf<\/a><\/li>\n<li><a href=\"..\/images\/stories\/943\/zapytanie%20ofertowe-%20de.pdf\" target=\"_blank\" rel=\"noopener\">zapytanie ofertowe- de.pdf<\/a><\/li>\n<li><a href=\"..\/images\/stories\/943\/zapytanie%20ofertowe-%20pl.pdf\" target=\"_blank\" rel=\"noopener\">zapytanie ofertowe- pl.pdf<\/a><\/li>\n<\/ul>\n","protected":false},"featured_media":0,"template":"","bip_category":[22,21],"class_list":["post-362","bip","type-bip","status-publish","hentry","bip_category-ogloszone","bip_category-przetargi"],"translation":{"provider":"WPGlobus","version":"3.0.2","language":"en","enabled_languages":["pl","en"],"languages":{"pl":{"title":true,"content":true,"excerpt":false},"en":{"title":false,"content":false,"excerpt":false}}},"acf":[],"yoast_head":"<!-- This site is optimized with the Yoast SEO plugin v27.4 - https:\/\/yoast.com\/product\/yoast-seo-wordpress\/ -->\n<title>Zapytanie ofertowe dotycz\u0105ce zakupu pakietu reklamowe w bran\u017cowej TV niemieckiej w ramach kampanii &quot;\u0141\u00f3dzkie - Strefa Biznesu Szyta na Miar\u0119&quot; - \u0141\u00f3dzka Specjalna Strefa Ekonomiczna<\/title>\n<meta name=\"robots\" content=\"index, follow, max-snippet:-1, max-image-preview:large, max-video-preview:-1\" \/>\n<link rel=\"canonical\" href=\"https:\/\/sse.lodz.pl\/bip\/zapytanie-ofertowe-dotyczace-zakupu-pakietu-reklamowe-w-branzowej-tv-niemieckiej-w-ramach-kampanii-lodzkie-strefa-biznesu-szyta-na-miare\/\" \/>\n<meta property=\"og:locale\" content=\"en_US\" \/>\n<meta property=\"og:type\" content=\"article\" \/>\n<meta property=\"og:title\" content=\"Zapytanie ofertowe dotycz\u0105ce zakupu pakietu reklamowe w bran\u017cowej TV niemieckiej w ramach kampanii &quot;\u0141\u00f3dzkie - Strefa Biznesu Szyta na Miar\u0119&quot; - \u0141\u00f3dzka Specjalna Strefa Ekonomiczna\" \/>\n<meta property=\"og:url\" content=\"https:\/\/sse.lodz.pl\/bip\/zapytanie-ofertowe-dotyczace-zakupu-pakietu-reklamowe-w-branzowej-tv-niemieckiej-w-ramach-kampanii-lodzkie-strefa-biznesu-szyta-na-miare\/\" \/>\n<meta property=\"og:site_name\" content=\"\u0141\u00f3dzka Specjalna Strefa Ekonomiczna\" \/>\n<meta property=\"article:modified_time\" content=\"2023-03-14T17:26:11+00:00\" \/>\n<meta name=\"twitter:card\" content=\"summary_large_image\" \/>\n<meta name=\"twitter:label1\" content=\"Est. reading time\" \/>\n\t<meta name=\"twitter:data1\" content=\"1 minute\" \/>\n<script type=\"application\/ld+json\" class=\"yoast-schema-graph\">{\"@context\":\"https:\\\/\\\/schema.org\",\"@graph\":[{\"@type\":\"WebPage\",\"@id\":\"https:\\\/\\\/sse.lodz.pl\\\/bip\\\/zapytanie-ofertowe-dotyczace-zakupu-pakietu-reklamowe-w-branzowej-tv-niemieckiej-w-ramach-kampanii-lodzkie-strefa-biznesu-szyta-na-miare\\\/\",\"url\":\"https:\\\/\\\/sse.lodz.pl\\\/bip\\\/zapytanie-ofertowe-dotyczace-zakupu-pakietu-reklamowe-w-branzowej-tv-niemieckiej-w-ramach-kampanii-lodzkie-strefa-biznesu-szyta-na-miare\\\/\",\"name\":\"Zapytanie ofertowe dotycz\u0105ce zakupu pakietu reklamowe w bran\u017cowej TV niemieckiej w ramach kampanii \\\"\u0141\u00f3dzkie - Strefa Biznesu Szyta na Miar\u0119\\\" - \u0141\u00f3dzka Specjalna Strefa Ekonomiczna\",\"isPartOf\":{\"@id\":\"https:\\\/\\\/sse.lodz.pl\\\/#website\"},\"datePublished\":\"2014-02-26T23:00:00+00:00\",\"dateModified\":\"2023-03-14T17:26:11+00:00\",\"breadcrumb\":{\"@id\":\"https:\\\/\\\/sse.lodz.pl\\\/bip\\\/zapytanie-ofertowe-dotyczace-zakupu-pakietu-reklamowe-w-branzowej-tv-niemieckiej-w-ramach-kampanii-lodzkie-strefa-biznesu-szyta-na-miare\\\/#breadcrumb\"},\"inLanguage\":\"en-US\",\"potentialAction\":[{\"@type\":\"ReadAction\",\"target\":[\"https:\\\/\\\/sse.lodz.pl\\\/bip\\\/zapytanie-ofertowe-dotyczace-zakupu-pakietu-reklamowe-w-branzowej-tv-niemieckiej-w-ramach-kampanii-lodzkie-strefa-biznesu-szyta-na-miare\\\/\"]}]},{\"@type\":\"BreadcrumbList\",\"@id\":\"https:\\\/\\\/sse.lodz.pl\\\/bip\\\/zapytanie-ofertowe-dotyczace-zakupu-pakietu-reklamowe-w-branzowej-tv-niemieckiej-w-ramach-kampanii-lodzkie-strefa-biznesu-szyta-na-miare\\\/#breadcrumb\",\"itemListElement\":[{\"@type\":\"ListItem\",\"position\":1,\"name\":\"Strona g\u0142\u00f3wna\",\"item\":\"https:\\\/\\\/sse.lodz.pl\\\/\"},{\"@type\":\"ListItem\",\"position\":2,\"name\":\"BIP\",\"item\":\"https:\\\/\\\/sse.lodz.pl\\\/bip\\\/\"},{\"@type\":\"ListItem\",\"position\":3,\"name\":\"Zapytanie ofertowe dotycz\u0105ce zakupu pakietu reklamowe w bran\u017cowej TV niemieckiej w ramach kampanii &#8222;\u0141\u00f3dzkie &#8211; Strefa Biznesu Szyta na Miar\u0119&#8221;\"}]},{\"@type\":\"WebSite\",\"@id\":\"https:\\\/\\\/sse.lodz.pl\\\/#website\",\"url\":\"https:\\\/\\\/sse.lodz.pl\\\/\",\"name\":\"\u0141\u00f3dzka Specjalna Strefa Ekonomiczna\",\"description\":\"\",\"potentialAction\":[{\"@type\":\"SearchAction\",\"target\":{\"@type\":\"EntryPoint\",\"urlTemplate\":\"https:\\\/\\\/sse.lodz.pl\\\/?s={search_term_string}\"},\"query-input\":{\"@type\":\"PropertyValueSpecification\",\"valueRequired\":true,\"valueName\":\"search_term_string\"}}],\"inLanguage\":\"en-US\"}]}<\/script>\n<!-- \/ Yoast SEO plugin. -->","yoast_head_json":{"title":"Zapytanie ofertowe dotycz\u0105ce zakupu pakietu reklamowe w bran\u017cowej TV niemieckiej w ramach kampanii \"\u0141\u00f3dzkie - Strefa Biznesu Szyta na Miar\u0119\" - \u0141\u00f3dzka Specjalna Strefa Ekonomiczna","robots":{"index":"index","follow":"follow","max-snippet":"max-snippet:-1","max-image-preview":"max-image-preview:large","max-video-preview":"max-video-preview:-1"},"canonical":"https:\/\/sse.lodz.pl\/bip\/zapytanie-ofertowe-dotyczace-zakupu-pakietu-reklamowe-w-branzowej-tv-niemieckiej-w-ramach-kampanii-lodzkie-strefa-biznesu-szyta-na-miare\/","og_locale":"en_US","og_type":"article","og_title":"Zapytanie ofertowe dotycz\u0105ce zakupu pakietu reklamowe w bran\u017cowej TV niemieckiej w ramach kampanii \"\u0141\u00f3dzkie - Strefa Biznesu Szyta na Miar\u0119\" - \u0141\u00f3dzka Specjalna Strefa Ekonomiczna","og_url":"https:\/\/sse.lodz.pl\/bip\/zapytanie-ofertowe-dotyczace-zakupu-pakietu-reklamowe-w-branzowej-tv-niemieckiej-w-ramach-kampanii-lodzkie-strefa-biznesu-szyta-na-miare\/","og_site_name":"\u0141\u00f3dzka Specjalna Strefa Ekonomiczna","article_modified_time":"2023-03-14T17:26:11+00:00","twitter_card":"summary_large_image","twitter_misc":{"Est. reading time":"1 minute"},"schema":{"@context":"https:\/\/schema.org","@graph":[{"@type":"WebPage","@id":"https:\/\/sse.lodz.pl\/bip\/zapytanie-ofertowe-dotyczace-zakupu-pakietu-reklamowe-w-branzowej-tv-niemieckiej-w-ramach-kampanii-lodzkie-strefa-biznesu-szyta-na-miare\/","url":"https:\/\/sse.lodz.pl\/bip\/zapytanie-ofertowe-dotyczace-zakupu-pakietu-reklamowe-w-branzowej-tv-niemieckiej-w-ramach-kampanii-lodzkie-strefa-biznesu-szyta-na-miare\/","name":"Zapytanie ofertowe dotycz\u0105ce zakupu pakietu reklamowe w bran\u017cowej TV niemieckiej w ramach kampanii \"\u0141\u00f3dzkie - Strefa Biznesu Szyta na Miar\u0119\" - \u0141\u00f3dzka Specjalna Strefa Ekonomiczna","isPartOf":{"@id":"https:\/\/sse.lodz.pl\/#website"},"datePublished":"2014-02-26T23:00:00+00:00","dateModified":"2023-03-14T17:26:11+00:00","breadcrumb":{"@id":"https:\/\/sse.lodz.pl\/bip\/zapytanie-ofertowe-dotyczace-zakupu-pakietu-reklamowe-w-branzowej-tv-niemieckiej-w-ramach-kampanii-lodzkie-strefa-biznesu-szyta-na-miare\/#breadcrumb"},"inLanguage":"en-US","potentialAction":[{"@type":"ReadAction","target":["https:\/\/sse.lodz.pl\/bip\/zapytanie-ofertowe-dotyczace-zakupu-pakietu-reklamowe-w-branzowej-tv-niemieckiej-w-ramach-kampanii-lodzkie-strefa-biznesu-szyta-na-miare\/"]}]},{"@type":"BreadcrumbList","@id":"https:\/\/sse.lodz.pl\/bip\/zapytanie-ofertowe-dotyczace-zakupu-pakietu-reklamowe-w-branzowej-tv-niemieckiej-w-ramach-kampanii-lodzkie-strefa-biznesu-szyta-na-miare\/#breadcrumb","itemListElement":[{"@type":"ListItem","position":1,"name":"Strona g\u0142\u00f3wna","item":"https:\/\/sse.lodz.pl\/"},{"@type":"ListItem","position":2,"name":"BIP","item":"https:\/\/sse.lodz.pl\/bip\/"},{"@type":"ListItem","position":3,"name":"Zapytanie ofertowe dotycz\u0105ce zakupu pakietu reklamowe w bran\u017cowej TV niemieckiej w ramach kampanii &#8222;\u0141\u00f3dzkie &#8211; Strefa Biznesu Szyta na Miar\u0119&#8221;"}]},{"@type":"WebSite","@id":"https:\/\/sse.lodz.pl\/#website","url":"https:\/\/sse.lodz.pl\/","name":"\u0141\u00f3dzka Specjalna Strefa Ekonomiczna","description":"","potentialAction":[{"@type":"SearchAction","target":{"@type":"EntryPoint","urlTemplate":"https:\/\/sse.lodz.pl\/?s={search_term_string}"},"query-input":{"@type":"PropertyValueSpecification","valueRequired":true,"valueName":"search_term_string"}}],"inLanguage":"en-US"}]}},"_links":{"self":[{"href":"https:\/\/sse.lodz.pl\/en\/wp-json\/wp\/v2\/bip\/362","targetHints":{"allow":["GET"]}}],"collection":[{"href":"https:\/\/sse.lodz.pl\/en\/wp-json\/wp\/v2\/bip"}],"about":[{"href":"https:\/\/sse.lodz.pl\/en\/wp-json\/wp\/v2\/types\/bip"}],"wp:attachment":[{"href":"https:\/\/sse.lodz.pl\/en\/wp-json\/wp\/v2\/media?parent=362"}],"wp:term":[{"taxonomy":"bip_category","embeddable":true,"href":"https:\/\/sse.lodz.pl\/en\/wp-json\/wp\/v2\/bip_category?post=362"}],"curies":[{"name":"wp","href":"https:\/\/api.w.org\/{rel}","templated":true}]}}

Zapytanie ofertowe dotyczące zakupu pakietu reklamowe w branżowej TV niemieckiej w ramach kampanii &#8220;Łódzkie &#8211; Strefa Biznesu Szyta na Miarę&#8221;

<p style="margin-left: 30px;"><span style="color: #000000;">Szanowni Państwo,</span></p>
<div style="margin-left: 30px;"><span style="color: #000000;">W związku z realizacją projektu <strong>&#8220;Łódzkie &#8211; Strefa Biznesu Szyta na Miarę&#8221; jako narzędzie wspierające proces budowy marki &#8220;Łódzkie&#8221;</strong> w ramach Działania III.2 Podnoszenie innowacyjności i konkurencyjności przedsiębiorstw, Oś Priorytetowa III: Gospodarka, innowacyjność, przedsiębiorczość Regionalnego Programu Operacyjnego Województwa Łódzkiego na lata 2007-2013 w załączniku znajduje się zapytanie ofertowe (w języku polskim i niemieckim) oraz pozostałe wymagane dokumenty dotyczące zakupu pakietu reklamowego w branżowej TV niemieckiej promującego kampanię &#8220;Łódzkie &#8211; Strefa Biznesu Szyta na Miarę&#8221;.<br /></span></div>
<p style="margin-left: 30px;"><span style="color: #000000;">Zapraszamy do składania ofert!</span></p>
<p style="margin-left: 30px;"> </p>
<ul>
<li><a href="../images/stories/943/projekt%20umowy.doc" target="_blank" rel="noopener">projekt umowy.doc</a></li>
<li><a href="../images/stories/943/formularz%20ofertowy.doc" target="_blank" rel="noopener">formularz ofertowy.doc</a></li>
<li><a href="../images/stories/943/oswiadczenie%20oferenta.pdf" target="_blank" rel="noopener">oswiadczenie oferenta.pdf</a></li>
<li><a href="../images/stories/943/zapytanie%20ofertowe-%20de.pdf" target="_blank" rel="noopener">zapytanie ofertowe- de.pdf</a></li>
<li><a href="../images/stories/943/zapytanie%20ofertowe-%20pl.pdf" target="_blank" rel="noopener">zapytanie ofertowe- pl.pdf</a></li>
</ul>

<!-- This site is optimized with the Yoast SEO plugin v27.4 - https://yoast.com/product/yoast-seo-wordpress/ -->
<title>Zapytanie ofertowe dotyczące zakupu pakietu reklamowe w branżowej TV niemieckiej w ramach kampanii &quot;Łódzkie - Strefa Biznesu Szyta na Miarę&quot; - Łódzka Specjalna Strefa Ekonomiczna</title>
<meta name="robots" content="index, follow, max-snippet:-1, max-image-preview:large, max-video-preview:-1" />
<link rel="canonical" href="https://sse.lodz.pl/bip/zapytanie-ofertowe-dotyczace-zakupu-pakietu-reklamowe-w-branzowej-tv-niemieckiej-w-ramach-kampanii-lodzkie-strefa-biznesu-szyta-na-miare/" />
<meta property="og:locale" content="en_US" />
<meta property="og:type" content="article" />
<meta property="og:title" content="Zapytanie ofertowe dotyczące zakupu pakietu reklamowe w branżowej TV niemieckiej w ramach kampanii &quot;Łódzkie - Strefa Biznesu Szyta na Miarę&quot; - Łódzka Specjalna Strefa Ekonomiczna" />
<meta property="og:url" content="https://sse.lodz.pl/bip/zapytanie-ofertowe-dotyczace-zakupu-pakietu-reklamowe-w-branzowej-tv-niemieckiej-w-ramach-kampanii-lodzkie-strefa-biznesu-szyta-na-miare/" />
<meta property="og:site_name" content="Łódzka Specjalna Strefa Ekonomiczna" />
<meta property="article:modified_time" content="2023-03-14T17:26:11+00:00" />
<meta name="twitter:card" content="summary_large_image" />
<meta name="twitter:label1" content="Est. reading time" />
	<meta name="twitter:data1" content="1 minute" />
<script type="application/ld+json" class="yoast-schema-graph">{"@context":"https:\/\/schema.org","@graph":[{"@type":"WebPage","@id":"https:\/\/sse.lodz.pl\/bip\/zapytanie-ofertowe-dotyczace-zakupu-pakietu-reklamowe-w-branzowej-tv-niemieckiej-w-ramach-kampanii-lodzkie-strefa-biznesu-szyta-na-miare\/","url":"https:\/\/sse.lodz.pl\/bip\/zapytanie-ofertowe-dotyczace-zakupu-pakietu-reklamowe-w-branzowej-tv-niemieckiej-w-ramach-kampanii-lodzkie-strefa-biznesu-szyta-na-miare\/","name":"Zapytanie ofertowe dotyczące zakupu pakietu reklamowe w branżowej TV niemieckiej w ramach kampanii \"Łódzkie - Strefa Biznesu Szyta na Miarę\" - Łódzka Specjalna Strefa Ekonomiczna","isPartOf":{"@id":"https:\/\/sse.lodz.pl\/#website"},"datePublished":"2014-02-26T23:00:00+00:00","dateModified":"2023-03-14T17:26:11+00:00","breadcrumb":{"@id":"https:\/\/sse.lodz.pl\/bip\/zapytanie-ofertowe-dotyczace-zakupu-pakietu-reklamowe-w-branzowej-tv-niemieckiej-w-ramach-kampanii-lodzkie-strefa-biznesu-szyta-na-miare\/#breadcrumb"},"inLanguage":"en-US","potentialAction":[{"@type":"ReadAction","target":["https:\/\/sse.lodz.pl\/bip\/zapytanie-ofertowe-dotyczace-zakupu-pakietu-reklamowe-w-branzowej-tv-niemieckiej-w-ramach-kampanii-lodzkie-strefa-biznesu-szyta-na-miare\/"]}]},{"@type":"BreadcrumbList","@id":"https:\/\/sse.lodz.pl\/bip\/zapytanie-ofertowe-dotyczace-zakupu-pakietu-reklamowe-w-branzowej-tv-niemieckiej-w-ramach-kampanii-lodzkie-strefa-biznesu-szyta-na-miare\/#breadcrumb","itemListElement":[{"@type":"ListItem","position":1,"name":"Strona główna","item":"https:\/\/sse.lodz.pl\/"},{"@type":"ListItem","position":2,"name":"BIP","item":"https:\/\/sse.lodz.pl\/bip\/"},{"@type":"ListItem","position":3,"name":"Zapytanie ofertowe dotyczące zakupu pakietu reklamowe w branżowej TV niemieckiej w ramach kampanii &#8222;Łódzkie &#8211; Strefa Biznesu Szyta na Miarę&#8221;"}]},{"@type":"WebSite","@id":"https:\/\/sse.lodz.pl\/#website","url":"https:\/\/sse.lodz.pl\/","name":"Łódzka Specjalna Strefa Ekonomiczna","description":"","potentialAction":[{"@type":"SearchAction","target":{"@type":"EntryPoint","urlTemplate":"https:\/\/sse.lodz.pl\/?s={search_term_string}"},"query-input":{"@type":"PropertyValueSpecification","valueRequired":true,"valueName":"search_term_string"}}],"inLanguage":"en-US"}]}</script>
<!-- / Yoast SEO plugin. -->

Zapytanie ofertowe dotyczące zakupu pakietu reklamowe w branżowej TV niemieckiej w ramach kampanii "Łódzkie - Strefa Biznesu Szyta na Miarę" - Łódzka Specjalna Strefa Ekonomiczna

Łódzka Specjalna Strefa Ekonomiczna

Strona główna

Zapytanie ofertowe dotyczące zakupu pakietu reklamowe w branżowej TV niemieckiej w ramach kampanii &#8222;Łódzkie &#8211; Strefa Biznesu Szyta na Miarę&#8221;
