{"id":516,"date":"2014-02-28T00:00:00","date_gmt":"2014-02-27T23:00:00","guid":{"rendered":"https:\/\/sse.lodz.pl\/bip\/correction\/"},"modified":"2023-03-14T18:26:26","modified_gmt":"2023-03-14T17:26:26","slug":"correction","status":"publish","type":"bip","link":"https:\/\/sse.lodz.pl\/en\/bip\/correction\/","title":{"rendered":"Correction"},"content":{"rendered":"<h1 align=\"center\"><b>Lodz\u00a0Special Economic Zone Joint-Stock Co.<\/b><\/h1>\n<h1 align=\"center\"><b>90-349 Lodz, ul. ks. Tymienieckiego 22\/24<\/b><\/h1>\n<p align=\"center\"><b><strong>tel. (0-42) 676 27 53, 676 27 54 , fax. 676 27 55<\/strong><\/b><\/p>\n<p><b><strong>as the company managing the Lodz Special Economic Zone, informs that\u00a0<\/strong><strong>in advertisement published in Puls Biznesu on 29 July 2010,<\/strong>\u00a0<strong>aiming at\u00a0selecting an entrepreneur who:<\/strong><\/b><\/p>\n<p style=\"margin-left: 36pt;\"><b>&#8211;\u00a0\u00a0\u00a0\u00a0\u00a0\u00a0\u00a0will receive a Permit for carrying out a business activity within the Lodz Special Economic Zone, the Sub-zone \u0141\u00f3d\u017a, Area 1 (formerly Nowy J\u00f3zef\u00f3w-Srebrna) and<\/b><\/p>\n<p style=\"margin-left: 36pt;\"><b>&#8211;\u00a0\u00a0\u00a0\u00a0\u00a0\u00a0\u00a0will be able to buy an un-built real estate described as plots No.:86\/5 and 87\/5, situated in Konstantyn\u00f3w \u0141\u00f3dzki, geodesic area K-18, of a surface of 1,0263 ha.<\/b><\/p>\n<p><b><strong>incorrectly announced the opening biding price of the real estate. Correct opening bidding price of the real estate is: 1.862.340,00 PLN + 22%VAT<\/strong><\/b><\/p>\n<p><b>The other conditions of the negotiations procedure remain unchanged.<\/b><\/p>\n","protected":false},"featured_media":0,"template":"","bip_category":[24],"class_list":["post-516","bip","type-bip","status-publish","hentry","bip_category-tenders"],"translation":{"provider":"WPGlobus","version":"3.0.2","language":"en","enabled_languages":["pl","en"],"languages":{"pl":{"title":true,"content":true,"excerpt":false},"en":{"title":false,"content":false,"excerpt":false}}},"acf":[],"yoast_head":"<!-- This site is optimized with the Yoast SEO plugin v27.4 - https:\/\/yoast.com\/product\/yoast-seo-wordpress\/ -->\n<title>Correction - \u0141\u00f3dzka Specjalna Strefa Ekonomiczna<\/title>\n<meta name=\"robots\" content=\"index, follow, max-snippet:-1, max-image-preview:large, max-video-preview:-1\" \/>\n<link rel=\"canonical\" href=\"https:\/\/sse.lodz.pl\/bip\/correction\/\" \/>\n<meta property=\"og:locale\" content=\"en_US\" \/>\n<meta property=\"og:type\" content=\"article\" \/>\n<meta property=\"og:title\" content=\"Correction - \u0141\u00f3dzka Specjalna Strefa Ekonomiczna\" \/>\n<meta property=\"og:url\" content=\"https:\/\/sse.lodz.pl\/bip\/correction\/\" \/>\n<meta property=\"og:site_name\" content=\"\u0141\u00f3dzka Specjalna Strefa Ekonomiczna\" \/>\n<meta property=\"article:modified_time\" content=\"2023-03-14T17:26:26+00:00\" \/>\n<meta name=\"twitter:card\" content=\"summary_large_image\" \/>\n<meta name=\"twitter:label1\" content=\"Est. reading time\" \/>\n\t<meta name=\"twitter:data1\" content=\"1 minute\" \/>\n<script type=\"application\/ld+json\" class=\"yoast-schema-graph\">{\"@context\":\"https:\\\/\\\/schema.org\",\"@graph\":[{\"@type\":\"WebPage\",\"@id\":\"https:\\\/\\\/sse.lodz.pl\\\/bip\\\/correction\\\/\",\"url\":\"https:\\\/\\\/sse.lodz.pl\\\/bip\\\/correction\\\/\",\"name\":\"Correction - \u0141\u00f3dzka Specjalna Strefa Ekonomiczna\",\"isPartOf\":{\"@id\":\"https:\\\/\\\/sse.lodz.pl\\\/#website\"},\"datePublished\":\"2014-02-27T23:00:00+00:00\",\"dateModified\":\"2023-03-14T17:26:26+00:00\",\"breadcrumb\":{\"@id\":\"https:\\\/\\\/sse.lodz.pl\\\/bip\\\/correction\\\/#breadcrumb\"},\"inLanguage\":\"en-US\",\"potentialAction\":[{\"@type\":\"ReadAction\",\"target\":[\"https:\\\/\\\/sse.lodz.pl\\\/bip\\\/correction\\\/\"]}]},{\"@type\":\"BreadcrumbList\",\"@id\":\"https:\\\/\\\/sse.lodz.pl\\\/bip\\\/correction\\\/#breadcrumb\",\"itemListElement\":[{\"@type\":\"ListItem\",\"position\":1,\"name\":\"Strona g\u0142\u00f3wna\",\"item\":\"https:\\\/\\\/sse.lodz.pl\\\/\"},{\"@type\":\"ListItem\",\"position\":2,\"name\":\"BIP\",\"item\":\"https:\\\/\\\/sse.lodz.pl\\\/bip\\\/\"},{\"@type\":\"ListItem\",\"position\":3,\"name\":\"Correction\"}]},{\"@type\":\"WebSite\",\"@id\":\"https:\\\/\\\/sse.lodz.pl\\\/#website\",\"url\":\"https:\\\/\\\/sse.lodz.pl\\\/\",\"name\":\"\u0141\u00f3dzka Specjalna Strefa Ekonomiczna\",\"description\":\"\",\"potentialAction\":[{\"@type\":\"SearchAction\",\"target\":{\"@type\":\"EntryPoint\",\"urlTemplate\":\"https:\\\/\\\/sse.lodz.pl\\\/?s={search_term_string}\"},\"query-input\":{\"@type\":\"PropertyValueSpecification\",\"valueRequired\":true,\"valueName\":\"search_term_string\"}}],\"inLanguage\":\"en-US\"}]}<\/script>\n<!-- \/ Yoast SEO plugin. -->","yoast_head_json":{"title":"Correction - \u0141\u00f3dzka Specjalna Strefa Ekonomiczna","robots":{"index":"index","follow":"follow","max-snippet":"max-snippet:-1","max-image-preview":"max-image-preview:large","max-video-preview":"max-video-preview:-1"},"canonical":"https:\/\/sse.lodz.pl\/bip\/correction\/","og_locale":"en_US","og_type":"article","og_title":"Correction - \u0141\u00f3dzka Specjalna Strefa Ekonomiczna","og_url":"https:\/\/sse.lodz.pl\/bip\/correction\/","og_site_name":"\u0141\u00f3dzka Specjalna Strefa Ekonomiczna","article_modified_time":"2023-03-14T17:26:26+00:00","twitter_card":"summary_large_image","twitter_misc":{"Est. reading time":"1 minute"},"schema":{"@context":"https:\/\/schema.org","@graph":[{"@type":"WebPage","@id":"https:\/\/sse.lodz.pl\/bip\/correction\/","url":"https:\/\/sse.lodz.pl\/bip\/correction\/","name":"Correction - \u0141\u00f3dzka Specjalna Strefa Ekonomiczna","isPartOf":{"@id":"https:\/\/sse.lodz.pl\/#website"},"datePublished":"2014-02-27T23:00:00+00:00","dateModified":"2023-03-14T17:26:26+00:00","breadcrumb":{"@id":"https:\/\/sse.lodz.pl\/bip\/correction\/#breadcrumb"},"inLanguage":"en-US","potentialAction":[{"@type":"ReadAction","target":["https:\/\/sse.lodz.pl\/bip\/correction\/"]}]},{"@type":"BreadcrumbList","@id":"https:\/\/sse.lodz.pl\/bip\/correction\/#breadcrumb","itemListElement":[{"@type":"ListItem","position":1,"name":"Strona g\u0142\u00f3wna","item":"https:\/\/sse.lodz.pl\/"},{"@type":"ListItem","position":2,"name":"BIP","item":"https:\/\/sse.lodz.pl\/bip\/"},{"@type":"ListItem","position":3,"name":"Correction"}]},{"@type":"WebSite","@id":"https:\/\/sse.lodz.pl\/#website","url":"https:\/\/sse.lodz.pl\/","name":"\u0141\u00f3dzka Specjalna Strefa Ekonomiczna","description":"","potentialAction":[{"@type":"SearchAction","target":{"@type":"EntryPoint","urlTemplate":"https:\/\/sse.lodz.pl\/?s={search_term_string}"},"query-input":{"@type":"PropertyValueSpecification","valueRequired":true,"valueName":"search_term_string"}}],"inLanguage":"en-US"}]}},"_links":{"self":[{"href":"https:\/\/sse.lodz.pl\/en\/wp-json\/wp\/v2\/bip\/516","targetHints":{"allow":["GET"]}}],"collection":[{"href":"https:\/\/sse.lodz.pl\/en\/wp-json\/wp\/v2\/bip"}],"about":[{"href":"https:\/\/sse.lodz.pl\/en\/wp-json\/wp\/v2\/types\/bip"}],"wp:attachment":[{"href":"https:\/\/sse.lodz.pl\/en\/wp-json\/wp\/v2\/media?parent=516"}],"wp:term":[{"taxonomy":"bip_category","embeddable":true,"href":"https:\/\/sse.lodz.pl\/en\/wp-json\/wp\/v2\/bip_category?post=516"}],"curies":[{"name":"wp","href":"https:\/\/api.w.org\/{rel}","templated":true}]}}

<h1 align="center"><b>Lodz Special Economic Zone Joint-Stock Co.</b></h1>
<h1 align="center"><b>90-349 Lodz, ul. ks. Tymienieckiego 22/24</b></h1>
<p align="center"><b><strong>tel. (0-42) 676 27 53, 676 27 54 , fax. 676 27 55</strong></b></p>
<p><b><strong>as the company managing the Lodz Special Economic Zone, informs that </strong><strong>in advertisement published in Puls Biznesu on 29 July 2010,</strong> <strong>aiming at selecting an entrepreneur who:</strong></b></p>
<p style="margin-left: 36pt;"><b>&#8211;       will receive a Permit for carrying out a business activity within the Lodz Special Economic Zone, the Sub-zone Łódź, Area 1 (formerly Nowy Józefów-Srebrna) and</b></p>
<p style="margin-left: 36pt;"><b>&#8211;       will be able to buy an un-built real estate described as plots No.:86/5 and 87/5, situated in Konstantynów Łódzki, geodesic area K-18, of a surface of 1,0263 ha.</b></p>
<p><b><strong>incorrectly announced the opening biding price of the real estate. Correct opening bidding price of the real estate is: 1.862.340,00 PLN + 22%VAT</strong></b></p>
<p><b>The other conditions of the negotiations procedure remain unchanged.</b></p>

<!-- This site is optimized with the Yoast SEO plugin v27.4 - https://yoast.com/product/yoast-seo-wordpress/ -->
<title>Correction - Łódzka Specjalna Strefa Ekonomiczna</title>
<meta name="robots" content="index, follow, max-snippet:-1, max-image-preview:large, max-video-preview:-1" />
<link rel="canonical" href="https://sse.lodz.pl/bip/correction/" />
<meta property="og:locale" content="en_US" />
<meta property="og:type" content="article" />
<meta property="og:title" content="Correction - Łódzka Specjalna Strefa Ekonomiczna" />
<meta property="og:url" content="https://sse.lodz.pl/bip/correction/" />
<meta property="og:site_name" content="Łódzka Specjalna Strefa Ekonomiczna" />
<meta property="article:modified_time" content="2023-03-14T17:26:26+00:00" />
<meta name="twitter:card" content="summary_large_image" />
<meta name="twitter:label1" content="Est. reading time" />
	<meta name="twitter:data1" content="1 minute" />
<script type="application/ld+json" class="yoast-schema-graph">{"@context":"https:\/\/schema.org","@graph":[{"@type":"WebPage","@id":"https:\/\/sse.lodz.pl\/bip\/correction\/","url":"https:\/\/sse.lodz.pl\/bip\/correction\/","name":"Correction - Łódzka Specjalna Strefa Ekonomiczna","isPartOf":{"@id":"https:\/\/sse.lodz.pl\/#website"},"datePublished":"2014-02-27T23:00:00+00:00","dateModified":"2023-03-14T17:26:26+00:00","breadcrumb":{"@id":"https:\/\/sse.lodz.pl\/bip\/correction\/#breadcrumb"},"inLanguage":"en-US","potentialAction":[{"@type":"ReadAction","target":["https:\/\/sse.lodz.pl\/bip\/correction\/"]}]},{"@type":"BreadcrumbList","@id":"https:\/\/sse.lodz.pl\/bip\/correction\/#breadcrumb","itemListElement":[{"@type":"ListItem","position":1,"name":"Strona główna","item":"https:\/\/sse.lodz.pl\/"},{"@type":"ListItem","position":2,"name":"BIP","item":"https:\/\/sse.lodz.pl\/bip\/"},{"@type":"ListItem","position":3,"name":"Correction"}]},{"@type":"WebSite","@id":"https:\/\/sse.lodz.pl\/#website","url":"https:\/\/sse.lodz.pl\/","name":"Łódzka Specjalna Strefa Ekonomiczna","description":"","potentialAction":[{"@type":"SearchAction","target":{"@type":"EntryPoint","urlTemplate":"https:\/\/sse.lodz.pl\/?s={search_term_string}"},"query-input":{"@type":"PropertyValueSpecification","valueRequired":true,"valueName":"search_term_string"}}],"inLanguage":"en-US"}]}</script>
<!-- / Yoast SEO plugin. -->

Correction - Łódzka Specjalna Strefa Ekonomiczna

Łódzka Specjalna Strefa Ekonomiczna

Strona główna
