{"id":533,"date":"2014-03-24T00:00:00","date_gmt":"2014-03-23T23:00:00","guid":{"rendered":"https:\/\/sse.lodz.pl\/bip\/informacja-o-wynikach-przetargu-majacego-na-celu-wylonienie-przedsiebiorcy-ktory-otrzyma-zezwolenie-na-dzialalnosc-w-lsse-podstrefa-koluszki\/"},"modified":"2023-03-14T18:26:28","modified_gmt":"2023-03-14T17:26:28","slug":"informacja-o-wynikach-przetargu-majacego-na-celu-wylonienie-przedsiebiorcy-ktory-otrzyma-zezwolenie-na-dzialalnosc-w-lsse-podstrefa-koluszki","status":"publish","type":"bip","link":"https:\/\/sse.lodz.pl\/en\/bip\/informacja-o-wynikach-przetargu-majacego-na-celu-wylonienie-przedsiebiorcy-ktory-otrzyma-zezwolenie-na-dzialalnosc-w-lsse-podstrefa-koluszki\/","title":{"rendered":"INFORMACJA o wynikach przetargu maj\u0105cego na celu wy\u0142onienie przedsi\u0119biorcy, kt\u00f3ry otrzyma zezwolenie na dzia\u0142alno\u015b\u0107 w \u0141SSE Podstrefa Koluszki"},"content":{"rendered":"<p style=\"text-align: justify;\">W dniu 12 marca 2014 roku rozstrzygni\u0119ty zosta\u0142 przetarg \u0142\u0105czny maj\u0105cy na celu wy\u0142onienie przedsi\u0119biorcy, kt\u00f3ry: uzyska zezwolenie na prowadzenie dzia\u0142alno\u015bci gospodarczej na terenie \u0141\u00f3dzkiej Specjalnej Strefy Ekonomicznej w Podstrefie Koluszki, Kompleks 2 oraz nab\u0119dzie niezabudowan\u0105 nieruchomo\u015b\u0107 gruntow\u0105 po\u0142o\u017con\u0105 na terenie \u0141\u00f3dzkiej Specjalnej Strefy Ekonomicznej w Koluszkach, przy ul. Nasiennej, oznaczon\u0105 jako dzia\u0142ka gruntu nr 38\/19, obr\u0119b geodezyjny 2, o pow. 3,1630 ha, dla kt\u00f3rej prowadzona jest ksi\u0119ga wieczysta nr LD1B\/00031961\/3, na kt\u00f3rej prowadzona b\u0119dzie dzia\u0142alno\u015b\u0107 gospodarcza obj\u0119ta zezwoleniem.<\/p>\n<p style=\"text-align: justify;\">Ofert\u0119 do przetargu z\u0142o\u017cy\u0142a Sp\u00f3\u0142ka Logiq Ro\u017cko Sp. j. z siedzib\u0105 w Bia\u0142ymstoku. Komisja rozstrzygn\u0119\u0142a przetarg pozytywnie i uzna\u0142a, \u017ce Przedsi\u0119biorca ten mo\u017ce uzyska\u0107 zezwolenie na dzia\u0142alno\u015b\u0107 w \u0141SSE.<\/p>\n<p style=\"text-align: justify;\"><strong>INWESTOR:\u00a0<\/strong><\/p>\n<p style=\"text-align: justify;\">LOGIQ RO\u017bKO Sp\u00f3\u0142ka Jawna jest firm\u0105 celow\u0105, utworzon\u0105 dla realizacji inwestycji planowanej\u00a0<\/p>\n<p style=\"text-align: justify;\">w \u0141\u00f3dzkiej Specjalnej Strefie Ekonomicznej, polegaj\u0105cej na wybudowaniu Centrum Dystrybucyjnego. Przedmiotem dzia\u0142alno\u015bci Sp\u00f3\u0142ki maj\u0105 by\u0107 us\u0142ugi outsourcingowe w zakresie dystrybucji wyrob\u00f3w wyposa\u017cenia \u0142azienek, na bazie do\u015bwiadcze\u0144 i grupy odbiorc\u00f3w firmy BR Konsorcjum Sp. z o.o. Refleks sp\u00f3\u0142ka komandytowa.<\/p>\n<p style=\"text-align: justify;\"><strong>INWESTYCJA<\/strong>:<\/p>\n<p style=\"text-align: justify;\">Na terenie Strefy Sp\u00f3\u0142ka uruchomi Centrum Dystrybucyjne, w ramach kt\u00f3rego \u015bwiadczone b\u0119d\u0105 &#8211; na rzecz dostawc\u00f3w artyku\u0142\u00f3w wyposa\u017cenia wn\u0119trz &#8211; us\u0142ugi logistyczne w zakresie dostaw, konfekcjonowania wyrob\u00f3w, etykietowania i organizacji transportu docelowego. W zwi\u0105zku z now\u0105 inwestycj\u0105 Sp\u00f3\u0142ka zamierza ponie\u015b\u0107 na terenie strefy &#8211; po dniu uzyskania zezwolenia &#8211; kwalifikowane wydatki inwestycyjne w wysoko\u015bci co najmniej 18.000.000,00 PLN w terminie do dnia 31 grudnia 2015 roku oraz zatrudni\u0107 na terenie Strefy po dniu uzyskania zezwolenia co najmniej 30 pracownik\u00f3w w terminie do dnia 31 grudnia 2015 roku i utrzyma\u0107 zatrudnienie na tym poziomie do dnia 31 grudnia 2018 roku.<\/p>\n<p style=\"text-align: justify;\">\u00a0<\/p>\n","protected":false},"featured_media":0,"template":"","bip_category":[21,23],"class_list":["post-533","bip","type-bip","status-publish","hentry","bip_category-przetargi","bip_category-rozstrzygniete"],"translation":{"provider":"WPGlobus","version":"3.0.2","language":"en","enabled_languages":["pl","en"],"languages":{"pl":{"title":true,"content":true,"excerpt":false},"en":{"title":false,"content":false,"excerpt":false}}},"acf":[],"yoast_head":"<!-- This site is optimized with the Yoast SEO plugin v27.4 - https:\/\/yoast.com\/product\/yoast-seo-wordpress\/ -->\n<title>INFORMACJA o wynikach przetargu maj\u0105cego na celu wy\u0142onienie przedsi\u0119biorcy, kt\u00f3ry otrzyma zezwolenie na dzia\u0142alno\u015b\u0107 w \u0141SSE Podstrefa Koluszki - \u0141\u00f3dzka Specjalna Strefa Ekonomiczna<\/title>\n<meta name=\"robots\" content=\"index, follow, max-snippet:-1, max-image-preview:large, max-video-preview:-1\" \/>\n<link rel=\"canonical\" href=\"https:\/\/sse.lodz.pl\/bip\/informacja-o-wynikach-przetargu-majacego-na-celu-wylonienie-przedsiebiorcy-ktory-otrzyma-zezwolenie-na-dzialalnosc-w-lsse-podstrefa-koluszki\/\" \/>\n<meta property=\"og:locale\" content=\"en_US\" \/>\n<meta property=\"og:type\" content=\"article\" \/>\n<meta property=\"og:title\" content=\"INFORMACJA o wynikach przetargu maj\u0105cego na celu wy\u0142onienie przedsi\u0119biorcy, kt\u00f3ry otrzyma zezwolenie na dzia\u0142alno\u015b\u0107 w \u0141SSE Podstrefa Koluszki - \u0141\u00f3dzka Specjalna Strefa Ekonomiczna\" \/>\n<meta property=\"og:url\" content=\"https:\/\/sse.lodz.pl\/bip\/informacja-o-wynikach-przetargu-majacego-na-celu-wylonienie-przedsiebiorcy-ktory-otrzyma-zezwolenie-na-dzialalnosc-w-lsse-podstrefa-koluszki\/\" \/>\n<meta property=\"og:site_name\" content=\"\u0141\u00f3dzka Specjalna Strefa Ekonomiczna\" \/>\n<meta property=\"article:modified_time\" content=\"2023-03-14T17:26:28+00:00\" \/>\n<meta name=\"twitter:card\" content=\"summary_large_image\" \/>\n<meta name=\"twitter:label1\" content=\"Est. reading time\" \/>\n\t<meta name=\"twitter:data1\" content=\"2 minutes\" \/>\n<script type=\"application\/ld+json\" class=\"yoast-schema-graph\">{\"@context\":\"https:\\\/\\\/schema.org\",\"@graph\":[{\"@type\":\"WebPage\",\"@id\":\"https:\\\/\\\/sse.lodz.pl\\\/bip\\\/informacja-o-wynikach-przetargu-majacego-na-celu-wylonienie-przedsiebiorcy-ktory-otrzyma-zezwolenie-na-dzialalnosc-w-lsse-podstrefa-koluszki\\\/\",\"url\":\"https:\\\/\\\/sse.lodz.pl\\\/bip\\\/informacja-o-wynikach-przetargu-majacego-na-celu-wylonienie-przedsiebiorcy-ktory-otrzyma-zezwolenie-na-dzialalnosc-w-lsse-podstrefa-koluszki\\\/\",\"name\":\"INFORMACJA o wynikach przetargu maj\u0105cego na celu wy\u0142onienie przedsi\u0119biorcy, kt\u00f3ry otrzyma zezwolenie na dzia\u0142alno\u015b\u0107 w \u0141SSE Podstrefa Koluszki - \u0141\u00f3dzka Specjalna Strefa Ekonomiczna\",\"isPartOf\":{\"@id\":\"https:\\\/\\\/sse.lodz.pl\\\/#website\"},\"datePublished\":\"2014-03-23T23:00:00+00:00\",\"dateModified\":\"2023-03-14T17:26:28+00:00\",\"breadcrumb\":{\"@id\":\"https:\\\/\\\/sse.lodz.pl\\\/bip\\\/informacja-o-wynikach-przetargu-majacego-na-celu-wylonienie-przedsiebiorcy-ktory-otrzyma-zezwolenie-na-dzialalnosc-w-lsse-podstrefa-koluszki\\\/#breadcrumb\"},\"inLanguage\":\"en-US\",\"potentialAction\":[{\"@type\":\"ReadAction\",\"target\":[\"https:\\\/\\\/sse.lodz.pl\\\/bip\\\/informacja-o-wynikach-przetargu-majacego-na-celu-wylonienie-przedsiebiorcy-ktory-otrzyma-zezwolenie-na-dzialalnosc-w-lsse-podstrefa-koluszki\\\/\"]}]},{\"@type\":\"BreadcrumbList\",\"@id\":\"https:\\\/\\\/sse.lodz.pl\\\/bip\\\/informacja-o-wynikach-przetargu-majacego-na-celu-wylonienie-przedsiebiorcy-ktory-otrzyma-zezwolenie-na-dzialalnosc-w-lsse-podstrefa-koluszki\\\/#breadcrumb\",\"itemListElement\":[{\"@type\":\"ListItem\",\"position\":1,\"name\":\"Strona g\u0142\u00f3wna\",\"item\":\"https:\\\/\\\/sse.lodz.pl\\\/\"},{\"@type\":\"ListItem\",\"position\":2,\"name\":\"BIP\",\"item\":\"https:\\\/\\\/sse.lodz.pl\\\/bip\\\/\"},{\"@type\":\"ListItem\",\"position\":3,\"name\":\"INFORMACJA o wynikach przetargu maj\u0105cego na celu wy\u0142onienie przedsi\u0119biorcy, kt\u00f3ry otrzyma zezwolenie na dzia\u0142alno\u015b\u0107 w \u0141SSE Podstrefa Koluszki\"}]},{\"@type\":\"WebSite\",\"@id\":\"https:\\\/\\\/sse.lodz.pl\\\/#website\",\"url\":\"https:\\\/\\\/sse.lodz.pl\\\/\",\"name\":\"\u0141\u00f3dzka Specjalna Strefa Ekonomiczna\",\"description\":\"\",\"potentialAction\":[{\"@type\":\"SearchAction\",\"target\":{\"@type\":\"EntryPoint\",\"urlTemplate\":\"https:\\\/\\\/sse.lodz.pl\\\/?s={search_term_string}\"},\"query-input\":{\"@type\":\"PropertyValueSpecification\",\"valueRequired\":true,\"valueName\":\"search_term_string\"}}],\"inLanguage\":\"en-US\"}]}<\/script>\n<!-- \/ Yoast SEO plugin. -->","yoast_head_json":{"title":"INFORMACJA o wynikach przetargu maj\u0105cego na celu wy\u0142onienie przedsi\u0119biorcy, kt\u00f3ry otrzyma zezwolenie na dzia\u0142alno\u015b\u0107 w \u0141SSE Podstrefa Koluszki - \u0141\u00f3dzka Specjalna Strefa Ekonomiczna","robots":{"index":"index","follow":"follow","max-snippet":"max-snippet:-1","max-image-preview":"max-image-preview:large","max-video-preview":"max-video-preview:-1"},"canonical":"https:\/\/sse.lodz.pl\/bip\/informacja-o-wynikach-przetargu-majacego-na-celu-wylonienie-przedsiebiorcy-ktory-otrzyma-zezwolenie-na-dzialalnosc-w-lsse-podstrefa-koluszki\/","og_locale":"en_US","og_type":"article","og_title":"INFORMACJA o wynikach przetargu maj\u0105cego na celu wy\u0142onienie przedsi\u0119biorcy, kt\u00f3ry otrzyma zezwolenie na dzia\u0142alno\u015b\u0107 w \u0141SSE Podstrefa Koluszki - \u0141\u00f3dzka Specjalna Strefa Ekonomiczna","og_url":"https:\/\/sse.lodz.pl\/bip\/informacja-o-wynikach-przetargu-majacego-na-celu-wylonienie-przedsiebiorcy-ktory-otrzyma-zezwolenie-na-dzialalnosc-w-lsse-podstrefa-koluszki\/","og_site_name":"\u0141\u00f3dzka Specjalna Strefa Ekonomiczna","article_modified_time":"2023-03-14T17:26:28+00:00","twitter_card":"summary_large_image","twitter_misc":{"Est. reading time":"2 minutes"},"schema":{"@context":"https:\/\/schema.org","@graph":[{"@type":"WebPage","@id":"https:\/\/sse.lodz.pl\/bip\/informacja-o-wynikach-przetargu-majacego-na-celu-wylonienie-przedsiebiorcy-ktory-otrzyma-zezwolenie-na-dzialalnosc-w-lsse-podstrefa-koluszki\/","url":"https:\/\/sse.lodz.pl\/bip\/informacja-o-wynikach-przetargu-majacego-na-celu-wylonienie-przedsiebiorcy-ktory-otrzyma-zezwolenie-na-dzialalnosc-w-lsse-podstrefa-koluszki\/","name":"INFORMACJA o wynikach przetargu maj\u0105cego na celu wy\u0142onienie przedsi\u0119biorcy, kt\u00f3ry otrzyma zezwolenie na dzia\u0142alno\u015b\u0107 w \u0141SSE Podstrefa Koluszki - \u0141\u00f3dzka Specjalna Strefa Ekonomiczna","isPartOf":{"@id":"https:\/\/sse.lodz.pl\/#website"},"datePublished":"2014-03-23T23:00:00+00:00","dateModified":"2023-03-14T17:26:28+00:00","breadcrumb":{"@id":"https:\/\/sse.lodz.pl\/bip\/informacja-o-wynikach-przetargu-majacego-na-celu-wylonienie-przedsiebiorcy-ktory-otrzyma-zezwolenie-na-dzialalnosc-w-lsse-podstrefa-koluszki\/#breadcrumb"},"inLanguage":"en-US","potentialAction":[{"@type":"ReadAction","target":["https:\/\/sse.lodz.pl\/bip\/informacja-o-wynikach-przetargu-majacego-na-celu-wylonienie-przedsiebiorcy-ktory-otrzyma-zezwolenie-na-dzialalnosc-w-lsse-podstrefa-koluszki\/"]}]},{"@type":"BreadcrumbList","@id":"https:\/\/sse.lodz.pl\/bip\/informacja-o-wynikach-przetargu-majacego-na-celu-wylonienie-przedsiebiorcy-ktory-otrzyma-zezwolenie-na-dzialalnosc-w-lsse-podstrefa-koluszki\/#breadcrumb","itemListElement":[{"@type":"ListItem","position":1,"name":"Strona g\u0142\u00f3wna","item":"https:\/\/sse.lodz.pl\/"},{"@type":"ListItem","position":2,"name":"BIP","item":"https:\/\/sse.lodz.pl\/bip\/"},{"@type":"ListItem","position":3,"name":"INFORMACJA o wynikach przetargu maj\u0105cego na celu wy\u0142onienie przedsi\u0119biorcy, kt\u00f3ry otrzyma zezwolenie na dzia\u0142alno\u015b\u0107 w \u0141SSE Podstrefa Koluszki"}]},{"@type":"WebSite","@id":"https:\/\/sse.lodz.pl\/#website","url":"https:\/\/sse.lodz.pl\/","name":"\u0141\u00f3dzka Specjalna Strefa Ekonomiczna","description":"","potentialAction":[{"@type":"SearchAction","target":{"@type":"EntryPoint","urlTemplate":"https:\/\/sse.lodz.pl\/?s={search_term_string}"},"query-input":{"@type":"PropertyValueSpecification","valueRequired":true,"valueName":"search_term_string"}}],"inLanguage":"en-US"}]}},"_links":{"self":[{"href":"https:\/\/sse.lodz.pl\/en\/wp-json\/wp\/v2\/bip\/533","targetHints":{"allow":["GET"]}}],"collection":[{"href":"https:\/\/sse.lodz.pl\/en\/wp-json\/wp\/v2\/bip"}],"about":[{"href":"https:\/\/sse.lodz.pl\/en\/wp-json\/wp\/v2\/types\/bip"}],"wp:attachment":[{"href":"https:\/\/sse.lodz.pl\/en\/wp-json\/wp\/v2\/media?parent=533"}],"wp:term":[{"taxonomy":"bip_category","embeddable":true,"href":"https:\/\/sse.lodz.pl\/en\/wp-json\/wp\/v2\/bip_category?post=533"}],"curies":[{"name":"wp","href":"https:\/\/api.w.org\/{rel}","templated":true}]}}

INFORMACJA o wynikach przetargu mającego na celu wyłonienie przedsiębiorcy, który otrzyma zezwolenie na działalność w ŁSSE Podstrefa Koluszki

<p style="text-align: justify;">W dniu 12 marca 2014 roku rozstrzygnięty został przetarg łączny mający na celu wyłonienie przedsiębiorcy, który: uzyska zezwolenie na prowadzenie działalności gospodarczej na terenie Łódzkiej Specjalnej Strefy Ekonomicznej w Podstrefie Koluszki, Kompleks 2 oraz nabędzie niezabudowaną nieruchomość gruntową położoną na terenie Łódzkiej Specjalnej Strefy Ekonomicznej w Koluszkach, przy ul. Nasiennej, oznaczoną jako działka gruntu nr 38/19, obręb geodezyjny 2, o pow. 3,1630 ha, dla której prowadzona jest księga wieczysta nr LD1B/00031961/3, na której prowadzona będzie działalność gospodarcza objęta zezwoleniem.</p>
<p style="text-align: justify;">Ofertę do przetargu złożyła Spółka Logiq Rożko Sp. j. z siedzibą w Białymstoku. Komisja rozstrzygnęła przetarg pozytywnie i uznała, że Przedsiębiorca ten może uzyskać zezwolenie na działalność w ŁSSE.</p>
<p style="text-align: justify;"><strong>INWESTOR: </strong></p>
<p style="text-align: justify;">LOGIQ ROŻKO Spółka Jawna jest firmą celową, utworzoną dla realizacji inwestycji planowanej </p>
<p style="text-align: justify;">w Łódzkiej Specjalnej Strefie Ekonomicznej, polegającej na wybudowaniu Centrum Dystrybucyjnego. Przedmiotem działalności Spółki mają być usługi outsourcingowe w zakresie dystrybucji wyrobów wyposażenia łazienek, na bazie doświadczeń i grupy odbiorców firmy BR Konsorcjum Sp. z o.o. Refleks spółka komandytowa.</p>
<p style="text-align: justify;"><strong>INWESTYCJA</strong>:</p>
<p style="text-align: justify;">Na terenie Strefy Spółka uruchomi Centrum Dystrybucyjne, w ramach którego świadczone będą &#8211; na rzecz dostawców artykułów wyposażenia wnętrz &#8211; usługi logistyczne w zakresie dostaw, konfekcjonowania wyrobów, etykietowania i organizacji transportu docelowego. W związku z nową inwestycją Spółka zamierza ponieść na terenie strefy &#8211; po dniu uzyskania zezwolenia &#8211; kwalifikowane wydatki inwestycyjne w wysokości co najmniej 18.000.000,00 PLN w terminie do dnia 31 grudnia 2015 roku oraz zatrudnić na terenie Strefy po dniu uzyskania zezwolenia co najmniej 30 pracowników w terminie do dnia 31 grudnia 2015 roku i utrzymać zatrudnienie na tym poziomie do dnia 31 grudnia 2018 roku.</p>
<p style="text-align: justify;"> </p>

<!-- This site is optimized with the Yoast SEO plugin v27.4 - https://yoast.com/product/yoast-seo-wordpress/ -->
<title>INFORMACJA o wynikach przetargu mającego na celu wyłonienie przedsiębiorcy, który otrzyma zezwolenie na działalność w ŁSSE Podstrefa Koluszki - Łódzka Specjalna Strefa Ekonomiczna</title>
<meta name="robots" content="index, follow, max-snippet:-1, max-image-preview:large, max-video-preview:-1" />
<link rel="canonical" href="https://sse.lodz.pl/bip/informacja-o-wynikach-przetargu-majacego-na-celu-wylonienie-przedsiebiorcy-ktory-otrzyma-zezwolenie-na-dzialalnosc-w-lsse-podstrefa-koluszki/" />
<meta property="og:locale" content="en_US" />
<meta property="og:type" content="article" />
<meta property="og:title" content="INFORMACJA o wynikach przetargu mającego na celu wyłonienie przedsiębiorcy, który otrzyma zezwolenie na działalność w ŁSSE Podstrefa Koluszki - Łódzka Specjalna Strefa Ekonomiczna" />
<meta property="og:url" content="https://sse.lodz.pl/bip/informacja-o-wynikach-przetargu-majacego-na-celu-wylonienie-przedsiebiorcy-ktory-otrzyma-zezwolenie-na-dzialalnosc-w-lsse-podstrefa-koluszki/" />
<meta property="og:site_name" content="Łódzka Specjalna Strefa Ekonomiczna" />
<meta property="article:modified_time" content="2023-03-14T17:26:28+00:00" />
<meta name="twitter:card" content="summary_large_image" />
<meta name="twitter:label1" content="Est. reading time" />
	<meta name="twitter:data1" content="2 minutes" />
<script type="application/ld+json" class="yoast-schema-graph">{"@context":"https:\/\/schema.org","@graph":[{"@type":"WebPage","@id":"https:\/\/sse.lodz.pl\/bip\/informacja-o-wynikach-przetargu-majacego-na-celu-wylonienie-przedsiebiorcy-ktory-otrzyma-zezwolenie-na-dzialalnosc-w-lsse-podstrefa-koluszki\/","url":"https:\/\/sse.lodz.pl\/bip\/informacja-o-wynikach-przetargu-majacego-na-celu-wylonienie-przedsiebiorcy-ktory-otrzyma-zezwolenie-na-dzialalnosc-w-lsse-podstrefa-koluszki\/","name":"INFORMACJA o wynikach przetargu mającego na celu wyłonienie przedsiębiorcy, który otrzyma zezwolenie na działalność w ŁSSE Podstrefa Koluszki - Łódzka Specjalna Strefa Ekonomiczna","isPartOf":{"@id":"https:\/\/sse.lodz.pl\/#website"},"datePublished":"2014-03-23T23:00:00+00:00","dateModified":"2023-03-14T17:26:28+00:00","breadcrumb":{"@id":"https:\/\/sse.lodz.pl\/bip\/informacja-o-wynikach-przetargu-majacego-na-celu-wylonienie-przedsiebiorcy-ktory-otrzyma-zezwolenie-na-dzialalnosc-w-lsse-podstrefa-koluszki\/#breadcrumb"},"inLanguage":"en-US","potentialAction":[{"@type":"ReadAction","target":["https:\/\/sse.lodz.pl\/bip\/informacja-o-wynikach-przetargu-majacego-na-celu-wylonienie-przedsiebiorcy-ktory-otrzyma-zezwolenie-na-dzialalnosc-w-lsse-podstrefa-koluszki\/"]}]},{"@type":"BreadcrumbList","@id":"https:\/\/sse.lodz.pl\/bip\/informacja-o-wynikach-przetargu-majacego-na-celu-wylonienie-przedsiebiorcy-ktory-otrzyma-zezwolenie-na-dzialalnosc-w-lsse-podstrefa-koluszki\/#breadcrumb","itemListElement":[{"@type":"ListItem","position":1,"name":"Strona główna","item":"https:\/\/sse.lodz.pl\/"},{"@type":"ListItem","position":2,"name":"BIP","item":"https:\/\/sse.lodz.pl\/bip\/"},{"@type":"ListItem","position":3,"name":"INFORMACJA o wynikach przetargu mającego na celu wyłonienie przedsiębiorcy, który otrzyma zezwolenie na działalność w ŁSSE Podstrefa Koluszki"}]},{"@type":"WebSite","@id":"https:\/\/sse.lodz.pl\/#website","url":"https:\/\/sse.lodz.pl\/","name":"Łódzka Specjalna Strefa Ekonomiczna","description":"","potentialAction":[{"@type":"SearchAction","target":{"@type":"EntryPoint","urlTemplate":"https:\/\/sse.lodz.pl\/?s={search_term_string}"},"query-input":{"@type":"PropertyValueSpecification","valueRequired":true,"valueName":"search_term_string"}}],"inLanguage":"en-US"}]}</script>
<!-- / Yoast SEO plugin. -->

INFORMACJA o wynikach przetargu mającego na celu wyłonienie przedsiębiorcy, który otrzyma zezwolenie na działalność w ŁSSE Podstrefa Koluszki - Łódzka Specjalna Strefa Ekonomiczna

Łódzka Specjalna Strefa Ekonomiczna

Strona główna
