{"id":558,"date":"2014-05-19T00:00:00","date_gmt":"2014-05-18T22:00:00","guid":{"rendered":"https:\/\/sse.lodz.pl\/bip\/informacja-o-wynikach-przetargu-lacznego-majacego-na-celu-wylonienie-przedsiebiorcy-ktory-otrzyma-zezwolenie-na-dzialalnosc-w-lsse-podstrefa-radomsko-kompleks-2\/"},"modified":"2023-03-14T18:26:30","modified_gmt":"2023-03-14T17:26:30","slug":"informacja-o-wynikach-przetargu-lacznego-majacego-na-celu-wylonienie-przedsiebiorcy-ktory-otrzyma-zezwolenie-na-dzialalnosc-w-lsse-podstrefa-radomsko-kompleks-2","status":"publish","type":"bip","link":"https:\/\/sse.lodz.pl\/en\/bip\/informacja-o-wynikach-przetargu-lacznego-majacego-na-celu-wylonienie-przedsiebiorcy-ktory-otrzyma-zezwolenie-na-dzialalnosc-w-lsse-podstrefa-radomsko-kompleks-2\/","title":{"rendered":"INFORMACJA o wynikach przetargu \u0142\u0105cznego maj\u0105cego na celu wy\u0142onienie przedsi\u0119biorcy, kt\u00f3ry otrzyma zezwolenie na dzia\u0142alno\u015b\u0107 w \u0141SSE Podstrefa Radomsko, Kompleks 2"},"content":{"rendered":"<p style=\"text-align: justify;\">W dniu 30 kwietnia 2014 roku zosta\u0142 rozstrzygni\u0119ty przetarg \u0142\u0105czny maj\u0105cy na celu wy\u0142onienie przedsi\u0119biorcy, kt\u00f3ry: uzyska zezwolenie na prowadzenie dzia\u0142alno\u015bci gospodarczej na terenie \u0141\u00f3dzkiej Specjalnej Strefy Ekonomicznej w Podstrefie Radomsko, Kompleks 2 oraz nab\u0119dzie niezabudowan\u0105 nieruchomo\u015b\u0107 gruntow\u0105 po\u0142o\u017con\u0105 na terenie \u0141\u00f3dzkiej Specjalnej Strefy Ekonomicznej w Radomsku, w Kompleksie 2, przy ul. Przedsi\u0119biorc\u00f3w i Stolarzy, oznaczon\u0105 jako dzia\u0142ka gruntu o nr 5\/115 obr\u0119b geodezyjny 36, o pow. 0,5000 ha, dla kt\u00f3rej S\u0105d Rejonowy <br \/>w Radomsku \u2013 V Wydzia\u0142 Ksi\u0105g Wieczystych &#8211; prowadzi ksi\u0119g\u0119 wieczyst\u0105 KW Nr PT1R\/00056334\/4 &#8211; na kt\u00f3rej prowadzona b\u0119dzie dzia\u0142alno\u015b\u0107 gospodarcza obj\u0119ta zezwoleniem.<\/p>\n<p style=\"text-align: justify;\">Ofert\u0119 do przetargu z\u0142o\u017cy\u0142a Sp\u00f3\u0142ka Logistyka 24 Sp. z o.o. z siedzib\u0105 w Cz\u0119stochowie. Komisja rozstrzygn\u0119\u0142a przetarg pozytywnie i uzna\u0142a, \u017ce Przedsi\u0119biorca ten mo\u017ce uzyska\u0107 zezwolenie na dzia\u0142alno\u015b\u0107 w \u0141SSE.<\/p>\n<p style=\"text-align: justify;\"><strong>INWESTOR:<\/strong> <br \/>Logistyka 24 Sp\u00f3\u0142ka z ograniczon\u0105 odpowiedzialno\u015bci\u0105 jest firm\u0105 celow\u0105, utworzon\u0105 dla realizacji inwestycji planowanej w \u0141\u00f3dzkiej Specjalnej Strefie Ekonomicznej, polegaj\u0105cej na wybudowaniu i uruchomieniu hali magazynowo \u2013 spedycyjnej do obs\u0142ugi klient\u00f3w z bran\u017cy motoryzacyjnej w sektorze B2B. Dzia\u0142alno\u015b\u0107 gospodarcza polega\u0107 b\u0119dzie na \u015bwiadczeniu us\u0142ug logistycznych cz\u0119\u015bci zamiennych do samochod\u00f3w osobowych, ci\u0119\u017carowych i motocykli dla firmy Inter Cars S.A. w Warszawie. <\/p>\n<p style=\"text-align: justify;\"><strong>INWESTYCJA:<\/strong><br \/>W zwi\u0105zku z now\u0105 inwestycj\u0105 Sp\u00f3\u0142ka zamierza ponie\u015b\u0107 na terenie strefy &#8211; po dniu uzyskania zezwolenia &#8211; kwalifikowane wydatki inwestycyjne w wysoko\u015bci co najmniej 1.483.000,00 PLN <br \/>w terminie do dnia 31 maja 2017 roku oraz zatrudni\u0107 na terenie Strefy po dniu uzyskania zezwolenia co najmniej 10 pracownik\u00f3w w terminie do dnia 31 maja 2017 roku i utrzyma\u0107 zatrudnienie na tym poziomie do dnia 31 maja 2020 roku. <\/p>\n","protected":false},"featured_media":0,"template":"","bip_category":[21,23],"class_list":["post-558","bip","type-bip","status-publish","hentry","bip_category-przetargi","bip_category-rozstrzygniete"],"translation":{"provider":"WPGlobus","version":"3.0.2","language":"en","enabled_languages":["pl","en"],"languages":{"pl":{"title":true,"content":true,"excerpt":false},"en":{"title":false,"content":false,"excerpt":false}}},"acf":[],"yoast_head":"<!-- This site is optimized with the Yoast SEO plugin v27.4 - https:\/\/yoast.com\/product\/yoast-seo-wordpress\/ -->\n<title>INFORMACJA o wynikach przetargu \u0142\u0105cznego maj\u0105cego na celu wy\u0142onienie przedsi\u0119biorcy, kt\u00f3ry otrzyma zezwolenie na dzia\u0142alno\u015b\u0107 w \u0141SSE Podstrefa Radomsko, Kompleks 2 - \u0141\u00f3dzka Specjalna Strefa Ekonomiczna<\/title>\n<meta name=\"robots\" content=\"index, follow, max-snippet:-1, max-image-preview:large, max-video-preview:-1\" \/>\n<link rel=\"canonical\" href=\"https:\/\/sse.lodz.pl\/bip\/informacja-o-wynikach-przetargu-lacznego-majacego-na-celu-wylonienie-przedsiebiorcy-ktory-otrzyma-zezwolenie-na-dzialalnosc-w-lsse-podstrefa-radomsko-kompleks-2\/\" \/>\n<meta property=\"og:locale\" content=\"en_US\" \/>\n<meta property=\"og:type\" content=\"article\" \/>\n<meta property=\"og:title\" content=\"INFORMACJA o wynikach przetargu \u0142\u0105cznego maj\u0105cego na celu wy\u0142onienie przedsi\u0119biorcy, kt\u00f3ry otrzyma zezwolenie na dzia\u0142alno\u015b\u0107 w \u0141SSE Podstrefa Radomsko, Kompleks 2 - \u0141\u00f3dzka Specjalna Strefa Ekonomiczna\" \/>\n<meta property=\"og:url\" content=\"https:\/\/sse.lodz.pl\/bip\/informacja-o-wynikach-przetargu-lacznego-majacego-na-celu-wylonienie-przedsiebiorcy-ktory-otrzyma-zezwolenie-na-dzialalnosc-w-lsse-podstrefa-radomsko-kompleks-2\/\" \/>\n<meta property=\"og:site_name\" content=\"\u0141\u00f3dzka Specjalna Strefa Ekonomiczna\" \/>\n<meta property=\"article:modified_time\" content=\"2023-03-14T17:26:30+00:00\" \/>\n<meta name=\"twitter:card\" content=\"summary_large_image\" \/>\n<meta name=\"twitter:label1\" content=\"Est. reading time\" \/>\n\t<meta name=\"twitter:data1\" content=\"1 minute\" \/>\n<script type=\"application\/ld+json\" class=\"yoast-schema-graph\">{\"@context\":\"https:\\\/\\\/schema.org\",\"@graph\":[{\"@type\":\"WebPage\",\"@id\":\"https:\\\/\\\/sse.lodz.pl\\\/bip\\\/informacja-o-wynikach-przetargu-lacznego-majacego-na-celu-wylonienie-przedsiebiorcy-ktory-otrzyma-zezwolenie-na-dzialalnosc-w-lsse-podstrefa-radomsko-kompleks-2\\\/\",\"url\":\"https:\\\/\\\/sse.lodz.pl\\\/bip\\\/informacja-o-wynikach-przetargu-lacznego-majacego-na-celu-wylonienie-przedsiebiorcy-ktory-otrzyma-zezwolenie-na-dzialalnosc-w-lsse-podstrefa-radomsko-kompleks-2\\\/\",\"name\":\"INFORMACJA o wynikach przetargu \u0142\u0105cznego maj\u0105cego na celu wy\u0142onienie przedsi\u0119biorcy, kt\u00f3ry otrzyma zezwolenie na dzia\u0142alno\u015b\u0107 w \u0141SSE Podstrefa Radomsko, Kompleks 2 - \u0141\u00f3dzka Specjalna Strefa Ekonomiczna\",\"isPartOf\":{\"@id\":\"https:\\\/\\\/sse.lodz.pl\\\/#website\"},\"datePublished\":\"2014-05-18T22:00:00+00:00\",\"dateModified\":\"2023-03-14T17:26:30+00:00\",\"breadcrumb\":{\"@id\":\"https:\\\/\\\/sse.lodz.pl\\\/bip\\\/informacja-o-wynikach-przetargu-lacznego-majacego-na-celu-wylonienie-przedsiebiorcy-ktory-otrzyma-zezwolenie-na-dzialalnosc-w-lsse-podstrefa-radomsko-kompleks-2\\\/#breadcrumb\"},\"inLanguage\":\"en-US\",\"potentialAction\":[{\"@type\":\"ReadAction\",\"target\":[\"https:\\\/\\\/sse.lodz.pl\\\/bip\\\/informacja-o-wynikach-przetargu-lacznego-majacego-na-celu-wylonienie-przedsiebiorcy-ktory-otrzyma-zezwolenie-na-dzialalnosc-w-lsse-podstrefa-radomsko-kompleks-2\\\/\"]}]},{\"@type\":\"BreadcrumbList\",\"@id\":\"https:\\\/\\\/sse.lodz.pl\\\/bip\\\/informacja-o-wynikach-przetargu-lacznego-majacego-na-celu-wylonienie-przedsiebiorcy-ktory-otrzyma-zezwolenie-na-dzialalnosc-w-lsse-podstrefa-radomsko-kompleks-2\\\/#breadcrumb\",\"itemListElement\":[{\"@type\":\"ListItem\",\"position\":1,\"name\":\"Strona g\u0142\u00f3wna\",\"item\":\"https:\\\/\\\/sse.lodz.pl\\\/\"},{\"@type\":\"ListItem\",\"position\":2,\"name\":\"BIP\",\"item\":\"https:\\\/\\\/sse.lodz.pl\\\/bip\\\/\"},{\"@type\":\"ListItem\",\"position\":3,\"name\":\"INFORMACJA o wynikach przetargu \u0142\u0105cznego maj\u0105cego na celu wy\u0142onienie przedsi\u0119biorcy, kt\u00f3ry otrzyma zezwolenie na dzia\u0142alno\u015b\u0107 w \u0141SSE Podstrefa Radomsko, Kompleks 2\"}]},{\"@type\":\"WebSite\",\"@id\":\"https:\\\/\\\/sse.lodz.pl\\\/#website\",\"url\":\"https:\\\/\\\/sse.lodz.pl\\\/\",\"name\":\"\u0141\u00f3dzka Specjalna Strefa Ekonomiczna\",\"description\":\"\",\"potentialAction\":[{\"@type\":\"SearchAction\",\"target\":{\"@type\":\"EntryPoint\",\"urlTemplate\":\"https:\\\/\\\/sse.lodz.pl\\\/?s={search_term_string}\"},\"query-input\":{\"@type\":\"PropertyValueSpecification\",\"valueRequired\":true,\"valueName\":\"search_term_string\"}}],\"inLanguage\":\"en-US\"}]}<\/script>\n<!-- \/ Yoast SEO plugin. -->","yoast_head_json":{"title":"INFORMACJA o wynikach przetargu \u0142\u0105cznego maj\u0105cego na celu wy\u0142onienie przedsi\u0119biorcy, kt\u00f3ry otrzyma zezwolenie na dzia\u0142alno\u015b\u0107 w \u0141SSE Podstrefa Radomsko, Kompleks 2 - \u0141\u00f3dzka Specjalna Strefa Ekonomiczna","robots":{"index":"index","follow":"follow","max-snippet":"max-snippet:-1","max-image-preview":"max-image-preview:large","max-video-preview":"max-video-preview:-1"},"canonical":"https:\/\/sse.lodz.pl\/bip\/informacja-o-wynikach-przetargu-lacznego-majacego-na-celu-wylonienie-przedsiebiorcy-ktory-otrzyma-zezwolenie-na-dzialalnosc-w-lsse-podstrefa-radomsko-kompleks-2\/","og_locale":"en_US","og_type":"article","og_title":"INFORMACJA o wynikach przetargu \u0142\u0105cznego maj\u0105cego na celu wy\u0142onienie przedsi\u0119biorcy, kt\u00f3ry otrzyma zezwolenie na dzia\u0142alno\u015b\u0107 w \u0141SSE Podstrefa Radomsko, Kompleks 2 - \u0141\u00f3dzka Specjalna Strefa Ekonomiczna","og_url":"https:\/\/sse.lodz.pl\/bip\/informacja-o-wynikach-przetargu-lacznego-majacego-na-celu-wylonienie-przedsiebiorcy-ktory-otrzyma-zezwolenie-na-dzialalnosc-w-lsse-podstrefa-radomsko-kompleks-2\/","og_site_name":"\u0141\u00f3dzka Specjalna Strefa Ekonomiczna","article_modified_time":"2023-03-14T17:26:30+00:00","twitter_card":"summary_large_image","twitter_misc":{"Est. reading time":"1 minute"},"schema":{"@context":"https:\/\/schema.org","@graph":[{"@type":"WebPage","@id":"https:\/\/sse.lodz.pl\/bip\/informacja-o-wynikach-przetargu-lacznego-majacego-na-celu-wylonienie-przedsiebiorcy-ktory-otrzyma-zezwolenie-na-dzialalnosc-w-lsse-podstrefa-radomsko-kompleks-2\/","url":"https:\/\/sse.lodz.pl\/bip\/informacja-o-wynikach-przetargu-lacznego-majacego-na-celu-wylonienie-przedsiebiorcy-ktory-otrzyma-zezwolenie-na-dzialalnosc-w-lsse-podstrefa-radomsko-kompleks-2\/","name":"INFORMACJA o wynikach przetargu \u0142\u0105cznego maj\u0105cego na celu wy\u0142onienie przedsi\u0119biorcy, kt\u00f3ry otrzyma zezwolenie na dzia\u0142alno\u015b\u0107 w \u0141SSE Podstrefa Radomsko, Kompleks 2 - \u0141\u00f3dzka Specjalna Strefa Ekonomiczna","isPartOf":{"@id":"https:\/\/sse.lodz.pl\/#website"},"datePublished":"2014-05-18T22:00:00+00:00","dateModified":"2023-03-14T17:26:30+00:00","breadcrumb":{"@id":"https:\/\/sse.lodz.pl\/bip\/informacja-o-wynikach-przetargu-lacznego-majacego-na-celu-wylonienie-przedsiebiorcy-ktory-otrzyma-zezwolenie-na-dzialalnosc-w-lsse-podstrefa-radomsko-kompleks-2\/#breadcrumb"},"inLanguage":"en-US","potentialAction":[{"@type":"ReadAction","target":["https:\/\/sse.lodz.pl\/bip\/informacja-o-wynikach-przetargu-lacznego-majacego-na-celu-wylonienie-przedsiebiorcy-ktory-otrzyma-zezwolenie-na-dzialalnosc-w-lsse-podstrefa-radomsko-kompleks-2\/"]}]},{"@type":"BreadcrumbList","@id":"https:\/\/sse.lodz.pl\/bip\/informacja-o-wynikach-przetargu-lacznego-majacego-na-celu-wylonienie-przedsiebiorcy-ktory-otrzyma-zezwolenie-na-dzialalnosc-w-lsse-podstrefa-radomsko-kompleks-2\/#breadcrumb","itemListElement":[{"@type":"ListItem","position":1,"name":"Strona g\u0142\u00f3wna","item":"https:\/\/sse.lodz.pl\/"},{"@type":"ListItem","position":2,"name":"BIP","item":"https:\/\/sse.lodz.pl\/bip\/"},{"@type":"ListItem","position":3,"name":"INFORMACJA o wynikach przetargu \u0142\u0105cznego maj\u0105cego na celu wy\u0142onienie przedsi\u0119biorcy, kt\u00f3ry otrzyma zezwolenie na dzia\u0142alno\u015b\u0107 w \u0141SSE Podstrefa Radomsko, Kompleks 2"}]},{"@type":"WebSite","@id":"https:\/\/sse.lodz.pl\/#website","url":"https:\/\/sse.lodz.pl\/","name":"\u0141\u00f3dzka Specjalna Strefa Ekonomiczna","description":"","potentialAction":[{"@type":"SearchAction","target":{"@type":"EntryPoint","urlTemplate":"https:\/\/sse.lodz.pl\/?s={search_term_string}"},"query-input":{"@type":"PropertyValueSpecification","valueRequired":true,"valueName":"search_term_string"}}],"inLanguage":"en-US"}]}},"_links":{"self":[{"href":"https:\/\/sse.lodz.pl\/en\/wp-json\/wp\/v2\/bip\/558","targetHints":{"allow":["GET"]}}],"collection":[{"href":"https:\/\/sse.lodz.pl\/en\/wp-json\/wp\/v2\/bip"}],"about":[{"href":"https:\/\/sse.lodz.pl\/en\/wp-json\/wp\/v2\/types\/bip"}],"wp:attachment":[{"href":"https:\/\/sse.lodz.pl\/en\/wp-json\/wp\/v2\/media?parent=558"}],"wp:term":[{"taxonomy":"bip_category","embeddable":true,"href":"https:\/\/sse.lodz.pl\/en\/wp-json\/wp\/v2\/bip_category?post=558"}],"curies":[{"name":"wp","href":"https:\/\/api.w.org\/{rel}","templated":true}]}}

INFORMACJA o wynikach przetargu łącznego mającego na celu wyłonienie przedsiębiorcy, który otrzyma zezwolenie na działalność w ŁSSE Podstrefa Radomsko, Kompleks 2

<p style="text-align: justify;">W dniu 30 kwietnia 2014 roku został rozstrzygnięty przetarg łączny mający na celu wyłonienie przedsiębiorcy, który: uzyska zezwolenie na prowadzenie działalności gospodarczej na terenie Łódzkiej Specjalnej Strefy Ekonomicznej w Podstrefie Radomsko, Kompleks 2 oraz nabędzie niezabudowaną nieruchomość gruntową położoną na terenie Łódzkiej Specjalnej Strefy Ekonomicznej w Radomsku, w Kompleksie 2, przy ul. Przedsiębiorców i Stolarzy, oznaczoną jako działka gruntu o nr 5/115 obręb geodezyjny 36, o pow. 0,5000 ha, dla której Sąd Rejonowy <br />w Radomsku – V Wydział Ksiąg Wieczystych &#8211; prowadzi księgę wieczystą KW Nr PT1R/00056334/4 &#8211; na której prowadzona będzie działalność gospodarcza objęta zezwoleniem.</p>
<p style="text-align: justify;">Ofertę do przetargu złożyła Spółka Logistyka 24 Sp. z o.o. z siedzibą w Częstochowie. Komisja rozstrzygnęła przetarg pozytywnie i uznała, że Przedsiębiorca ten może uzyskać zezwolenie na działalność w ŁSSE.</p>
<p style="text-align: justify;"><strong>INWESTOR:</strong> <br />Logistyka 24 Spółka z ograniczoną odpowiedzialnością jest firmą celową, utworzoną dla realizacji inwestycji planowanej w Łódzkiej Specjalnej Strefie Ekonomicznej, polegającej na wybudowaniu i uruchomieniu hali magazynowo – spedycyjnej do obsługi klientów z branży motoryzacyjnej w sektorze B2B. Działalność gospodarcza polegać będzie na świadczeniu usług logistycznych części zamiennych do samochodów osobowych, ciężarowych i motocykli dla firmy Inter Cars S.A. w Warszawie. </p>
<p style="text-align: justify;"><strong>INWESTYCJA:</strong><br />W związku z nową inwestycją Spółka zamierza ponieść na terenie strefy &#8211; po dniu uzyskania zezwolenia &#8211; kwalifikowane wydatki inwestycyjne w wysokości co najmniej 1.483.000,00 PLN <br />w terminie do dnia 31 maja 2017 roku oraz zatrudnić na terenie Strefy po dniu uzyskania zezwolenia co najmniej 10 pracowników w terminie do dnia 31 maja 2017 roku i utrzymać zatrudnienie na tym poziomie do dnia 31 maja 2020 roku. </p>

<!-- This site is optimized with the Yoast SEO plugin v27.4 - https://yoast.com/product/yoast-seo-wordpress/ -->
<title>INFORMACJA o wynikach przetargu łącznego mającego na celu wyłonienie przedsiębiorcy, który otrzyma zezwolenie na działalność w ŁSSE Podstrefa Radomsko, Kompleks 2 - Łódzka Specjalna Strefa Ekonomiczna</title>
<meta name="robots" content="index, follow, max-snippet:-1, max-image-preview:large, max-video-preview:-1" />
<link rel="canonical" href="https://sse.lodz.pl/bip/informacja-o-wynikach-przetargu-lacznego-majacego-na-celu-wylonienie-przedsiebiorcy-ktory-otrzyma-zezwolenie-na-dzialalnosc-w-lsse-podstrefa-radomsko-kompleks-2/" />
<meta property="og:locale" content="en_US" />
<meta property="og:type" content="article" />
<meta property="og:title" content="INFORMACJA o wynikach przetargu łącznego mającego na celu wyłonienie przedsiębiorcy, który otrzyma zezwolenie na działalność w ŁSSE Podstrefa Radomsko, Kompleks 2 - Łódzka Specjalna Strefa Ekonomiczna" />
<meta property="og:url" content="https://sse.lodz.pl/bip/informacja-o-wynikach-przetargu-lacznego-majacego-na-celu-wylonienie-przedsiebiorcy-ktory-otrzyma-zezwolenie-na-dzialalnosc-w-lsse-podstrefa-radomsko-kompleks-2/" />
<meta property="og:site_name" content="Łódzka Specjalna Strefa Ekonomiczna" />
<meta property="article:modified_time" content="2023-03-14T17:26:30+00:00" />
<meta name="twitter:card" content="summary_large_image" />
<meta name="twitter:label1" content="Est. reading time" />
	<meta name="twitter:data1" content="1 minute" />
<script type="application/ld+json" class="yoast-schema-graph">{"@context":"https:\/\/schema.org","@graph":[{"@type":"WebPage","@id":"https:\/\/sse.lodz.pl\/bip\/informacja-o-wynikach-przetargu-lacznego-majacego-na-celu-wylonienie-przedsiebiorcy-ktory-otrzyma-zezwolenie-na-dzialalnosc-w-lsse-podstrefa-radomsko-kompleks-2\/","url":"https:\/\/sse.lodz.pl\/bip\/informacja-o-wynikach-przetargu-lacznego-majacego-na-celu-wylonienie-przedsiebiorcy-ktory-otrzyma-zezwolenie-na-dzialalnosc-w-lsse-podstrefa-radomsko-kompleks-2\/","name":"INFORMACJA o wynikach przetargu łącznego mającego na celu wyłonienie przedsiębiorcy, który otrzyma zezwolenie na działalność w ŁSSE Podstrefa Radomsko, Kompleks 2 - Łódzka Specjalna Strefa Ekonomiczna","isPartOf":{"@id":"https:\/\/sse.lodz.pl\/#website"},"datePublished":"2014-05-18T22:00:00+00:00","dateModified":"2023-03-14T17:26:30+00:00","breadcrumb":{"@id":"https:\/\/sse.lodz.pl\/bip\/informacja-o-wynikach-przetargu-lacznego-majacego-na-celu-wylonienie-przedsiebiorcy-ktory-otrzyma-zezwolenie-na-dzialalnosc-w-lsse-podstrefa-radomsko-kompleks-2\/#breadcrumb"},"inLanguage":"en-US","potentialAction":[{"@type":"ReadAction","target":["https:\/\/sse.lodz.pl\/bip\/informacja-o-wynikach-przetargu-lacznego-majacego-na-celu-wylonienie-przedsiebiorcy-ktory-otrzyma-zezwolenie-na-dzialalnosc-w-lsse-podstrefa-radomsko-kompleks-2\/"]}]},{"@type":"BreadcrumbList","@id":"https:\/\/sse.lodz.pl\/bip\/informacja-o-wynikach-przetargu-lacznego-majacego-na-celu-wylonienie-przedsiebiorcy-ktory-otrzyma-zezwolenie-na-dzialalnosc-w-lsse-podstrefa-radomsko-kompleks-2\/#breadcrumb","itemListElement":[{"@type":"ListItem","position":1,"name":"Strona główna","item":"https:\/\/sse.lodz.pl\/"},{"@type":"ListItem","position":2,"name":"BIP","item":"https:\/\/sse.lodz.pl\/bip\/"},{"@type":"ListItem","position":3,"name":"INFORMACJA o wynikach przetargu łącznego mającego na celu wyłonienie przedsiębiorcy, który otrzyma zezwolenie na działalność w ŁSSE Podstrefa Radomsko, Kompleks 2"}]},{"@type":"WebSite","@id":"https:\/\/sse.lodz.pl\/#website","url":"https:\/\/sse.lodz.pl\/","name":"Łódzka Specjalna Strefa Ekonomiczna","description":"","potentialAction":[{"@type":"SearchAction","target":{"@type":"EntryPoint","urlTemplate":"https:\/\/sse.lodz.pl\/?s={search_term_string}"},"query-input":{"@type":"PropertyValueSpecification","valueRequired":true,"valueName":"search_term_string"}}],"inLanguage":"en-US"}]}</script>
<!-- / Yoast SEO plugin. -->

INFORMACJA o wynikach przetargu łącznego mającego na celu wyłonienie przedsiębiorcy, który otrzyma zezwolenie na działalność w ŁSSE Podstrefa Radomsko, Kompleks 2 - Łódzka Specjalna Strefa Ekonomiczna

Łódzka Specjalna Strefa Ekonomiczna

Strona główna
