{"id":5875,"date":"2025-03-17T13:52:03","date_gmt":"2025-03-17T12:52:03","guid":{"rendered":"https:\/\/sse.lodz.pl\/?post_type=partner&#038;p=5875"},"modified":"2025-08-05T08:23:20","modified_gmt":"2025-08-05T06:23:20","slug":"mdd","status":"publish","type":"partner","link":"https:\/\/sse.lodz.pl\/en\/partner\/mdd\/","title":{"rendered":".mdd"},"content":{"rendered":"<p>[vc_row][vc_column][vc_empty_space][vc_single_image image=&#8221;5876&#8243; img_size=&#8221;large&#8221; alignment=&#8221;center&#8221; onclick=&#8221;custom_link&#8221; img_link_target=&#8221;_blank&#8221; link=&#8221;https:\/\/mdd.pl\/&#8221;][\/vc_column][\/vc_row][vc_row][vc_column][vc_column_text]<\/p>\n<h5><strong>Od projektu po realizacj\u0119<\/strong><\/h5>\n<p>Jeste\u015bmy fabryk\u0105 mebli biurowych .mdd, jedn\u0105 z wiod\u0105cych firm w Europie, specjalizuj\u0105c\u0105 si\u0119 w produkcji wysokiej jako\u015bci mebli biurowych. Nasze produkty wyr\u00f3\u017cniaj\u0105 si\u0119 nowoczesnym designem, funkcjonalno\u015bci\u0105 oraz dba\u0142o\u015bci\u0105 o ergonomi\u0119 pracy. Od lat wspieramy firmy w tworzeniu komfortowych i efektywnych przestrzeni. Oferujemy wyposa\u017cenie przestrzeni r\u00f3\u017cnego typu: od recepcji, biur, sal konferencyjnych, gabinet\u00f3w, po komfortow\u0105 kuchni\u0119. Realizujemy tak\u017ce zam\u00f3wienia nietypowe, na wymiar i dostosowane do istniej\u0105cych aran\u017cacji lub szczeg\u00f3lnej sytuacji projektowej. Nasz zesp\u00f3\u0142 do\u015bwiadczonych i kreatywnych architekt\u00f3w s\u0142u\u017cy pomoc\u0105 przy aran\u017cacji wn\u0119trza, prowadz\u0105c projekt od inwentaryzacji i wst\u0119pnych inspiracji po realizacj\u0119. Wsp\u00f3lnie z naszymi klientami uda\u0142o nam si\u0119 stworzy\u0107 wiele pi\u0119knych miejsc <a href=\"https:\/\/mdd.pl\/realizacje\" target=\"_blank\" rel=\"noopener\">https:\/\/mdd.pl\/realizacje<\/a><\/p>\n<p>&#8220;Si\u0142\u0105 nap\u0119dow\u0105 naszych dzia\u0142a\u0144 s\u0105 warto\u015bci rodzinne. To one le\u017c\u0105 u podstaw idei wzajemnego zaufania i ci\u0105g\u0142ego doskonalenia. Dzi\u0119ki temu oferujemy wysokiej jako\u015bci rozwi\u0105zania, pomijamy d\u0142ugie procedury i zb\u0119dne czynno\u015bci, skupiaj\u0105c si\u0119 na tym, co naprawd\u0119 wa\u017cne.&#8221;<\/p>\n<p>Prezes Micha\u0142 D\u0105browski oraz za\u0142o\u017cyciele .mdd[\/vc_column_text][\/vc_column][\/vc_row][vc_row][vc_column][vc_column_text]<\/p>\n<h5><strong>Showroom \u0141\u00f3d\u017a<\/strong><\/h5>\n<p>Joanna Gralewska<br \/>\ne-mail: <a href=\"mailto:jgralewska@mdd.pl\">jgralewska@mdd.pl<\/a><br \/>\ntelefon: <a href=\"tel:+48669555999\">669 555 999<\/a>[\/vc_column_text][vc_gallery type=&#8221;image_grid&#8221; images=&#8221;5880,5881,5882,5883,5884,5885&#8243; img_size=&#8221;&#8221; el_class=&#8221;gallery-thumb-no-margin&#8221;][\/vc_column][\/vc_row][vc_row][vc_column][vc_empty_space][\/vc_column][\/vc_row]<\/p>\n","protected":false},"excerpt":{"rendered":"<p>[vc_row][vc_column][vc_empty_space][vc_single_image image=&#8221;5876&#8243; img_size=&#8221;large&#8221; alignment=&#8221;center&#8221; onclick=&#8221;custom_link&#8221; img_link_target=&#8221;_blank&#8221; link=&#8221;https:\/\/mdd.pl\/&#8221;][\/vc_column][\/vc_row][vc_row][vc_column][vc_column_text] Od projektu po realizacj\u0119 Jeste\u015bmy fabryk\u0105 mebli biurowych .mdd, jedn\u0105 z wiod\u0105cych firm w Europie, specjalizuj\u0105c\u0105 si\u0119 w produkcji wysokiej jako\u015bci mebli biurowych. Nasze produkty wyr\u00f3\u017cniaj\u0105 si\u0119 nowoczesnym [&#8230;]<\/p>\n<p><a class=\"btn btn-secondary understrap-read-more-link\" href=\"https:\/\/sse.lodz.pl\/en\/partner\/mdd\/\">Read More&#8230;<span class=\"screen-reader-text\"> from .mdd<\/span><\/a><\/p>\n","protected":false},"featured_media":0,"parent":0,"menu_order":0,"template":"","meta":{"_acf_changed":false,"inline_featured_image":false,"footnotes":""},"class_list":["post-5875","partner","type-partner","status-publish","hentry"],"translation":{"provider":"WPGlobus","version":"3.0.2","language":"en","enabled_languages":["pl","en"],"languages":{"pl":{"title":true,"content":true,"excerpt":false},"en":{"title":false,"content":false,"excerpt":false}}},"acf":[],"yoast_head":"<!-- This site is optimized with the Yoast SEO plugin v27.4 - https:\/\/yoast.com\/product\/yoast-seo-wordpress\/ -->\n<title>.mdd - \u0141\u00f3dzka Specjalna Strefa Ekonomiczna<\/title>\n<meta name=\"robots\" content=\"index, follow, max-snippet:-1, max-image-preview:large, max-video-preview:-1\" \/>\n<link rel=\"canonical\" href=\"https:\/\/sse.lodz.pl\/partner\/mdd\/\" \/>\n<meta property=\"og:locale\" content=\"en_US\" \/>\n<meta property=\"og:type\" content=\"article\" \/>\n<meta property=\"og:title\" content=\".mdd - \u0141\u00f3dzka Specjalna Strefa Ekonomiczna\" \/>\n<meta property=\"og:url\" content=\"https:\/\/sse.lodz.pl\/partner\/mdd\/\" \/>\n<meta property=\"og:site_name\" content=\"\u0141\u00f3dzka Specjalna Strefa Ekonomiczna\" \/>\n<meta property=\"article:modified_time\" content=\"2025-08-05T06:23:20+00:00\" \/>\n<meta name=\"twitter:card\" content=\"summary_large_image\" \/>\n<meta name=\"twitter:label1\" content=\"Est. reading time\" \/>\n\t<meta name=\"twitter:data1\" content=\"2 minutes\" \/>\n<script type=\"application\/ld+json\" class=\"yoast-schema-graph\">{\"@context\":\"https:\\\/\\\/schema.org\",\"@graph\":[{\"@type\":\"WebPage\",\"@id\":\"https:\\\/\\\/sse.lodz.pl\\\/partner\\\/mdd\\\/\",\"url\":\"https:\\\/\\\/sse.lodz.pl\\\/partner\\\/mdd\\\/\",\"name\":\".mdd - \u0141\u00f3dzka Specjalna Strefa Ekonomiczna\",\"isPartOf\":{\"@id\":\"https:\\\/\\\/sse.lodz.pl\\\/#website\"},\"datePublished\":\"2025-03-17T12:52:03+00:00\",\"dateModified\":\"2025-08-05T06:23:20+00:00\",\"breadcrumb\":{\"@id\":\"https:\\\/\\\/sse.lodz.pl\\\/partner\\\/mdd\\\/#breadcrumb\"},\"inLanguage\":\"en-US\",\"potentialAction\":[{\"@type\":\"ReadAction\",\"target\":[\"https:\\\/\\\/sse.lodz.pl\\\/partner\\\/mdd\\\/\"]}]},{\"@type\":\"BreadcrumbList\",\"@id\":\"https:\\\/\\\/sse.lodz.pl\\\/partner\\\/mdd\\\/#breadcrumb\",\"itemListElement\":[{\"@type\":\"ListItem\",\"position\":1,\"name\":\"Strona g\u0142\u00f3wna\",\"item\":\"https:\\\/\\\/sse.lodz.pl\\\/\"},{\"@type\":\"ListItem\",\"position\":2,\"name\":\".mdd\"}]},{\"@type\":\"WebSite\",\"@id\":\"https:\\\/\\\/sse.lodz.pl\\\/#website\",\"url\":\"https:\\\/\\\/sse.lodz.pl\\\/\",\"name\":\"\u0141\u00f3dzka Specjalna Strefa Ekonomiczna\",\"description\":\"\",\"potentialAction\":[{\"@type\":\"SearchAction\",\"target\":{\"@type\":\"EntryPoint\",\"urlTemplate\":\"https:\\\/\\\/sse.lodz.pl\\\/?s={search_term_string}\"},\"query-input\":{\"@type\":\"PropertyValueSpecification\",\"valueRequired\":true,\"valueName\":\"search_term_string\"}}],\"inLanguage\":\"en-US\"}]}<\/script>\n<!-- \/ Yoast SEO plugin. -->","yoast_head_json":{"title":".mdd - \u0141\u00f3dzka Specjalna Strefa Ekonomiczna","robots":{"index":"index","follow":"follow","max-snippet":"max-snippet:-1","max-image-preview":"max-image-preview:large","max-video-preview":"max-video-preview:-1"},"canonical":"https:\/\/sse.lodz.pl\/partner\/mdd\/","og_locale":"en_US","og_type":"article","og_title":".mdd - \u0141\u00f3dzka Specjalna Strefa Ekonomiczna","og_url":"https:\/\/sse.lodz.pl\/partner\/mdd\/","og_site_name":"\u0141\u00f3dzka Specjalna Strefa Ekonomiczna","article_modified_time":"2025-08-05T06:23:20+00:00","twitter_card":"summary_large_image","twitter_misc":{"Est. reading time":"2 minutes"},"schema":{"@context":"https:\/\/schema.org","@graph":[{"@type":"WebPage","@id":"https:\/\/sse.lodz.pl\/partner\/mdd\/","url":"https:\/\/sse.lodz.pl\/partner\/mdd\/","name":".mdd - \u0141\u00f3dzka Specjalna Strefa Ekonomiczna","isPartOf":{"@id":"https:\/\/sse.lodz.pl\/#website"},"datePublished":"2025-03-17T12:52:03+00:00","dateModified":"2025-08-05T06:23:20+00:00","breadcrumb":{"@id":"https:\/\/sse.lodz.pl\/partner\/mdd\/#breadcrumb"},"inLanguage":"en-US","potentialAction":[{"@type":"ReadAction","target":["https:\/\/sse.lodz.pl\/partner\/mdd\/"]}]},{"@type":"BreadcrumbList","@id":"https:\/\/sse.lodz.pl\/partner\/mdd\/#breadcrumb","itemListElement":[{"@type":"ListItem","position":1,"name":"Strona g\u0142\u00f3wna","item":"https:\/\/sse.lodz.pl\/"},{"@type":"ListItem","position":2,"name":".mdd"}]},{"@type":"WebSite","@id":"https:\/\/sse.lodz.pl\/#website","url":"https:\/\/sse.lodz.pl\/","name":"\u0141\u00f3dzka Specjalna Strefa Ekonomiczna","description":"","potentialAction":[{"@type":"SearchAction","target":{"@type":"EntryPoint","urlTemplate":"https:\/\/sse.lodz.pl\/?s={search_term_string}"},"query-input":{"@type":"PropertyValueSpecification","valueRequired":true,"valueName":"search_term_string"}}],"inLanguage":"en-US"}]}},"_links":{"self":[{"href":"https:\/\/sse.lodz.pl\/en\/wp-json\/wp\/v2\/partner\/5875","targetHints":{"allow":["GET"]}}],"collection":[{"href":"https:\/\/sse.lodz.pl\/en\/wp-json\/wp\/v2\/partner"}],"about":[{"href":"https:\/\/sse.lodz.pl\/en\/wp-json\/wp\/v2\/types\/partner"}],"version-history":[{"count":14,"href":"https:\/\/sse.lodz.pl\/en\/wp-json\/wp\/v2\/partner\/5875\/revisions"}],"predecessor-version":[{"id":6678,"href":"https:\/\/sse.lodz.pl\/en\/wp-json\/wp\/v2\/partner\/5875\/revisions\/6678"}],"wp:attachment":[{"href":"https:\/\/sse.lodz.pl\/en\/wp-json\/wp\/v2\/media?parent=5875"}],"curies":[{"name":"wp","href":"https:\/\/api.w.org\/{rel}","templated":true}]}}

<p>[vc_row][vc_column][vc_empty_space][vc_single_image image=&#8221;5876&#8243; img_size=&#8221;large&#8221; alignment=&#8221;center&#8221; onclick=&#8221;custom_link&#8221; img_link_target=&#8221;_blank&#8221; link=&#8221;https://mdd.pl/&#8221;][/vc_column][/vc_row][vc_row][vc_column][vc_column_text]</p>
<h5><strong>Od projektu po realizację</strong></h5>
<p>Jesteśmy fabryką mebli biurowych .mdd, jedną z wiodących firm w Europie, specjalizującą się w produkcji wysokiej jakości mebli biurowych. Nasze produkty wyróżniają się nowoczesnym designem, funkcjonalnością oraz dbałością o ergonomię pracy. Od lat wspieramy firmy w tworzeniu komfortowych i efektywnych przestrzeni. Oferujemy wyposażenie przestrzeni różnego typu: od recepcji, biur, sal konferencyjnych, gabinetów, po komfortową kuchnię. Realizujemy także zamówienia nietypowe, na wymiar i dostosowane do istniejących aranżacji lub szczególnej sytuacji projektowej. Nasz zespół doświadczonych i kreatywnych architektów służy pomocą przy aranżacji wnętrza, prowadząc projekt od inwentaryzacji i wstępnych inspiracji po realizację. Wspólnie z naszymi klientami udało nam się stworzyć wiele pięknych miejsc <a href="https://mdd.pl/realizacje" target="_blank" rel="noopener">https://mdd.pl/realizacje</a></p>
<p>&#8220;Siłą napędową naszych działań są wartości rodzinne. To one leżą u podstaw idei wzajemnego zaufania i ciągłego doskonalenia. Dzięki temu oferujemy wysokiej jakości rozwiązania, pomijamy długie procedury i zbędne czynności, skupiając się na tym, co naprawdę ważne.&#8221;</p>
<p>Prezes Michał Dąbrowski oraz założyciele .mdd[/vc_column_text][/vc_column][/vc_row][vc_row][vc_column][vc_column_text]</p>
<h5><strong>Showroom Łódź</strong></h5>
<p>Joanna Gralewska<br />
e-mail: <a href="mailto:jgralewska@mdd.pl">jgralewska@mdd.pl</a><br />
telefon: <a href="tel:+48669555999">669 555 999</a>[/vc_column_text][vc_gallery type=&#8221;image_grid&#8221; images=&#8221;5880,5881,5882,5883,5884,5885&#8243; img_size=&#8221;&#8221; el_class=&#8221;gallery-thumb-no-margin&#8221;][/vc_column][/vc_row][vc_row][vc_column][vc_empty_space][/vc_column][/vc_row]</p>

<p>[vc_row][vc_column][vc_empty_space][vc_single_image image=&#8221;5876&#8243; img_size=&#8221;large&#8221; alignment=&#8221;center&#8221; onclick=&#8221;custom_link&#8221; img_link_target=&#8221;_blank&#8221; link=&#8221;https://mdd.pl/&#8221;][/vc_column][/vc_row][vc_row][vc_column][vc_column_text] Od projektu po realizację Jesteśmy fabryką mebli biurowych .mdd, jedną z wiodących firm w Europie, specjalizującą się w produkcji wysokiej jakości mebli biurowych. Nasze produkty wyróżniają się nowoczesnym [&#8230;]</p>
<p><a class="btn btn-secondary understrap-read-more-link" href="https://sse.lodz.pl/en/partner/mdd/">Read More&#8230;<span class="screen-reader-text"> from .mdd</span></a></p>

<!-- This site is optimized with the Yoast SEO plugin v27.4 - https://yoast.com/product/yoast-seo-wordpress/ -->
<title>.mdd - Łódzka Specjalna Strefa Ekonomiczna</title>
<meta name="robots" content="index, follow, max-snippet:-1, max-image-preview:large, max-video-preview:-1" />
<link rel="canonical" href="https://sse.lodz.pl/partner/mdd/" />
<meta property="og:locale" content="en_US" />
<meta property="og:type" content="article" />
<meta property="og:title" content=".mdd - Łódzka Specjalna Strefa Ekonomiczna" />
<meta property="og:url" content="https://sse.lodz.pl/partner/mdd/" />
<meta property="og:site_name" content="Łódzka Specjalna Strefa Ekonomiczna" />
<meta property="article:modified_time" content="2025-08-05T06:23:20+00:00" />
<meta name="twitter:card" content="summary_large_image" />
<meta name="twitter:label1" content="Est. reading time" />
	<meta name="twitter:data1" content="2 minutes" />
<script type="application/ld+json" class="yoast-schema-graph">{"@context":"https:\/\/schema.org","@graph":[{"@type":"WebPage","@id":"https:\/\/sse.lodz.pl\/partner\/mdd\/","url":"https:\/\/sse.lodz.pl\/partner\/mdd\/","name":".mdd - Łódzka Specjalna Strefa Ekonomiczna","isPartOf":{"@id":"https:\/\/sse.lodz.pl\/#website"},"datePublished":"2025-03-17T12:52:03+00:00","dateModified":"2025-08-05T06:23:20+00:00","breadcrumb":{"@id":"https:\/\/sse.lodz.pl\/partner\/mdd\/#breadcrumb"},"inLanguage":"en-US","potentialAction":[{"@type":"ReadAction","target":["https:\/\/sse.lodz.pl\/partner\/mdd\/"]}]},{"@type":"BreadcrumbList","@id":"https:\/\/sse.lodz.pl\/partner\/mdd\/#breadcrumb","itemListElement":[{"@type":"ListItem","position":1,"name":"Strona główna","item":"https:\/\/sse.lodz.pl\/"},{"@type":"ListItem","position":2,"name":".mdd"}]},{"@type":"WebSite","@id":"https:\/\/sse.lodz.pl\/#website","url":"https:\/\/sse.lodz.pl\/","name":"Łódzka Specjalna Strefa Ekonomiczna","description":"","potentialAction":[{"@type":"SearchAction","target":{"@type":"EntryPoint","urlTemplate":"https:\/\/sse.lodz.pl\/?s={search_term_string}"},"query-input":{"@type":"PropertyValueSpecification","valueRequired":true,"valueName":"search_term_string"}}],"inLanguage":"en-US"}]}</script>
<!-- / Yoast SEO plugin. -->

.mdd - Łódzka Specjalna Strefa Ekonomiczna

Łódzka Specjalna Strefa Ekonomiczna

Strona główna
