{"id":6866,"date":"2025-09-05T11:49:26","date_gmt":"2025-09-05T09:49:26","guid":{"rendered":"https:\/\/sse.lodz.pl\/?post_type=partner&#038;p=6866"},"modified":"2025-09-10T13:09:06","modified_gmt":"2025-09-10T11:09:06","slug":"phh-hotele-sp-z-o-o","status":"publish","type":"partner","link":"https:\/\/sse.lodz.pl\/en\/partner\/phh-hotele-sp-z-o-o\/","title":{"rendered":"PHH Hotele Sp. z o.o."},"content":{"rendered":"<p>[vc_row][vc_column][vc_empty_space][vc_single_image image=&#8221;6867&#8243; img_size=&#8221;medium&#8221; alignment=&#8221;center&#8221; onclick=&#8221;custom_link&#8221; img_link_target=&#8221;_blank&#8221; link=&#8221;https:\/\/www.aidenbestwesternlodz.pl\/&#8221;][\/vc_column][\/vc_row][vc_row][vc_column][vc_column_text]<\/p>\n<h5><strong>Aiden by Best Western \u0141\u00f3d\u017a \u2013 elegancja i historia w sercu miasta<\/strong><\/h5>\n<p>W samym centrum \u0141odzi, zaledwie kilka minut spacerem od t\u0119tni\u0105cej \u017cyciem Manufaktury, powsta\u0142o miejsce wyj\u0105tkowe \u2013 <strong>Aiden by Best Western \u0141\u00f3d\u017a<\/strong>. To pierwszy w Polsce hotel tej presti\u017cowej marki, nale\u017c\u0105cy do sp\u00f3\u0142ki PHH Hotele, reprezentuj\u0105cej w 100% polski kapita\u0142. Elegancki, pe\u0142en stylu i nawi\u0105za\u0144 do historii miasta, stanowi idealne po\u0142\u0105czenie nowoczesnego komfortu z artystycznym duchem przedwojennej \u0141odzi.<\/p>\n<p>Hotel mie\u015bci si\u0119 w zabytkowym budynku dawnego hotelu garnizonowego Reymont, kt\u00f3ry przeszed\u0142 gruntown\u0105 rewitalizacj\u0119. Projekt belgijskiego architekta mia\u0142 jeden cel \u2013 przywr\u00f3ci\u0107 przestrzeni klimat przedwojennej artystycznej bohemy i jednocze\u015bnie stworzenie wygodnego i komfortowego miejsca dla wymagaj\u0105cych Go\u015bci.<\/p>\n<p>Dzi\u015b, po starannej renowacji, wn\u0119trza zachwycaj\u0105 wysmakowan\u0105 elegancj\u0105 i wyj\u0105tkow\u0105 atmosfer\u0105.<\/p>\n<p>Go\u015bci witaj\u0105 przestronne, wysokie pomieszczenia wyko\u0144czone w stylu art d\u00e9co, w kt\u00f3rych kr\u00f3luj\u0105 granat, z\u0142oto i srebro, roz\u015bwietlone blaskiem kryszta\u0142owych lamp. Wsp\u00f3lne przestrzenie i pokoje zdobi\u0105 reprodukcje pe\u0142nych energii obraz\u00f3w Tamary \u0141empickiej, dope\u0142niaj\u0105ce artystyczny charakter miejsca.<\/p>\n<p>Do dyspozycji odwiedzaj\u0105cych przygotowano 61 komfortowych i bogato wyposa\u017conych pokoi, kt\u00f3re \u0142\u0105cz\u0105 w sobie funkcjonalno\u015b\u0107 i elegancj\u0119. Wyj\u0105tkowym sercem hotelu jest restauracja Bohema, w kt\u00f3rej mo\u017cna delektowa\u0107 si\u0119 smakiem wytwornych, regionalnych da\u0144 w otoczeniu stylowych wn\u0119trz. Kameralny bar sprzyja spotkaniom przy kieliszku wina czy autorskich koktajlach, a nowoczesna si\u0142ownia pozwala zadba\u0107 o aktywno\u015b\u0107 i dobr\u0105 kondyncj\u0119 tak\u017ce w podr\u00f3\u017cy.<\/p>\n<p>Hotel Aiden to tak\u017ce doskona\u0142e miejsce na organizacj\u0119 spotka\u0144 biznesowych i wydarze\u0144 specjalnych. Na ca\u0142ym pi\u0119trze konferencyjnym mieszcz\u0105 si\u0119 trzy jasne, multimedialne sale \u2013 idealne zar\u00f3wno na kameralne szkolenia, jak i spotkania w gronie do 70 os\u00f3b. Dodatkowym atutem jest prywatny, zamkni\u0119ty dziedziniec z 30 miejscami parkingowymi, co czyni obiekt wyj\u0105tkowo wygodnym dla go\u015bci podr\u00f3\u017cuj\u0105cych samochodem.<\/p>\n<p>Aiden by Best Western \u0141\u00f3d\u017a to przestrze\u0144, w kt\u00f3rej historia spotyka si\u0119 z nowoczesno\u015bci\u0105, a design i sztuka tworz\u0105 unikalny klimat sprzyjaj\u0105cy zar\u00f3wno odpoczynkowi, jak i pracy. To doskona\u0142y wyb\u00f3r dla os\u00f3b poszukuj\u0105cych czego\u015b wi\u0119cej ni\u017c noclegu \u2013 miejsca, kt\u00f3re inspiruje, zachwyca i pozostaje w pami\u0119ci na d\u0142ugo.<\/p>\n<p>Zapraszamy do odkrycia wyj\u0105tkowego hotelu w samym sercu \u0141odzi \u2013 miejsca, gdzie elegancja i historia splataj\u0105 si\u0119 w jedn\u0105 opowie\u015b\u0107.[\/vc_column_text][\/vc_column][\/vc_row][vc_row][vc_column][vc_column_text]<\/p>\n<h5><strong>Kontakt<\/strong><\/h5>\n<p>Karolina Lelito &#8211; Sales manager<br \/>\n<a href=\"mailto:karolina.lelito@aidenbestwesternlodz.pl\">karolina.lelito@aidenbestwesternlodz.pl<\/a><\/p>\n<p>\u0141\u00f3d\u017a<br \/>\nul. Legion\u00f3w 81<br \/>\n91-072 \u0141\u00f3d\u017a<\/p>\n<p>T: <a href=\"tel:+48422027680\">+48 42 202 76 80<\/a><br \/>\nM: <a href=\"tel:+48782820925\">+48 782 820 925<\/a><br \/>\nBest Western Hotels &amp; Resorts\u00ae &#8211; <a href=\"https:\/\/www.aidenbestwesternlodz.pl\" target=\"_blank\" rel=\"noopener\">www.aidenbestwesternlodz.pl<\/a><\/p>\n<p>[\/vc_column_text][vc_gallery type=&#8221;image_grid&#8221; images=&#8221;6876,6877,6878,6879,6880,6881,6882,6883,6884,6885,6886,6890,6891,6892,6914,6915,6916,6917&#8243; img_size=&#8221;&#8221; el_class=&#8221;gallery-thumb-no-margin&#8221;][\/vc_column][\/vc_row]<\/p>\n","protected":false},"excerpt":{"rendered":"<p>[vc_row][vc_column][vc_empty_space][vc_single_image image=&#8221;6867&#8243; img_size=&#8221;medium&#8221; alignment=&#8221;center&#8221; onclick=&#8221;custom_link&#8221; img_link_target=&#8221;_blank&#8221; link=&#8221;https:\/\/www.aidenbestwesternlodz.pl\/&#8221;][\/vc_column][\/vc_row][vc_row][vc_column][vc_column_text] Aiden by Best Western \u0141\u00f3d\u017a \u2013 elegancja i historia w sercu miasta W samym centrum \u0141odzi, zaledwie kilka minut spacerem od t\u0119tni\u0105cej \u017cyciem Manufaktury, powsta\u0142o miejsce wyj\u0105tkowe \u2013 [&#8230;]<\/p>\n<p><a class=\"btn btn-secondary understrap-read-more-link\" href=\"https:\/\/sse.lodz.pl\/en\/partner\/phh-hotele-sp-z-o-o\/\">Read More&#8230;<span class=\"screen-reader-text\"> from PHH Hotele Sp. z o.o.<\/span><\/a><\/p>\n","protected":false},"featured_media":0,"parent":0,"menu_order":0,"template":"","meta":{"_acf_changed":false,"inline_featured_image":false,"footnotes":""},"class_list":["post-6866","partner","type-partner","status-publish","hentry"],"translation":{"provider":"WPGlobus","version":"3.0.2","language":"en","enabled_languages":["pl","en"],"languages":{"pl":{"title":true,"content":true,"excerpt":false},"en":{"title":false,"content":false,"excerpt":false}}},"acf":[],"yoast_head":"<!-- This site is optimized with the Yoast SEO plugin v27.4 - https:\/\/yoast.com\/product\/yoast-seo-wordpress\/ -->\n<title>PHH Hotele Sp. z o.o. - \u0141\u00f3dzka Specjalna Strefa Ekonomiczna<\/title>\n<meta name=\"robots\" content=\"index, follow, max-snippet:-1, max-image-preview:large, max-video-preview:-1\" \/>\n<link rel=\"canonical\" href=\"https:\/\/sse.lodz.pl\/partner\/phh-hotele-sp-z-o-o\/\" \/>\n<meta property=\"og:locale\" content=\"en_US\" \/>\n<meta property=\"og:type\" content=\"article\" \/>\n<meta property=\"og:title\" content=\"PHH Hotele Sp. z o.o. - \u0141\u00f3dzka Specjalna Strefa Ekonomiczna\" \/>\n<meta property=\"og:url\" content=\"https:\/\/sse.lodz.pl\/partner\/phh-hotele-sp-z-o-o\/\" \/>\n<meta property=\"og:site_name\" content=\"\u0141\u00f3dzka Specjalna Strefa Ekonomiczna\" \/>\n<meta property=\"article:modified_time\" content=\"2025-09-10T11:09:06+00:00\" \/>\n<meta name=\"twitter:card\" content=\"summary_large_image\" \/>\n<meta name=\"twitter:label1\" content=\"Est. reading time\" \/>\n\t<meta name=\"twitter:data1\" content=\"3 minutes\" \/>\n<script type=\"application\/ld+json\" class=\"yoast-schema-graph\">{\"@context\":\"https:\\\/\\\/schema.org\",\"@graph\":[{\"@type\":\"WebPage\",\"@id\":\"https:\\\/\\\/sse.lodz.pl\\\/partner\\\/phh-hotele-sp-z-o-o\\\/\",\"url\":\"https:\\\/\\\/sse.lodz.pl\\\/partner\\\/phh-hotele-sp-z-o-o\\\/\",\"name\":\"PHH Hotele Sp. z o.o. - \u0141\u00f3dzka Specjalna Strefa Ekonomiczna\",\"isPartOf\":{\"@id\":\"https:\\\/\\\/sse.lodz.pl\\\/#website\"},\"datePublished\":\"2025-09-05T09:49:26+00:00\",\"dateModified\":\"2025-09-10T11:09:06+00:00\",\"breadcrumb\":{\"@id\":\"https:\\\/\\\/sse.lodz.pl\\\/partner\\\/phh-hotele-sp-z-o-o\\\/#breadcrumb\"},\"inLanguage\":\"en-US\",\"potentialAction\":[{\"@type\":\"ReadAction\",\"target\":[\"https:\\\/\\\/sse.lodz.pl\\\/partner\\\/phh-hotele-sp-z-o-o\\\/\"]}]},{\"@type\":\"BreadcrumbList\",\"@id\":\"https:\\\/\\\/sse.lodz.pl\\\/partner\\\/phh-hotele-sp-z-o-o\\\/#breadcrumb\",\"itemListElement\":[{\"@type\":\"ListItem\",\"position\":1,\"name\":\"Strona g\u0142\u00f3wna\",\"item\":\"https:\\\/\\\/sse.lodz.pl\\\/\"},{\"@type\":\"ListItem\",\"position\":2,\"name\":\"PHH Hotele Sp. z o.o.\"}]},{\"@type\":\"WebSite\",\"@id\":\"https:\\\/\\\/sse.lodz.pl\\\/#website\",\"url\":\"https:\\\/\\\/sse.lodz.pl\\\/\",\"name\":\"\u0141\u00f3dzka Specjalna Strefa Ekonomiczna\",\"description\":\"\",\"potentialAction\":[{\"@type\":\"SearchAction\",\"target\":{\"@type\":\"EntryPoint\",\"urlTemplate\":\"https:\\\/\\\/sse.lodz.pl\\\/?s={search_term_string}\"},\"query-input\":{\"@type\":\"PropertyValueSpecification\",\"valueRequired\":true,\"valueName\":\"search_term_string\"}}],\"inLanguage\":\"en-US\"}]}<\/script>\n<!-- \/ Yoast SEO plugin. -->","yoast_head_json":{"title":"PHH Hotele Sp. z o.o. - \u0141\u00f3dzka Specjalna Strefa Ekonomiczna","robots":{"index":"index","follow":"follow","max-snippet":"max-snippet:-1","max-image-preview":"max-image-preview:large","max-video-preview":"max-video-preview:-1"},"canonical":"https:\/\/sse.lodz.pl\/partner\/phh-hotele-sp-z-o-o\/","og_locale":"en_US","og_type":"article","og_title":"PHH Hotele Sp. z o.o. - \u0141\u00f3dzka Specjalna Strefa Ekonomiczna","og_url":"https:\/\/sse.lodz.pl\/partner\/phh-hotele-sp-z-o-o\/","og_site_name":"\u0141\u00f3dzka Specjalna Strefa Ekonomiczna","article_modified_time":"2025-09-10T11:09:06+00:00","twitter_card":"summary_large_image","twitter_misc":{"Est. reading time":"3 minutes"},"schema":{"@context":"https:\/\/schema.org","@graph":[{"@type":"WebPage","@id":"https:\/\/sse.lodz.pl\/partner\/phh-hotele-sp-z-o-o\/","url":"https:\/\/sse.lodz.pl\/partner\/phh-hotele-sp-z-o-o\/","name":"PHH Hotele Sp. z o.o. - \u0141\u00f3dzka Specjalna Strefa Ekonomiczna","isPartOf":{"@id":"https:\/\/sse.lodz.pl\/#website"},"datePublished":"2025-09-05T09:49:26+00:00","dateModified":"2025-09-10T11:09:06+00:00","breadcrumb":{"@id":"https:\/\/sse.lodz.pl\/partner\/phh-hotele-sp-z-o-o\/#breadcrumb"},"inLanguage":"en-US","potentialAction":[{"@type":"ReadAction","target":["https:\/\/sse.lodz.pl\/partner\/phh-hotele-sp-z-o-o\/"]}]},{"@type":"BreadcrumbList","@id":"https:\/\/sse.lodz.pl\/partner\/phh-hotele-sp-z-o-o\/#breadcrumb","itemListElement":[{"@type":"ListItem","position":1,"name":"Strona g\u0142\u00f3wna","item":"https:\/\/sse.lodz.pl\/"},{"@type":"ListItem","position":2,"name":"PHH Hotele Sp. z o.o."}]},{"@type":"WebSite","@id":"https:\/\/sse.lodz.pl\/#website","url":"https:\/\/sse.lodz.pl\/","name":"\u0141\u00f3dzka Specjalna Strefa Ekonomiczna","description":"","potentialAction":[{"@type":"SearchAction","target":{"@type":"EntryPoint","urlTemplate":"https:\/\/sse.lodz.pl\/?s={search_term_string}"},"query-input":{"@type":"PropertyValueSpecification","valueRequired":true,"valueName":"search_term_string"}}],"inLanguage":"en-US"}]}},"_links":{"self":[{"href":"https:\/\/sse.lodz.pl\/en\/wp-json\/wp\/v2\/partner\/6866","targetHints":{"allow":["GET"]}}],"collection":[{"href":"https:\/\/sse.lodz.pl\/en\/wp-json\/wp\/v2\/partner"}],"about":[{"href":"https:\/\/sse.lodz.pl\/en\/wp-json\/wp\/v2\/types\/partner"}],"version-history":[{"count":6,"href":"https:\/\/sse.lodz.pl\/en\/wp-json\/wp\/v2\/partner\/6866\/revisions"}],"predecessor-version":[{"id":7437,"href":"https:\/\/sse.lodz.pl\/en\/wp-json\/wp\/v2\/partner\/6866\/revisions\/7437"}],"wp:attachment":[{"href":"https:\/\/sse.lodz.pl\/en\/wp-json\/wp\/v2\/media?parent=6866"}],"curies":[{"name":"wp","href":"https:\/\/api.w.org\/{rel}","templated":true}]}}

<p>[vc_row][vc_column][vc_empty_space][vc_single_image image=&#8221;6867&#8243; img_size=&#8221;medium&#8221; alignment=&#8221;center&#8221; onclick=&#8221;custom_link&#8221; img_link_target=&#8221;_blank&#8221; link=&#8221;https://www.aidenbestwesternlodz.pl/&#8221;][/vc_column][/vc_row][vc_row][vc_column][vc_column_text]</p>
<h5><strong>Aiden by Best Western Łódź – elegancja i historia w sercu miasta</strong></h5>
<p>W samym centrum Łodzi, zaledwie kilka minut spacerem od tętniącej życiem Manufaktury, powstało miejsce wyjątkowe – <strong>Aiden by Best Western Łódź</strong>. To pierwszy w Polsce hotel tej prestiżowej marki, należący do spółki PHH Hotele, reprezentującej w 100% polski kapitał. Elegancki, pełen stylu i nawiązań do historii miasta, stanowi idealne połączenie nowoczesnego komfortu z artystycznym duchem przedwojennej Łodzi.</p>
<p>Hotel mieści się w zabytkowym budynku dawnego hotelu garnizonowego Reymont, który przeszedł gruntowną rewitalizację. Projekt belgijskiego architekta miał jeden cel – przywrócić przestrzeni klimat przedwojennej artystycznej bohemy i jednocześnie stworzenie wygodnego i komfortowego miejsca dla wymagających Gości.</p>
<p>Dziś, po starannej renowacji, wnętrza zachwycają wysmakowaną elegancją i wyjątkową atmosferą.</p>
<p>Gości witają przestronne, wysokie pomieszczenia wykończone w stylu art déco, w których królują granat, złoto i srebro, rozświetlone blaskiem kryształowych lamp. Wspólne przestrzenie i pokoje zdobią reprodukcje pełnych energii obrazów Tamary Łempickiej, dopełniające artystyczny charakter miejsca.</p>
<p>Do dyspozycji odwiedzających przygotowano 61 komfortowych i bogato wyposażonych pokoi, które łączą w sobie funkcjonalność i elegancję. Wyjątkowym sercem hotelu jest restauracja Bohema, w której można delektować się smakiem wytwornych, regionalnych dań w otoczeniu stylowych wnętrz. Kameralny bar sprzyja spotkaniom przy kieliszku wina czy autorskich koktajlach, a nowoczesna siłownia pozwala zadbać o aktywność i dobrą kondyncję także w podróży.</p>
<p>Hotel Aiden to także doskonałe miejsce na organizację spotkań biznesowych i wydarzeń specjalnych. Na całym piętrze konferencyjnym mieszczą się trzy jasne, multimedialne sale – idealne zarówno na kameralne szkolenia, jak i spotkania w gronie do 70 osób. Dodatkowym atutem jest prywatny, zamknięty dziedziniec z 30 miejscami parkingowymi, co czyni obiekt wyjątkowo wygodnym dla gości podróżujących samochodem.</p>
<p>Aiden by Best Western Łódź to przestrzeń, w której historia spotyka się z nowoczesnością, a design i sztuka tworzą unikalny klimat sprzyjający zarówno odpoczynkowi, jak i pracy. To doskonały wybór dla osób poszukujących czegoś więcej niż noclegu – miejsca, które inspiruje, zachwyca i pozostaje w pamięci na długo.</p>
<p>Zapraszamy do odkrycia wyjątkowego hotelu w samym sercu Łodzi – miejsca, gdzie elegancja i historia splatają się w jedną opowieść.[/vc_column_text][/vc_column][/vc_row][vc_row][vc_column][vc_column_text]</p>
<h5><strong>Kontakt</strong></h5>
<p>Karolina Lelito &#8211; Sales manager<br />
<a href="mailto:karolina.lelito@aidenbestwesternlodz.pl">karolina.lelito@aidenbestwesternlodz.pl</a></p>
<p>Łódź<br />
ul. Legionów 81<br />
91-072 Łódź</p>
<p>T: <a href="tel:+48422027680">+48 42 202 76 80</a><br />
M: <a href="tel:+48782820925">+48 782 820 925</a><br />
Best Western Hotels &amp; Resorts® &#8211; <a href="https://www.aidenbestwesternlodz.pl" target="_blank" rel="noopener">www.aidenbestwesternlodz.pl</a></p>
<p>[/vc_column_text][vc_gallery type=&#8221;image_grid&#8221; images=&#8221;6876,6877,6878,6879,6880,6881,6882,6883,6884,6885,6886,6890,6891,6892,6914,6915,6916,6917&#8243; img_size=&#8221;&#8221; el_class=&#8221;gallery-thumb-no-margin&#8221;][/vc_column][/vc_row]</p>

<p>[vc_row][vc_column][vc_empty_space][vc_single_image image=&#8221;6867&#8243; img_size=&#8221;medium&#8221; alignment=&#8221;center&#8221; onclick=&#8221;custom_link&#8221; img_link_target=&#8221;_blank&#8221; link=&#8221;https://www.aidenbestwesternlodz.pl/&#8221;][/vc_column][/vc_row][vc_row][vc_column][vc_column_text] Aiden by Best Western Łódź – elegancja i historia w sercu miasta W samym centrum Łodzi, zaledwie kilka minut spacerem od tętniącej życiem Manufaktury, powstało miejsce wyjątkowe – [&#8230;]</p>
<p><a class="btn btn-secondary understrap-read-more-link" href="https://sse.lodz.pl/en/partner/phh-hotele-sp-z-o-o/">Read More&#8230;<span class="screen-reader-text"> from PHH Hotele Sp. z o.o.</span></a></p>

<!-- This site is optimized with the Yoast SEO plugin v27.4 - https://yoast.com/product/yoast-seo-wordpress/ -->
<title>PHH Hotele Sp. z o.o. - Łódzka Specjalna Strefa Ekonomiczna</title>
<meta name="robots" content="index, follow, max-snippet:-1, max-image-preview:large, max-video-preview:-1" />
<link rel="canonical" href="https://sse.lodz.pl/partner/phh-hotele-sp-z-o-o/" />
<meta property="og:locale" content="en_US" />
<meta property="og:type" content="article" />
<meta property="og:title" content="PHH Hotele Sp. z o.o. - Łódzka Specjalna Strefa Ekonomiczna" />
<meta property="og:url" content="https://sse.lodz.pl/partner/phh-hotele-sp-z-o-o/" />
<meta property="og:site_name" content="Łódzka Specjalna Strefa Ekonomiczna" />
<meta property="article:modified_time" content="2025-09-10T11:09:06+00:00" />
<meta name="twitter:card" content="summary_large_image" />
<meta name="twitter:label1" content="Est. reading time" />
	<meta name="twitter:data1" content="3 minutes" />
<script type="application/ld+json" class="yoast-schema-graph">{"@context":"https:\/\/schema.org","@graph":[{"@type":"WebPage","@id":"https:\/\/sse.lodz.pl\/partner\/phh-hotele-sp-z-o-o\/","url":"https:\/\/sse.lodz.pl\/partner\/phh-hotele-sp-z-o-o\/","name":"PHH Hotele Sp. z o.o. - Łódzka Specjalna Strefa Ekonomiczna","isPartOf":{"@id":"https:\/\/sse.lodz.pl\/#website"},"datePublished":"2025-09-05T09:49:26+00:00","dateModified":"2025-09-10T11:09:06+00:00","breadcrumb":{"@id":"https:\/\/sse.lodz.pl\/partner\/phh-hotele-sp-z-o-o\/#breadcrumb"},"inLanguage":"en-US","potentialAction":[{"@type":"ReadAction","target":["https:\/\/sse.lodz.pl\/partner\/phh-hotele-sp-z-o-o\/"]}]},{"@type":"BreadcrumbList","@id":"https:\/\/sse.lodz.pl\/partner\/phh-hotele-sp-z-o-o\/#breadcrumb","itemListElement":[{"@type":"ListItem","position":1,"name":"Strona główna","item":"https:\/\/sse.lodz.pl\/"},{"@type":"ListItem","position":2,"name":"PHH Hotele Sp. z o.o."}]},{"@type":"WebSite","@id":"https:\/\/sse.lodz.pl\/#website","url":"https:\/\/sse.lodz.pl\/","name":"Łódzka Specjalna Strefa Ekonomiczna","description":"","potentialAction":[{"@type":"SearchAction","target":{"@type":"EntryPoint","urlTemplate":"https:\/\/sse.lodz.pl\/?s={search_term_string}"},"query-input":{"@type":"PropertyValueSpecification","valueRequired":true,"valueName":"search_term_string"}}],"inLanguage":"en-US"}]}</script>
<!-- / Yoast SEO plugin. -->

PHH Hotele Sp. z o.o. - Łódzka Specjalna Strefa Ekonomiczna

Łódzka Specjalna Strefa Ekonomiczna

Strona główna
