{"id":7495,"date":"2026-04-23T08:17:31","date_gmt":"2026-04-23T06:17:31","guid":{"rendered":"https:\/\/sse.lodz.pl\/?post_type=partner&#038;p=7495"},"modified":"2026-04-23T08:17:31","modified_gmt":"2026-04-23T06:17:31","slug":"rodl","status":"publish","type":"partner","link":"https:\/\/sse.lodz.pl\/en\/partner\/rodl\/","title":{"rendered":"R\u00d6DL"},"content":{"rendered":"<p>[vc_row][vc_column][vc_empty_space][vc_single_image image=&#8221;7496&#8243; img_size=&#8221;medium&#8221; alignment=&#8221;center&#8221; onclick=&#8221;custom_link&#8221; img_link_target=&#8221;_blank&#8221; link=&#8221;https:\/\/www.roedl.pl\/&#8221;][vc_column_text]<\/p>\n<p style=\"text-align: center;\"><em>English version below<\/em><\/p>\n<p>[\/vc_column_text][\/vc_column][\/vc_row][vc_row][vc_column][vc_column_text]<\/p>\n<h5><strong>R\u00d6DL<\/strong><\/h5>\n<p><em>We pave the way. <\/em><em>Worldwide.<\/em><\/p>\n<p>Jeste\u015bmy jedn\u0105 z wiod\u0105cych niemieckich firm \u015bwiadcz\u0105cych us\u0142ugi profesjonalne, wspieraj\u0105c\u0105 sp\u00f3\u0142ki mi\u0119dzynarodowe na drodze ich rozwoju. W Polsce dzia\u0142amy od 1992 roku, w sze\u015bciu lokalizacjach: Gda\u0144sk, Gliwice, Pozna\u0144, Krak\u00f3w, Warszawa, Wroc\u0142aw. Przez ten czas zebrali\u015bmy bogate do\u015bwiadczenie doradzaj\u0105c wielu firmom \u2013 zar\u00f3wno polskim, jak i zagranicznym. Nasze doradztwo obejmuje: audyt, prawo, podatki, ksi\u0119gowo\u015b\u0107 finansow\u0105 i p\u0142acow\u0105 oraz consulting.<\/p>\n<p><strong>Pionierskie doradztwo<\/strong><\/p>\n<p>Od momentu za\u0142o\u017cenia R\u00d6DL w 1977 roku przez dr. Bernda R\u00f6dla my\u015blenie interdyscyplinarne, duch przedsi\u0119biorczo\u015bci i jasne warto\u015bci kszta\u0142tuj\u0105 nasz wizerunek. Uczciwo\u015b\u0107, szacunek i szczero\u015b\u0107 kieruj\u0105 naszymi dzia\u0142aniami wobec klient\u00f3w, pracownik\u00f3w i spo\u0142ecze\u0144stwa.<\/p>\n<p>R\u00d6DL wyr\u00f3\u017cnia si\u0119 unikatowym modelem organizacyjnym\u00a0\u2013 w pe\u0142ni zintegrowanym, bez sieci partner\u00f3w czy franczyz. Dzia\u0142amy organicznie, wy\u0142\u0105cznie poprzez w\u0142asne biura, co zapewnia jednolite standardy, blisko\u015b\u0107 klienta i globaln\u0105 koordynacj\u0119.<\/p>\n<p><strong>Jeden standard na ca\u0142ym \u015bwiecie <\/strong><\/p>\n<p>Nasz rozw\u00f3j m\u00f3wi sam za siebie: nawet po pi\u0119\u0107dziesi\u0119ciu latach istnienia pozostajemy firm\u0105 w\u0142a\u015bcicielsk\u0105, jeste\u015bmy niezale\u017cni i stanowimy sami o sobie.<\/p>\n<p>To jedna z najwi\u0119kszych przewag konkurencyjnych R\u00d6DL. Obecnie posiadamy 117 biur w 50 krajach, zatrudniaj\u0105c ponad 6 tysi\u0119cy profesjonalist\u00f3w.<\/p>\n<p><strong>Interdyscyplinarne rozwi\u0105zania<\/strong><\/p>\n<p>Wra\u017cliwi na potrzeby klient\u00f3w oraz otwarci na zmiany zachodz\u0105ce na rynku, stale poszerzamy zakres naszych us\u0142ug. Nasze doradztwo zaczyna si\u0119 od potrzeb klienta. Odkrywamy potencja\u0142, inicjujemy dzia\u0142ania i dostarczamy jasne i praktyczne wskaz\u00f3wki rozwi\u0105za\u0144, kt\u00f3re pozwalaj\u0105 wykorzysta\u0107 szanse zar\u00f3wno gospodarcze, jak i technologiczne. Nasze zespo\u0142y my\u015bl\u0105 globalnie i dzia\u0142aj\u0105 jako jedno\u015b\u0107. Interdyscyplinarnie i we wszystkich krajach.<\/p>\n<p>Postrzegamy siebie jako zaufanego partnera na ka\u017cdym etapie oraz jako pioniera, kt\u00f3ry opracowuje i wdra\u017ca strategie toruj\u0105ce klientom drog\u0119 do sukcesu. One mission, one mindset.<\/p>\n<p>#weAreRoedl<\/p>\n<p><strong>R\u00d6DL<\/strong><\/p>\n<p>Ul. Towarowa 7, 00-839 Warszawa<br \/>\n+48 22 244 00 00<br \/>\n<a href=\"mailto:warszawa@roedl.com\">warszawa@roedl.com<\/a><br \/>\n<a href=\"https:\/\/www.roedl.pl\" target=\"_blank\" rel=\"noopener\">www.roedl.pl<\/a><br \/>\n<a href=\"https:\/\/maps.app.goo.gl\/3m4DRCxLMKapEZve9\" target=\"_blank\" rel=\"noopener\">Poka\u017c map\u0119<\/a>[\/vc_column_text][vc_gallery type=&#8221;image_grid&#8221; images=&#8221;7498,7497,7499,7500,7501,7508,7509,7510,7511,7512,7513,7514,7515,7516,7517,7504,7506,7502,7505&#8243; img_size=&#8221;&#8221; el_class=&#8221;gallery-thumb-no-margin&#8221;][\/vc_column][\/vc_row][vc_row][vc_column][vc_empty_space][vc_separator][vc_empty_space][\/vc_column][\/vc_row][vc_row][vc_column][vc_column_text]<\/p>\n<h5><strong>R\u00d6DL<\/strong><\/h5>\n<p>We are one of Germany&#8217;s leading professional services firms supporting international companies on their growth path. We have been operating in Poland since 1992 in six locations: Gda\u0144sk, Gliwice, Pozna\u0144, Cracow, Warsaw, Wroc\u0142aw. We have gained rich experience advising numerous Polish and foreign companies over this time. We provide services in the fields of audit, law, taxes, financial and payroll accounting and consulting.<\/p>\n<p><strong>Trailblazers in advice<\/strong><\/p>\n<p>Since Dr. Bernd R\u00f6dl founded R\u00d6DL in 1977, our image has been shaped by interdisciplinary thinking, entrepreneurial spirit and clear values. Integrity, respect and honesty guide our actions towards clients, employees and community.<\/p>\n<p>R\u00d6DL stands out with its unique organisational model \u2013 fully integrated, without any network of partners or franchises. We operate organically, exclusively through our own offices, which ensures uniform standards, client proximity and global coordination.<\/p>\n<p><strong>A single standard around the world <\/strong><\/p>\n<p>Our growth speaks for itself: we have remained an owner-operated firm, and are independent and self-determined even after fifty years on the market.<\/p>\n<p>This is one of R\u00d6DL\u2019s greatest competitive advantages. At present, we have 117 offices in 50 countries and employ over 6 thousand professionals.<\/p>\n<p><strong>Interdisciplinary solutions<\/strong><\/p>\n<p>Being sensitive to the needs of our clients and open to market changes, we are continuously expanding the range of our services. Our advice starts with the client&#8217;s needs. We uncover potential, initiate action and provide clear and practical guidance on solutions to seize economic and technological opportunities. Our teams think globally and act as one. Across disciplines and in all countries.<\/p>\n<p>We see ourselves as a trusted partner at every step and as a trailblazer who develops and implements strategies that pave the clients\u2019 way to success. One mission, one mindset.<\/p>\n<p>#weAreRoedl<\/p>\n<p><strong>R\u00d6DL<\/strong><\/p>\n<p>Towarowa 7, 00-839 Warsaw<br \/>\n+48 22 244 00 00<br \/>\n<a href=\"mailto:warszawa@roedl.com\">warszawa@roedl.com<\/a><br \/>\n<a href=\"https:\/\/www.roedl.pl\" target=\"_blank\" rel=\"noopener\">www.roedl.pl<\/a><br \/>\n<a href=\"https:\/\/maps.app.goo.gl\/3m4DRCxLMKapEZve9\" target=\"_blank\" rel=\"noopener\">Show map<\/a>[\/vc_column_text][vc_gallery type=&#8221;image_grid&#8221; images=&#8221;7498,7497,7499,7500,7501,7508,7509,7510,7511,7512,7513,7514,7515,7516,7517,7504,7506,7502,7505&#8243; img_size=&#8221;&#8221; el_class=&#8221;gallery-thumb-no-margin&#8221;][\/vc_column][\/vc_row]<\/p>\n","protected":false},"excerpt":{"rendered":"<p>[vc_row][vc_column][vc_empty_space][vc_single_image image=&#8221;7496&#8243; img_size=&#8221;medium&#8221; alignment=&#8221;center&#8221; onclick=&#8221;custom_link&#8221; img_link_target=&#8221;_blank&#8221; link=&#8221;https:\/\/www.roedl.pl\/&#8221;][vc_column_text] English version below [\/vc_column_text][\/vc_column][\/vc_row][vc_row][vc_column][vc_column_text] R\u00d6DL We pave the way. Worldwide. Jeste\u015bmy jedn\u0105 z wiod\u0105cych niemieckich firm \u015bwiadcz\u0105cych us\u0142ugi profesjonalne, wspieraj\u0105c\u0105 sp\u00f3\u0142ki mi\u0119dzynarodowe na drodze ich rozwoju. W Polsce [&#8230;]<\/p>\n<p><a class=\"btn btn-secondary understrap-read-more-link\" href=\"https:\/\/sse.lodz.pl\/en\/partner\/rodl\/\">Read More&#8230;<span class=\"screen-reader-text\"> from R\u00d6DL<\/span><\/a><\/p>\n","protected":false},"featured_media":0,"parent":0,"menu_order":0,"template":"","meta":{"_acf_changed":false,"inline_featured_image":false,"footnotes":""},"class_list":["post-7495","partner","type-partner","status-publish","hentry"],"translation":{"provider":"WPGlobus","version":"3.0.2","language":"en","enabled_languages":["pl","en"],"languages":{"pl":{"title":true,"content":true,"excerpt":false},"en":{"title":false,"content":false,"excerpt":false}}},"acf":[],"yoast_head":"<!-- This site is optimized with the Yoast SEO plugin v27.4 - https:\/\/yoast.com\/product\/yoast-seo-wordpress\/ -->\n<title>R\u00d6DL - \u0141\u00f3dzka Specjalna Strefa Ekonomiczna<\/title>\n<meta name=\"robots\" content=\"index, follow, max-snippet:-1, max-image-preview:large, max-video-preview:-1\" \/>\n<link rel=\"canonical\" href=\"https:\/\/sse.lodz.pl\/partner\/rodl\/\" \/>\n<meta property=\"og:locale\" content=\"en_US\" \/>\n<meta property=\"og:type\" content=\"article\" \/>\n<meta property=\"og:title\" content=\"R\u00d6DL - \u0141\u00f3dzka Specjalna Strefa Ekonomiczna\" \/>\n<meta property=\"og:url\" content=\"https:\/\/sse.lodz.pl\/partner\/rodl\/\" \/>\n<meta property=\"og:site_name\" content=\"\u0141\u00f3dzka Specjalna Strefa Ekonomiczna\" \/>\n<meta name=\"twitter:card\" content=\"summary_large_image\" \/>\n<meta name=\"twitter:label1\" content=\"Est. reading time\" \/>\n\t<meta name=\"twitter:data1\" content=\"12 minutes\" \/>\n<script type=\"application\/ld+json\" class=\"yoast-schema-graph\">{\"@context\":\"https:\\\/\\\/schema.org\",\"@graph\":[{\"@type\":\"WebPage\",\"@id\":\"https:\\\/\\\/sse.lodz.pl\\\/partner\\\/rodl\\\/\",\"url\":\"https:\\\/\\\/sse.lodz.pl\\\/partner\\\/rodl\\\/\",\"name\":\"R\u00d6DL - \u0141\u00f3dzka Specjalna Strefa Ekonomiczna\",\"isPartOf\":{\"@id\":\"https:\\\/\\\/sse.lodz.pl\\\/#website\"},\"datePublished\":\"2026-04-23T06:17:31+00:00\",\"breadcrumb\":{\"@id\":\"https:\\\/\\\/sse.lodz.pl\\\/partner\\\/rodl\\\/#breadcrumb\"},\"inLanguage\":\"en-US\",\"potentialAction\":[{\"@type\":\"ReadAction\",\"target\":[\"https:\\\/\\\/sse.lodz.pl\\\/partner\\\/rodl\\\/\"]}]},{\"@type\":\"BreadcrumbList\",\"@id\":\"https:\\\/\\\/sse.lodz.pl\\\/partner\\\/rodl\\\/#breadcrumb\",\"itemListElement\":[{\"@type\":\"ListItem\",\"position\":1,\"name\":\"Strona g\u0142\u00f3wna\",\"item\":\"https:\\\/\\\/sse.lodz.pl\\\/\"},{\"@type\":\"ListItem\",\"position\":2,\"name\":\"R\u00d6DL\"}]},{\"@type\":\"WebSite\",\"@id\":\"https:\\\/\\\/sse.lodz.pl\\\/#website\",\"url\":\"https:\\\/\\\/sse.lodz.pl\\\/\",\"name\":\"\u0141\u00f3dzka Specjalna Strefa Ekonomiczna\",\"description\":\"\",\"potentialAction\":[{\"@type\":\"SearchAction\",\"target\":{\"@type\":\"EntryPoint\",\"urlTemplate\":\"https:\\\/\\\/sse.lodz.pl\\\/?s={search_term_string}\"},\"query-input\":{\"@type\":\"PropertyValueSpecification\",\"valueRequired\":true,\"valueName\":\"search_term_string\"}}],\"inLanguage\":\"en-US\"}]}<\/script>\n<!-- \/ Yoast SEO plugin. -->","yoast_head_json":{"title":"R\u00d6DL - \u0141\u00f3dzka Specjalna Strefa Ekonomiczna","robots":{"index":"index","follow":"follow","max-snippet":"max-snippet:-1","max-image-preview":"max-image-preview:large","max-video-preview":"max-video-preview:-1"},"canonical":"https:\/\/sse.lodz.pl\/partner\/rodl\/","og_locale":"en_US","og_type":"article","og_title":"R\u00d6DL - \u0141\u00f3dzka Specjalna Strefa Ekonomiczna","og_url":"https:\/\/sse.lodz.pl\/partner\/rodl\/","og_site_name":"\u0141\u00f3dzka Specjalna Strefa Ekonomiczna","twitter_card":"summary_large_image","twitter_misc":{"Est. reading time":"12 minutes"},"schema":{"@context":"https:\/\/schema.org","@graph":[{"@type":"WebPage","@id":"https:\/\/sse.lodz.pl\/partner\/rodl\/","url":"https:\/\/sse.lodz.pl\/partner\/rodl\/","name":"R\u00d6DL - \u0141\u00f3dzka Specjalna Strefa Ekonomiczna","isPartOf":{"@id":"https:\/\/sse.lodz.pl\/#website"},"datePublished":"2026-04-23T06:17:31+00:00","breadcrumb":{"@id":"https:\/\/sse.lodz.pl\/partner\/rodl\/#breadcrumb"},"inLanguage":"en-US","potentialAction":[{"@type":"ReadAction","target":["https:\/\/sse.lodz.pl\/partner\/rodl\/"]}]},{"@type":"BreadcrumbList","@id":"https:\/\/sse.lodz.pl\/partner\/rodl\/#breadcrumb","itemListElement":[{"@type":"ListItem","position":1,"name":"Strona g\u0142\u00f3wna","item":"https:\/\/sse.lodz.pl\/"},{"@type":"ListItem","position":2,"name":"R\u00d6DL"}]},{"@type":"WebSite","@id":"https:\/\/sse.lodz.pl\/#website","url":"https:\/\/sse.lodz.pl\/","name":"\u0141\u00f3dzka Specjalna Strefa Ekonomiczna","description":"","potentialAction":[{"@type":"SearchAction","target":{"@type":"EntryPoint","urlTemplate":"https:\/\/sse.lodz.pl\/?s={search_term_string}"},"query-input":{"@type":"PropertyValueSpecification","valueRequired":true,"valueName":"search_term_string"}}],"inLanguage":"en-US"}]}},"_links":{"self":[{"href":"https:\/\/sse.lodz.pl\/en\/wp-json\/wp\/v2\/partner\/7495","targetHints":{"allow":["GET"]}}],"collection":[{"href":"https:\/\/sse.lodz.pl\/en\/wp-json\/wp\/v2\/partner"}],"about":[{"href":"https:\/\/sse.lodz.pl\/en\/wp-json\/wp\/v2\/types\/partner"}],"version-history":[{"count":2,"href":"https:\/\/sse.lodz.pl\/en\/wp-json\/wp\/v2\/partner\/7495\/revisions"}],"predecessor-version":[{"id":7519,"href":"https:\/\/sse.lodz.pl\/en\/wp-json\/wp\/v2\/partner\/7495\/revisions\/7519"}],"wp:attachment":[{"href":"https:\/\/sse.lodz.pl\/en\/wp-json\/wp\/v2\/media?parent=7495"}],"curies":[{"name":"wp","href":"https:\/\/api.w.org\/{rel}","templated":true}]}}

RÖDL

<p>[vc_row][vc_column][vc_empty_space][vc_single_image image=&#8221;7496&#8243; img_size=&#8221;medium&#8221; alignment=&#8221;center&#8221; onclick=&#8221;custom_link&#8221; img_link_target=&#8221;_blank&#8221; link=&#8221;https://www.roedl.pl/&#8221;][vc_column_text]</p>
<p style="text-align: center;"><em>English version below</em></p>
<p>[/vc_column_text][/vc_column][/vc_row][vc_row][vc_column][vc_column_text]</p>
<h5><strong>RÖDL</strong></h5>
<p><em>We pave the way. </em><em>Worldwide.</em></p>
<p>Jesteśmy jedną z wiodących niemieckich firm świadczących usługi profesjonalne, wspierającą spółki międzynarodowe na drodze ich rozwoju. W Polsce działamy od 1992 roku, w sześciu lokalizacjach: Gdańsk, Gliwice, Poznań, Kraków, Warszawa, Wrocław. Przez ten czas zebraliśmy bogate doświadczenie doradzając wielu firmom – zarówno polskim, jak i zagranicznym. Nasze doradztwo obejmuje: audyt, prawo, podatki, księgowość finansową i płacową oraz consulting.</p>
<p><strong>Pionierskie doradztwo</strong></p>
<p>Od momentu założenia RÖDL w 1977 roku przez dr. Bernda Rödla myślenie interdyscyplinarne, duch przedsiębiorczości i jasne wartości kształtują nasz wizerunek. Uczciwość, szacunek i szczerość kierują naszymi działaniami wobec klientów, pracowników i społeczeństwa.</p>
<p>RÖDL wyróżnia się unikatowym modelem organizacyjnym – w pełni zintegrowanym, bez sieci partnerów czy franczyz. Działamy organicznie, wyłącznie poprzez własne biura, co zapewnia jednolite standardy, bliskość klienta i globalną koordynację.</p>
<p><strong>Jeden standard na całym świecie </strong></p>
<p>Nasz rozwój mówi sam za siebie: nawet po pięćdziesięciu latach istnienia pozostajemy firmą właścicielską, jesteśmy niezależni i stanowimy sami o sobie.</p>
<p>To jedna z największych przewag konkurencyjnych RÖDL. Obecnie posiadamy 117 biur w 50 krajach, zatrudniając ponad 6 tysięcy profesjonalistów.</p>
<p><strong>Interdyscyplinarne rozwiązania</strong></p>
<p>Wrażliwi na potrzeby klientów oraz otwarci na zmiany zachodzące na rynku, stale poszerzamy zakres naszych usług. Nasze doradztwo zaczyna się od potrzeb klienta. Odkrywamy potencjał, inicjujemy działania i dostarczamy jasne i praktyczne wskazówki rozwiązań, które pozwalają wykorzystać szanse zarówno gospodarcze, jak i technologiczne. Nasze zespoły myślą globalnie i działają jako jedność. Interdyscyplinarnie i we wszystkich krajach.</p>
<p>Postrzegamy siebie jako zaufanego partnera na każdym etapie oraz jako pioniera, który opracowuje i wdraża strategie torujące klientom drogę do sukcesu. One mission, one mindset.</p>
<p>#weAreRoedl</p>
<p><strong>RÖDL</strong></p>
<p>Ul. Towarowa 7, 00-839 Warszawa<br />
+48 22 244 00 00<br />
<a href="mailto:warszawa@roedl.com">warszawa@roedl.com</a><br />
<a href="https://www.roedl.pl" target="_blank" rel="noopener">www.roedl.pl</a><br />
<a href="https://maps.app.goo.gl/3m4DRCxLMKapEZve9" target="_blank" rel="noopener">Pokaż mapę</a>[/vc_column_text][vc_gallery type=&#8221;image_grid&#8221; images=&#8221;7498,7497,7499,7500,7501,7508,7509,7510,7511,7512,7513,7514,7515,7516,7517,7504,7506,7502,7505&#8243; img_size=&#8221;&#8221; el_class=&#8221;gallery-thumb-no-margin&#8221;][/vc_column][/vc_row][vc_row][vc_column][vc_empty_space][vc_separator][vc_empty_space][/vc_column][/vc_row][vc_row][vc_column][vc_column_text]</p>
<h5><strong>RÖDL</strong></h5>
<p>We are one of Germany&#8217;s leading professional services firms supporting international companies on their growth path. We have been operating in Poland since 1992 in six locations: Gdańsk, Gliwice, Poznań, Cracow, Warsaw, Wrocław. We have gained rich experience advising numerous Polish and foreign companies over this time. We provide services in the fields of audit, law, taxes, financial and payroll accounting and consulting.</p>
<p><strong>Trailblazers in advice</strong></p>
<p>Since Dr. Bernd Rödl founded RÖDL in 1977, our image has been shaped by interdisciplinary thinking, entrepreneurial spirit and clear values. Integrity, respect and honesty guide our actions towards clients, employees and community.</p>
<p>RÖDL stands out with its unique organisational model – fully integrated, without any network of partners or franchises. We operate organically, exclusively through our own offices, which ensures uniform standards, client proximity and global coordination.</p>
<p><strong>A single standard around the world </strong></p>
<p>Our growth speaks for itself: we have remained an owner-operated firm, and are independent and self-determined even after fifty years on the market.</p>
<p>This is one of RÖDL’s greatest competitive advantages. At present, we have 117 offices in 50 countries and employ over 6 thousand professionals.</p>
<p><strong>Interdisciplinary solutions</strong></p>
<p>Being sensitive to the needs of our clients and open to market changes, we are continuously expanding the range of our services. Our advice starts with the client&#8217;s needs. We uncover potential, initiate action and provide clear and practical guidance on solutions to seize economic and technological opportunities. Our teams think globally and act as one. Across disciplines and in all countries.</p>
<p>We see ourselves as a trusted partner at every step and as a trailblazer who develops and implements strategies that pave the clients’ way to success. One mission, one mindset.</p>
<p>#weAreRoedl</p>
<p><strong>RÖDL</strong></p>
<p>Towarowa 7, 00-839 Warsaw<br />
+48 22 244 00 00<br />
<a href="mailto:warszawa@roedl.com">warszawa@roedl.com</a><br />
<a href="https://www.roedl.pl" target="_blank" rel="noopener">www.roedl.pl</a><br />
<a href="https://maps.app.goo.gl/3m4DRCxLMKapEZve9" target="_blank" rel="noopener">Show map</a>[/vc_column_text][vc_gallery type=&#8221;image_grid&#8221; images=&#8221;7498,7497,7499,7500,7501,7508,7509,7510,7511,7512,7513,7514,7515,7516,7517,7504,7506,7502,7505&#8243; img_size=&#8221;&#8221; el_class=&#8221;gallery-thumb-no-margin&#8221;][/vc_column][/vc_row]</p>

<p>[vc_row][vc_column][vc_empty_space][vc_single_image image=&#8221;7496&#8243; img_size=&#8221;medium&#8221; alignment=&#8221;center&#8221; onclick=&#8221;custom_link&#8221; img_link_target=&#8221;_blank&#8221; link=&#8221;https://www.roedl.pl/&#8221;][vc_column_text] English version below [/vc_column_text][/vc_column][/vc_row][vc_row][vc_column][vc_column_text] RÖDL We pave the way. Worldwide. Jesteśmy jedną z wiodących niemieckich firm świadczących usługi profesjonalne, wspierającą spółki międzynarodowe na drodze ich rozwoju. W Polsce [&#8230;]</p>
<p><a class="btn btn-secondary understrap-read-more-link" href="https://sse.lodz.pl/en/partner/rodl/">Read More&#8230;<span class="screen-reader-text"> from RÖDL</span></a></p>

<!-- This site is optimized with the Yoast SEO plugin v27.4 - https://yoast.com/product/yoast-seo-wordpress/ -->
<title>RÖDL - Łódzka Specjalna Strefa Ekonomiczna</title>
<meta name="robots" content="index, follow, max-snippet:-1, max-image-preview:large, max-video-preview:-1" />
<link rel="canonical" href="https://sse.lodz.pl/partner/rodl/" />
<meta property="og:locale" content="en_US" />
<meta property="og:type" content="article" />
<meta property="og:title" content="RÖDL - Łódzka Specjalna Strefa Ekonomiczna" />
<meta property="og:url" content="https://sse.lodz.pl/partner/rodl/" />
<meta property="og:site_name" content="Łódzka Specjalna Strefa Ekonomiczna" />
<meta name="twitter:card" content="summary_large_image" />
<meta name="twitter:label1" content="Est. reading time" />
	<meta name="twitter:data1" content="12 minutes" />
<script type="application/ld+json" class="yoast-schema-graph">{"@context":"https:\/\/schema.org","@graph":[{"@type":"WebPage","@id":"https:\/\/sse.lodz.pl\/partner\/rodl\/","url":"https:\/\/sse.lodz.pl\/partner\/rodl\/","name":"RÖDL - Łódzka Specjalna Strefa Ekonomiczna","isPartOf":{"@id":"https:\/\/sse.lodz.pl\/#website"},"datePublished":"2026-04-23T06:17:31+00:00","breadcrumb":{"@id":"https:\/\/sse.lodz.pl\/partner\/rodl\/#breadcrumb"},"inLanguage":"en-US","potentialAction":[{"@type":"ReadAction","target":["https:\/\/sse.lodz.pl\/partner\/rodl\/"]}]},{"@type":"BreadcrumbList","@id":"https:\/\/sse.lodz.pl\/partner\/rodl\/#breadcrumb","itemListElement":[{"@type":"ListItem","position":1,"name":"Strona główna","item":"https:\/\/sse.lodz.pl\/"},{"@type":"ListItem","position":2,"name":"RÖDL"}]},{"@type":"WebSite","@id":"https:\/\/sse.lodz.pl\/#website","url":"https:\/\/sse.lodz.pl\/","name":"Łódzka Specjalna Strefa Ekonomiczna","description":"","potentialAction":[{"@type":"SearchAction","target":{"@type":"EntryPoint","urlTemplate":"https:\/\/sse.lodz.pl\/?s={search_term_string}"},"query-input":{"@type":"PropertyValueSpecification","valueRequired":true,"valueName":"search_term_string"}}],"inLanguage":"en-US"}]}</script>
<!-- / Yoast SEO plugin. -->

RÖDL - Łódzka Specjalna Strefa Ekonomiczna

Łódzka Specjalna Strefa Ekonomiczna

Strona główna
