{"id":7267,"date":"2026-01-26T10:50:59","date_gmt":"2026-01-26T09:50:59","guid":{"rendered":"https:\/\/sse.lodz.pl\/?post_type=tribe_events&#038;p=7267"},"modified":"2026-01-26T10:50:59","modified_gmt":"2026-01-26T09:50:59","slug":"spark-demo-day-business-mixer-lodzkiej-sse","status":"publish","type":"tribe_events","link":"https:\/\/sse.lodz.pl\/en\/wydarzenia\/spark-demo-day-business-mixer-lodzkiej-sse\/","title":{"rendered":"Spark Demo Day + Business Mixer \u0141\u00f3dzkiej SSE"},"content":{"rendered":"","protected":false},"excerpt":{"rendered":"<p> [&#8230;]<\/p>\n<p><a class=\"btn btn-secondary understrap-read-more-link\" href=\"https:\/\/sse.lodz.pl\/en\/wydarzenia\/spark-demo-day-business-mixer-lodzkiej-sse\/\">Read More&#8230;<span class=\"screen-reader-text\"> from Spark Demo Day + Business Mixer \u0141\u00f3dzkiej SSE<\/span><\/a><\/p>\n","protected":false},"author":24,"featured_media":0,"template":"","meta":{"_acf_changed":false,"inline_featured_image":false,"_tribe_events_status":"","_tribe_events_status_reason":"","footnotes":""},"tags":[],"tribe_events_cat":[],"class_list":["post-7267","tribe_events","type-tribe_events","status-publish","hentry"],"translation":{"provider":"WPGlobus","version":"3.0.2","language":"en","enabled_languages":["pl","en"],"languages":{"pl":{"title":true,"content":false,"excerpt":false},"en":{"title":false,"content":false,"excerpt":false}}},"acf":[],"yoast_head":"<!-- This site is optimized with the Yoast SEO plugin v27.4 - https:\/\/yoast.com\/product\/yoast-seo-wordpress\/ -->\n<title>Spark Demo Day + Business Mixer \u0141\u00f3dzkiej SSE - \u0141\u00f3dzka Specjalna Strefa Ekonomiczna<\/title>\n<meta name=\"robots\" content=\"index, follow, max-snippet:-1, max-image-preview:large, max-video-preview:-1\" \/>\n<link rel=\"canonical\" href=\"https:\/\/sse.lodz.pl\/wydarzenia\/spark-demo-day-business-mixer-lodzkiej-sse\/\" \/>\n<meta property=\"og:locale\" content=\"en_US\" \/>\n<meta property=\"og:type\" content=\"article\" \/>\n<meta property=\"og:title\" content=\"Spark Demo Day + Business Mixer \u0141\u00f3dzkiej SSE - \u0141\u00f3dzka Specjalna Strefa Ekonomiczna\" \/>\n<meta property=\"og:url\" content=\"https:\/\/sse.lodz.pl\/wydarzenia\/spark-demo-day-business-mixer-lodzkiej-sse\/\" \/>\n<meta property=\"og:site_name\" content=\"\u0141\u00f3dzka Specjalna Strefa Ekonomiczna\" \/>\n<meta name=\"twitter:card\" content=\"summary_large_image\" \/>\n<script type=\"application\/ld+json\" class=\"yoast-schema-graph\">{\"@context\":\"https:\\\/\\\/schema.org\",\"@graph\":[{\"@type\":\"WebPage\",\"@id\":\"https:\\\/\\\/sse.lodz.pl\\\/wydarzenia\\\/spark-demo-day-business-mixer-lodzkiej-sse\\\/\",\"url\":\"https:\\\/\\\/sse.lodz.pl\\\/wydarzenia\\\/spark-demo-day-business-mixer-lodzkiej-sse\\\/\",\"name\":\"Spark Demo Day + Business Mixer \u0141\u00f3dzkiej SSE - \u0141\u00f3dzka Specjalna Strefa Ekonomiczna\",\"isPartOf\":{\"@id\":\"https:\\\/\\\/sse.lodz.pl\\\/#website\"},\"datePublished\":\"2026-01-26T09:50:59+00:00\",\"breadcrumb\":{\"@id\":\"https:\\\/\\\/sse.lodz.pl\\\/wydarzenia\\\/spark-demo-day-business-mixer-lodzkiej-sse\\\/#breadcrumb\"},\"inLanguage\":\"en-US\",\"potentialAction\":[{\"@type\":\"ReadAction\",\"target\":[\"https:\\\/\\\/sse.lodz.pl\\\/wydarzenia\\\/spark-demo-day-business-mixer-lodzkiej-sse\\\/\"]}]},{\"@type\":\"BreadcrumbList\",\"@id\":\"https:\\\/\\\/sse.lodz.pl\\\/wydarzenia\\\/spark-demo-day-business-mixer-lodzkiej-sse\\\/#breadcrumb\",\"itemListElement\":[{\"@type\":\"ListItem\",\"position\":1,\"name\":\"Strona g\u0142\u00f3wna\",\"item\":\"https:\\\/\\\/sse.lodz.pl\\\/\"},{\"@type\":\"ListItem\",\"position\":2,\"name\":\"Wydarzenia\",\"item\":\"https:\\\/\\\/sse.lodz.pl\\\/events\\\/\"},{\"@type\":\"ListItem\",\"position\":3,\"name\":\"Spark Demo Day + Business Mixer \u0141\u00f3dzkiej SSE\"}]},{\"@type\":\"WebSite\",\"@id\":\"https:\\\/\\\/sse.lodz.pl\\\/#website\",\"url\":\"https:\\\/\\\/sse.lodz.pl\\\/\",\"name\":\"\u0141\u00f3dzka Specjalna Strefa Ekonomiczna\",\"description\":\"\",\"potentialAction\":[{\"@type\":\"SearchAction\",\"target\":{\"@type\":\"EntryPoint\",\"urlTemplate\":\"https:\\\/\\\/sse.lodz.pl\\\/?s={search_term_string}\"},\"query-input\":{\"@type\":\"PropertyValueSpecification\",\"valueRequired\":true,\"valueName\":\"search_term_string\"}}],\"inLanguage\":\"en-US\"}]}<\/script>\n<!-- \/ Yoast SEO plugin. -->","yoast_head_json":{"title":"Spark Demo Day + Business Mixer \u0141\u00f3dzkiej SSE - \u0141\u00f3dzka Specjalna Strefa Ekonomiczna","robots":{"index":"index","follow":"follow","max-snippet":"max-snippet:-1","max-image-preview":"max-image-preview:large","max-video-preview":"max-video-preview:-1"},"canonical":"https:\/\/sse.lodz.pl\/wydarzenia\/spark-demo-day-business-mixer-lodzkiej-sse\/","og_locale":"en_US","og_type":"article","og_title":"Spark Demo Day + Business Mixer \u0141\u00f3dzkiej SSE - \u0141\u00f3dzka Specjalna Strefa Ekonomiczna","og_url":"https:\/\/sse.lodz.pl\/wydarzenia\/spark-demo-day-business-mixer-lodzkiej-sse\/","og_site_name":"\u0141\u00f3dzka Specjalna Strefa Ekonomiczna","twitter_card":"summary_large_image","schema":{"@context":"https:\/\/schema.org","@graph":[{"@type":"WebPage","@id":"https:\/\/sse.lodz.pl\/wydarzenia\/spark-demo-day-business-mixer-lodzkiej-sse\/","url":"https:\/\/sse.lodz.pl\/wydarzenia\/spark-demo-day-business-mixer-lodzkiej-sse\/","name":"Spark Demo Day + Business Mixer \u0141\u00f3dzkiej SSE - \u0141\u00f3dzka Specjalna Strefa Ekonomiczna","isPartOf":{"@id":"https:\/\/sse.lodz.pl\/#website"},"datePublished":"2026-01-26T09:50:59+00:00","breadcrumb":{"@id":"https:\/\/sse.lodz.pl\/wydarzenia\/spark-demo-day-business-mixer-lodzkiej-sse\/#breadcrumb"},"inLanguage":"en-US","potentialAction":[{"@type":"ReadAction","target":["https:\/\/sse.lodz.pl\/wydarzenia\/spark-demo-day-business-mixer-lodzkiej-sse\/"]}]},{"@type":"BreadcrumbList","@id":"https:\/\/sse.lodz.pl\/wydarzenia\/spark-demo-day-business-mixer-lodzkiej-sse\/#breadcrumb","itemListElement":[{"@type":"ListItem","position":1,"name":"Strona g\u0142\u00f3wna","item":"https:\/\/sse.lodz.pl\/"},{"@type":"ListItem","position":2,"name":"Wydarzenia","item":"https:\/\/sse.lodz.pl\/events\/"},{"@type":"ListItem","position":3,"name":"Spark Demo Day + Business Mixer \u0141\u00f3dzkiej SSE"}]},{"@type":"WebSite","@id":"https:\/\/sse.lodz.pl\/#website","url":"https:\/\/sse.lodz.pl\/","name":"\u0141\u00f3dzka Specjalna Strefa Ekonomiczna","description":"","potentialAction":[{"@type":"SearchAction","target":{"@type":"EntryPoint","urlTemplate":"https:\/\/sse.lodz.pl\/?s={search_term_string}"},"query-input":{"@type":"PropertyValueSpecification","valueRequired":true,"valueName":"search_term_string"}}],"inLanguage":"en-US"}]}},"_links":{"self":[{"href":"https:\/\/sse.lodz.pl\/en\/wp-json\/wp\/v2\/tribe_events\/7267","targetHints":{"allow":["GET"]}}],"collection":[{"href":"https:\/\/sse.lodz.pl\/en\/wp-json\/wp\/v2\/tribe_events"}],"about":[{"href":"https:\/\/sse.lodz.pl\/en\/wp-json\/wp\/v2\/types\/tribe_events"}],"author":[{"embeddable":true,"href":"https:\/\/sse.lodz.pl\/en\/wp-json\/wp\/v2\/users\/24"}],"version-history":[{"count":2,"href":"https:\/\/sse.lodz.pl\/en\/wp-json\/wp\/v2\/tribe_events\/7267\/revisions"}],"predecessor-version":[{"id":7269,"href":"https:\/\/sse.lodz.pl\/en\/wp-json\/wp\/v2\/tribe_events\/7267\/revisions\/7269"}],"wp:attachment":[{"href":"https:\/\/sse.lodz.pl\/en\/wp-json\/wp\/v2\/media?parent=7267"}],"wp:term":[{"taxonomy":"post_tag","embeddable":true,"href":"https:\/\/sse.lodz.pl\/en\/wp-json\/wp\/v2\/tags?post=7267"},{"taxonomy":"tribe_events_cat","embeddable":true,"href":"https:\/\/sse.lodz.pl\/en\/wp-json\/wp\/v2\/tribe_events_cat?post=7267"}],"curies":[{"name":"wp","href":"https:\/\/api.w.org\/{rel}","templated":true}]}}

Spark Demo Day + Business Mixer Łódzkiej SSE

<p> [&#8230;]</p>
<p><a class="btn btn-secondary understrap-read-more-link" href="https://sse.lodz.pl/en/wydarzenia/spark-demo-day-business-mixer-lodzkiej-sse/">Read More&#8230;<span class="screen-reader-text"> from Spark Demo Day + Business Mixer Łódzkiej SSE</span></a></p>

<!-- This site is optimized with the Yoast SEO plugin v27.4 - https://yoast.com/product/yoast-seo-wordpress/ -->
<title>Spark Demo Day + Business Mixer Łódzkiej SSE - Łódzka Specjalna Strefa Ekonomiczna</title>
<meta name="robots" content="index, follow, max-snippet:-1, max-image-preview:large, max-video-preview:-1" />
<link rel="canonical" href="https://sse.lodz.pl/wydarzenia/spark-demo-day-business-mixer-lodzkiej-sse/" />
<meta property="og:locale" content="en_US" />
<meta property="og:type" content="article" />
<meta property="og:title" content="Spark Demo Day + Business Mixer Łódzkiej SSE - Łódzka Specjalna Strefa Ekonomiczna" />
<meta property="og:url" content="https://sse.lodz.pl/wydarzenia/spark-demo-day-business-mixer-lodzkiej-sse/" />
<meta property="og:site_name" content="Łódzka Specjalna Strefa Ekonomiczna" />
<meta name="twitter:card" content="summary_large_image" />
<script type="application/ld+json" class="yoast-schema-graph">{"@context":"https:\/\/schema.org","@graph":[{"@type":"WebPage","@id":"https:\/\/sse.lodz.pl\/wydarzenia\/spark-demo-day-business-mixer-lodzkiej-sse\/","url":"https:\/\/sse.lodz.pl\/wydarzenia\/spark-demo-day-business-mixer-lodzkiej-sse\/","name":"Spark Demo Day + Business Mixer Łódzkiej SSE - Łódzka Specjalna Strefa Ekonomiczna","isPartOf":{"@id":"https:\/\/sse.lodz.pl\/#website"},"datePublished":"2026-01-26T09:50:59+00:00","breadcrumb":{"@id":"https:\/\/sse.lodz.pl\/wydarzenia\/spark-demo-day-business-mixer-lodzkiej-sse\/#breadcrumb"},"inLanguage":"en-US","potentialAction":[{"@type":"ReadAction","target":["https:\/\/sse.lodz.pl\/wydarzenia\/spark-demo-day-business-mixer-lodzkiej-sse\/"]}]},{"@type":"BreadcrumbList","@id":"https:\/\/sse.lodz.pl\/wydarzenia\/spark-demo-day-business-mixer-lodzkiej-sse\/#breadcrumb","itemListElement":[{"@type":"ListItem","position":1,"name":"Strona główna","item":"https:\/\/sse.lodz.pl\/"},{"@type":"ListItem","position":2,"name":"Wydarzenia","item":"https:\/\/sse.lodz.pl\/events\/"},{"@type":"ListItem","position":3,"name":"Spark Demo Day + Business Mixer Łódzkiej SSE"}]},{"@type":"WebSite","@id":"https:\/\/sse.lodz.pl\/#website","url":"https:\/\/sse.lodz.pl\/","name":"Łódzka Specjalna Strefa Ekonomiczna","description":"","potentialAction":[{"@type":"SearchAction","target":{"@type":"EntryPoint","urlTemplate":"https:\/\/sse.lodz.pl\/?s={search_term_string}"},"query-input":{"@type":"PropertyValueSpecification","valueRequired":true,"valueName":"search_term_string"}}],"inLanguage":"en-US"}]}</script>
<!-- / Yoast SEO plugin. -->

Spark Demo Day + Business Mixer Łódzkiej SSE - Łódzka Specjalna Strefa Ekonomiczna

Łódzka Specjalna Strefa Ekonomiczna

Strona główna
